{"id":13611,"date":"2021-07-02T11:15:12","date_gmt":"2021-07-02T09:15:12","guid":{"rendered":"https:\/\/us.edu.pl\/wydzial\/wh\/?post_type=event&#038;p=13611"},"modified":"2021-10-20T16:00:02","modified_gmt":"2021-10-20T14:00:02","slug":"6-edycja-konferencji-naukowej-pt-przestrzenie-przekladu-online","status":"publish","type":"event","link":"https:\/\/us.edu.pl\/wydzial\/wh\/event\/6-edycja-konferencji-naukowej-pt-przestrzenie-przekladu-online\/","title":{"rendered":"6. edycja konferencji naukowej pt. \u201ePrzestrzenie przek\u0142adu\u201d (online)"},"content":{"rendered":"<p>[vc_row][vc_column width=&#8221;2\/3&#8243;]\r\n                <div class=\"text-modules\">\r\n                    <div class=\"container\">\r\n                        \r\n                        <div class=\"text-modules__content\"><p><img class=\"alignnone wp-image-13612 size-full\" src=\"https:\/\/us.edu.pl\/wydzial\/wh\/wp-content\/uploads\/sites\/15\/Nieprzypisane\/konferencja-naukowa-przestrzenie-przekladu.jpg\" alt=\"konferencja naukowa &quot;Przestrzenie przek\u0142adu&quot; 6 21-22.10.2021\" width=\"1500\" height=\"270\" srcset=\"https:\/\/us.edu.pl\/wydzial\/wh\/wp-content\/uploads\/sites\/15\/Nieprzypisane\/konferencja-naukowa-przestrzenie-przekladu.jpg 1500w, https:\/\/us.edu.pl\/wydzial\/wh\/wp-content\/uploads\/sites\/15\/Nieprzypisane\/konferencja-naukowa-przestrzenie-przekladu-300x54.jpg 300w, https:\/\/us.edu.pl\/wydzial\/wh\/wp-content\/uploads\/sites\/15\/Nieprzypisane\/konferencja-naukowa-przestrzenie-przekladu-768x138.jpg 768w, https:\/\/us.edu.pl\/wydzial\/wh\/wp-content\/uploads\/sites\/15\/Nieprzypisane\/konferencja-naukowa-przestrzenie-przekladu-1024x184.jpg 1024w, https:\/\/us.edu.pl\/wydzial\/wh\/wp-content\/uploads\/sites\/15\/Nieprzypisane\/konferencja-naukowa-przestrzenie-przekladu-575x104.jpg 575w\" sizes=\"(max-width: 1500px) 100vw, 1500px\" \/><\/p>\n<\/div>\r\n                    <\/div>\r\n                <\/div>\r\n                <div class=\"text-modules\">\r\n                    <div class=\"container\">\r\n                        \r\n                        <div class=\"text-modules__content\"><p><a href=\"https:\/\/us.edu.pl\/instytut\/ij\/\">Instytut J\u0119zykoznawstwa<\/a> Uniwersytetu \u015al\u0105skiego w Katowicach oraz Komisja Przek\u0142adoznawcza przy Mi\u0119dzynarodowym Komitecie Slawist\u00f3w maj\u0105 zaszczyt zaprosi\u0107 filolog\u00f3w r\u00f3\u017cnych specjalno\u015bci (rusycyst\u00f3w, slawist\u00f3w, anglist\u00f3w, germanist\u00f3w, romanist\u00f3w i in.), t\u0142umaczy, a tak\u017ce wszystkie inne zainteresowane osoby do udzia\u0142u w cyklicznej konferencji PRZESTRZENIE PRZEK\u0141ADU 6.<\/p>\n<p>Konferencja odb\u0119dzie si\u0119 w dniach <strong>21\u201322 pa\u017adziernika 2021 roku<\/strong> w formacie <strong>online na platformie MS TEAMS<\/strong>.<\/p>\n<p>Zach\u0119camy do zapoznania si\u0119 z <a href=\"https:\/\/us.edu.pl\/wydzial\/wh\/wp-content\/uploads\/sites\/15\/Nieprzypisane\/program-konferencji-Przestrzenie-przekladu-bez-link\u00f3w.pdf\" class=\"mtli_attachment mtli_pdf\" data-mtli=\"mtli_filesize159,76kB\" class=\"mtli_attachment mtli_pdf\" data-mtli=\"mtli_filesize159,76kB\">programem konferencji<\/a> oraz zapraszamy do obrad!<\/p>\n<p>Aby uzyska\u0107 linki do spotka\u0144 prosz\u0119 o kontakt z komitetem organizacyjnym: <a href=\"mailto:przestrzenieprzekladu@us.edu.pl\">przestrzenieprzekladu@us.edu.pl<\/a><\/p>\n<style type=\"text\/css\">a[data-mtli~=\"mtli_filesize159,76kB\"]:after {content:\" (159,76 kB)\"}<\/style><\/div>\r\n                    <\/div>\r\n                <\/div>[\/vc_column][vc_column width=&#8221;1\/3&#8243;][\/vc_column][\/vc_row]<\/p>\n<style type=\"text\/css\">a[data-mtli~=\"mtli_filesize159,76kB\"]:after {content:\" (159,76 kB)\"}<\/style>","protected":false},"excerpt":{"rendered":"<p>[vc_row][vc_column width=&#8221;2\/3&#8243;][\/vc_column][vc_column width=&#8221;1\/3&#8243;][\/vc_column][\/vc_row] [&#8230;]<\/p>\n<p><a class=\"btn btn-secondary understrap-read-more-link\" href=\"https:\/\/us.edu.pl\/wydzial\/wh\/event\/6-edycja-konferencji-naukowej-pt-przestrzenie-przekladu-online\/\">Read More&#8230;<\/a><\/p>\n","protected":false},"author":1,"featured_media":0,"template":"","meta":{"_expiration-date-status":"saved","_expiration-date":0,"_expiration-date-type":"","_expiration-date-categories":[],"_expiration-date-options":[]},"acf":[],"_links":{"self":[{"href":"https:\/\/us.edu.pl\/wydzial\/wh\/wp-json\/wp\/v2\/event\/13611"}],"collection":[{"href":"https:\/\/us.edu.pl\/wydzial\/wh\/wp-json\/wp\/v2\/event"}],"about":[{"href":"https:\/\/us.edu.pl\/wydzial\/wh\/wp-json\/wp\/v2\/types\/event"}],"author":[{"embeddable":true,"href":"https:\/\/us.edu.pl\/wydzial\/wh\/wp-json\/wp\/v2\/users\/1"}],"version-history":[{"count":4,"href":"https:\/\/us.edu.pl\/wydzial\/wh\/wp-json\/wp\/v2\/event\/13611\/revisions"}],"predecessor-version":[{"id":16023,"href":"https:\/\/us.edu.pl\/wydzial\/wh\/wp-json\/wp\/v2\/event\/13611\/revisions\/16023"}],"wp:attachment":[{"href":"https:\/\/us.edu.pl\/wydzial\/wh\/wp-json\/wp\/v2\/media?parent=13611"}],"curies":[{"name":"wp","href":"https:\/\/api.w.org\/{rel}","templated":true}]}}

6. edycja konferencji naukowej pt. „Przestrzenie przekładu” (online)

<p>[vc_row][vc_column width=&#8221;2/3&#8243;]
                <div class="text-modules">
                    <div class="container">
                        
                        <div class="text-modules__content"><p><img class="alignnone wp-image-13612 size-full" src="https://us.edu.pl/wydzial/wh/wp-content/uploads/sites/15/Nieprzypisane/konferencja-naukowa-przestrzenie-przekladu.jpg" alt="konferencja naukowa &quot;Przestrzenie przekładu&quot; 6 21-22.10.2021" width="1500" height="270" srcset="https://us.edu.pl/wydzial/wh/wp-content/uploads/sites/15/Nieprzypisane/konferencja-naukowa-przestrzenie-przekladu.jpg 1500w, https://us.edu.pl/wydzial/wh/wp-content/uploads/sites/15/Nieprzypisane/konferencja-naukowa-przestrzenie-przekladu-300x54.jpg 300w, https://us.edu.pl/wydzial/wh/wp-content/uploads/sites/15/Nieprzypisane/konferencja-naukowa-przestrzenie-przekladu-768x138.jpg 768w, https://us.edu.pl/wydzial/wh/wp-content/uploads/sites/15/Nieprzypisane/konferencja-naukowa-przestrzenie-przekladu-1024x184.jpg 1024w, https://us.edu.pl/wydzial/wh/wp-content/uploads/sites/15/Nieprzypisane/konferencja-naukowa-przestrzenie-przekladu-575x104.jpg 575w" sizes="(max-width: 1500px) 100vw, 1500px" /></p>
</div>
                    </div>
                </div>
                <div class="text-modules">
                    <div class="container">
                        
                        <div class="text-modules__content"><p><a href="https://us.edu.pl/instytut/ij/">Instytut Językoznawstwa</a> Uniwersytetu Śląskiego w Katowicach oraz Komisja Przekładoznawcza przy Międzynarodowym Komitecie Slawistów mają zaszczyt zaprosić filologów różnych specjalności (rusycystów, slawistów, anglistów, germanistów, romanistów i in.), tłumaczy, a także wszystkie inne zainteresowane osoby do udziału w cyklicznej konferencji PRZESTRZENIE PRZEKŁADU 6.</p>
<p>Konferencja odbędzie się w dniach <strong>21–22 października 2021 roku</strong> w formacie <strong>online na platformie MS TEAMS</strong>.</p>
<p>Zachęcamy do zapoznania się z <a href="https://us.edu.pl/wydzial/wh/wp-content/uploads/sites/15/Nieprzypisane/program-konferencji-Przestrzenie-przekladu-bez-linków.pdf" class="mtli_attachment mtli_pdf" data-mtli="mtli_filesize159,76kB" class="mtli_attachment mtli_pdf" data-mtli="mtli_filesize159,76kB">programem konferencji</a> oraz zapraszamy do obrad!</p>
<p>Aby uzyskać linki do spotkań proszę o kontakt z komitetem organizacyjnym: <a href="mailto:przestrzenieprzekladu@us.edu.pl">przestrzenieprzekladu@us.edu.pl</a></p>
<style type="text/css">a[data-mtli~="mtli_filesize159,76kB"]:after {content:" (159,76 kB)"}</style></div>
                    </div>
                </div>[/vc_column][vc_column width=&#8221;1/3&#8243;][/vc_column][/vc_row]</p>
<style type="text/css">a[data-mtli~="mtli_filesize159,76kB"]:after {content:" (159,76 kB)"}</style>
