{"id":15119,"date":"2021-10-01T11:00:10","date_gmt":"2021-10-01T09:00:10","guid":{"rendered":"https:\/\/us.edu.pl\/wydzial\/wh\/?post_type=event&#038;p=15119"},"modified":"2021-10-25T14:21:17","modified_gmt":"2021-10-25T12:21:17","slug":"debata-coz-po-humanistach-w-czasie-marnym","status":"publish","type":"event","link":"https:\/\/us.edu.pl\/wydzial\/wh\/event\/debata-coz-po-humanistach-w-czasie-marnym\/","title":{"rendered":"Debata: \u201eC\u00f3\u017c po humanistach w czasie marnym?\u201d"},"content":{"rendered":"<p>[vc_row][vc_column width=&#8221;2\/3&#8243;]\r\n                <div class=\"text-modules\">\r\n                    <div class=\"container\">\r\n                        \r\n                        <div class=\"text-modules__content\"><p><strong>22 pa\u017adziernika 2021 roku o godz. 17:00<\/strong> Wydzia\u0142 Humanistyczny Uniwersytetu \u015al\u0105skiego zaprasza na debat\u0119 na temat obecnej sytuacji humanistyki i jej roli oraz perspektyw na przysz\u0142o\u015b\u0107. Parafrazuj\u0105c s\u0142ynne pytanie retoryczne Friedricha H\u00f6lderlina, chcemy wsp\u00f3lnie zmierzy\u0107 si\u0119 z pytaniem: \u201eC\u00f3\u017c po humanistach w czasie marnym?\u201d Czy pandemia jest rzeczywi\u015bcie \u201eczasem marnym\u201d dla humanistyki? Jak wyobra\u017camy sobie rzeczywisto\u015b\u0107 akademick\u0105 (i nie tylko akademick\u0105), kt\u00f3ra nastanie po obecnym kryzysie?<\/p>\n<p>Zaproszenie do dyskusji przyj\u0119li specjali\u015bci z poszczeg\u00f3lnych dyscyplin, w kt\u00f3rych prowadzone s\u0105 badania humanistyczne w Uniwersytecie \u015al\u0105skim. To naukowcy wyj\u0105tkowi tak\u017ce dlatego, \u017ce zostali wybrani spo\u015br\u00f3d wiod\u0105cych badaczy w kraju, a tego wyboru dokona\u0142y same Instytuty WH pragn\u0105ce uhonorowa\u0107 ich dorobek, dotychczasowe zwi\u0105zki z Uniwersytetem \u015al\u0105skim, jak r\u00f3wnie\u017c wp\u0142yw na rozw\u00f3j bada\u0144 w Polsce i za granic\u0105.<br \/>\nW rozmowie z nimi b\u0119d\u0105 mieli okazj\u0119 wzi\u0105\u0107 udzia\u0142 przedstawiciele \u015brodowiska akademickiego z Uniwersytetu \u015al\u0105skiego i zaproszeni go\u015bcie.<\/p>\n<p>W gronie zaproszonych dyskutant\u00f3w s\u0105:<\/p>\n<p><strong>Dr hab. Katarzyna Bazarnik, prof. UJ<\/strong> (Uniwersytet Jagiello\u0144ski)<\/p>\n<p><strong>Prof. dr hab. Adam Chmielewski<\/strong> (Uniwersytet Wroc\u0142awski)<\/p>\n<p><strong>Prof. dr hab. Ewa Doma\u0144ska<\/strong> (Uniwersytet im. Adama Mickiewicza w Poznaniu)<\/p>\n<p><strong>Dr hab. Krzysztof Moraczewski, prof. UAM<\/strong> (Uniwersytet im. Adama Mickiewicza w Poznaniu)<\/p>\n<p><strong>Prof. dr hab. Ryszard Nycz<\/strong> (Uniwersytet Jagiello\u0144ski)<\/p>\n<p><strong>Dr hab. Tomasz Wicherkiewicz, prof. UAM<\/strong> (Uniwersytet im. Adama Mickiewicza w Poznaniu)<\/p>\n<p>&nbsp;<\/p>\n<p>Debata odb\u0119dzie si\u0119 w <strong>Auli im. A. Pawlikowskiego (B1.1)<\/strong> w budynku przy <strong>ul. Uniwersyteckiej 4 w Katowicach<\/strong>. Dyskusj\u0119 poprowadz\u0105: <a href=\"https:\/\/us.edu.pl\/instytut\/ifil\/osoby\/magdalena-wolek\/\">dr Magdalena Wo\u0142ek<\/a> z <a href=\"https:\/\/us.edu.pl\/instytut\/ifil\/\">Instytutu Filozofii WH<\/a> oraz <a href=\"https:\/\/us.edu.pl\/instytut\/il\/osoby\/leszek-drong\/\">prof. dr hab. Leszek Drong<\/a>, prodziekan ds. bada\u0144 naukowych Wydzia\u0142u Humanistycznego U\u015a.<\/p>\n<p>Spotkanie ma charakter otwarty, jednak ze wzgl\u0119du na ograniczon\u0105 liczb\u0119 miejsc i obostrzenia sanitarne wymagane jest wcze\u015bniejsze, imienne zg\u0142oszenie ch\u0119ci udzia\u0142u w debacie.<\/p>\n<p>Wszystkich zainteresowanych prosimy o nadsy\u0142anie zg\u0142osze\u0144 do Biura Organizacyjnego Wydzia\u0142u Humanistycznego U\u015a, do pani <strong>dr Kamili Czai<\/strong> \u2013 na adres: <a href=\"mailto:kamila.czaja@us.edu.pl\">kamila.czaja@us.edu.pl<\/a><\/p>\n<\/div>\r\n                    <\/div>\r\n                <\/div>\r\n                <div class=\"text-modules\">\r\n                    <div class=\"container\">\r\n                        \r\n                        <div class=\"text-modules__content\"><p><img class=\"alignnone wp-image-15659 size-full\" src=\"https:\/\/us.edu.pl\/wydzial\/wh\/wp-content\/uploads\/sites\/15\/Nieprzypisane\/plakat-2.png\" alt=\"plakat promuj\u0105cy debat\u0119 dla pracownik\u00f3w i student\u00f3w U\u015a \u201eC\u00f3\u017c po humanistach w czasie marnym?\u201d\" width=\"1060\" height=\"1500\" srcset=\"https:\/\/us.edu.pl\/wydzial\/wh\/wp-content\/uploads\/sites\/15\/Nieprzypisane\/plakat-2.png 1060w, https:\/\/us.edu.pl\/wydzial\/wh\/wp-content\/uploads\/sites\/15\/Nieprzypisane\/plakat-2-212x300.png 212w, https:\/\/us.edu.pl\/wydzial\/wh\/wp-content\/uploads\/sites\/15\/Nieprzypisane\/plakat-2-768x1087.png 768w, https:\/\/us.edu.pl\/wydzial\/wh\/wp-content\/uploads\/sites\/15\/Nieprzypisane\/plakat-2-724x1024.png 724w, https:\/\/us.edu.pl\/wydzial\/wh\/wp-content\/uploads\/sites\/15\/Nieprzypisane\/plakat-2-406x575.png 406w\" sizes=\"(max-width: 1060px) 100vw, 1060px\" \/><\/p>\n<\/div>\r\n                    <\/div>\r\n                <\/div>[\/vc_column][vc_column width=&#8221;1\/3&#8243;][vc_tta_tabs active_section=&#8221;1&#8243;][vc_tta_section tab_id=&#8221;1635163963758-d8b6527e-368f&#8221;]\r\n                <div class=\"text-modules\">\r\n                    <div class=\"container\">\r\n                        \r\n                        <div class=\"text-modules__content\"><p>Transmisj\u0119 z debaty mo\u017cna ogl\u0105da\u0107 na uczelnianym kanale <a href=\"https:\/\/youtu.be\/r7YEInujx_Q\">YouTube<\/a>.<\/p>\n<p><strong>W uzupe\u0142nieniu dyskusji &#8211; <a href=\"https:\/\/us.edu.pl\/wydzial\/wh\/wp-content\/uploads\/sites\/15\/Nieprzypisane\/Moraczewski_glos-w-dyskusji.pdf\" class=\"mtli_attachment mtli_pdf\" data-mtli=\"mtli_filesize112,52kB\" class=\"mtli_attachment mtli_pdf\" data-mtli=\"mtli_filesize112,52kB\">g\u0142os korespondencyjny w debacie o humanistyce<\/a> nieobecnego w Katowicach 22.10.2021 r.<\/strong><br \/>\n<strong>Prof. Krzysztofa Moraczewskiego<\/strong>.<\/p>\n<style type=\"text\/css\">a[data-mtli~=\"mtli_filesize112,52kB\"]:after {content:\" (112,52 kB)\"}<\/style><\/div>\r\n                    <\/div>\r\n                <\/div>[\/vc_tta_section][\/vc_tta_tabs]\r\n                <div class=\"text-modules\">\r\n                    <div class=\"container\">\r\n                        \r\n                        <div class=\"text-modules__content\"><p><img class=\"alignnone wp-image-15264 size-full\" src=\"https:\/\/us.edu.pl\/wydzial\/wh\/wp-content\/uploads\/sites\/15\/Zdj\u0119cia-budynk\u00f3w\/U4\/wej\u015bcie-do-budynku-WH.jpg\" alt=\"Wej\u015bcie do budynku Wydzia\u0142u Humanistycznego przy ul. Uniwersyteckiej 4 w Katowicach\" width=\"800\" height=\"533\" srcset=\"https:\/\/us.edu.pl\/wydzial\/wh\/wp-content\/uploads\/sites\/15\/Zdj\u0119cia-budynk\u00f3w\/U4\/wej\u015bcie-do-budynku-WH.jpg 800w, https:\/\/us.edu.pl\/wydzial\/wh\/wp-content\/uploads\/sites\/15\/Zdj\u0119cia-budynk\u00f3w\/U4\/wej\u015bcie-do-budynku-WH-300x200.jpg 300w, https:\/\/us.edu.pl\/wydzial\/wh\/wp-content\/uploads\/sites\/15\/Zdj\u0119cia-budynk\u00f3w\/U4\/wej\u015bcie-do-budynku-WH-768x512.jpg 768w, https:\/\/us.edu.pl\/wydzial\/wh\/wp-content\/uploads\/sites\/15\/Zdj\u0119cia-budynk\u00f3w\/U4\/wej\u015bcie-do-budynku-WH-575x383.jpg 575w\" sizes=\"(max-width: 800px) 100vw, 800px\" \/><\/p>\n<p><span style=\"font-size: 10pt;\">Nowa siedziba Wydzia\u0142u Humanistycznego U\u015a przy ulicy Uniwersyteckiej 4 w Katowicach<br \/>\nfot. Centrum Komunikacji Medialnej\/Olimpia Orz\u0105da\u0142a<\/span><\/p>\n<\/div>\r\n                    <\/div>\r\n                <\/div>\r\n                <div class=\"text-modules\">\r\n                    <div class=\"container\">\r\n                        \r\n                        <div class=\"text-modules__content\"><p><img class=\"wp-image-15269 size-large\" src=\"https:\/\/us.edu.pl\/wydzial\/wh\/wp-content\/uploads\/sites\/15\/Zdj\u0119cia-budynk\u00f3w\/U4\/wej\u015bcie-do-auli-768x1024.jpg\" alt=\"wej\u015bcie do auli\" width=\"640\" height=\"853\" srcset=\"https:\/\/us.edu.pl\/wydzial\/wh\/wp-content\/uploads\/sites\/15\/Zdj\u0119cia-budynk\u00f3w\/U4\/wej\u015bcie-do-auli-768x1024.jpg 768w, https:\/\/us.edu.pl\/wydzial\/wh\/wp-content\/uploads\/sites\/15\/Zdj\u0119cia-budynk\u00f3w\/U4\/wej\u015bcie-do-auli-225x300.jpg 225w, https:\/\/us.edu.pl\/wydzial\/wh\/wp-content\/uploads\/sites\/15\/Zdj\u0119cia-budynk\u00f3w\/U4\/wej\u015bcie-do-auli-431x575.jpg 431w, https:\/\/us.edu.pl\/wydzial\/wh\/wp-content\/uploads\/sites\/15\/Zdj\u0119cia-budynk\u00f3w\/U4\/wej\u015bcie-do-auli.jpg 1536w\" sizes=\"(max-width: 640px) 100vw, 640px\" \/><\/p>\n<p><span style=\"font-size: 10pt;\">Wej\u015bcie do Auli im. A. Pawlikowskiego | fot. Monika Nowak<\/span><\/p>\n<p>\n<\/div>\r\n                    <\/div>\r\n                <\/div>\r\n                <div class=\"text-modules\">\r\n                    <div class=\"container\">\r\n                        \r\n                        <div class=\"text-modules__content\"><p><img class=\"alignnone wp-image-15268 size-full\" src=\"https:\/\/us.edu.pl\/wydzial\/wh\/wp-content\/uploads\/sites\/15\/Zdj\u0119cia-budynk\u00f3w\/U4\/aulaWH.jpg\" alt=\"aula Wydzia\u0142u Humanistycznego\" width=\"800\" height=\"533\" srcset=\"https:\/\/us.edu.pl\/wydzial\/wh\/wp-content\/uploads\/sites\/15\/Zdj\u0119cia-budynk\u00f3w\/U4\/aulaWH.jpg 800w, https:\/\/us.edu.pl\/wydzial\/wh\/wp-content\/uploads\/sites\/15\/Zdj\u0119cia-budynk\u00f3w\/U4\/aulaWH-300x200.jpg 300w, https:\/\/us.edu.pl\/wydzial\/wh\/wp-content\/uploads\/sites\/15\/Zdj\u0119cia-budynk\u00f3w\/U4\/aulaWH-768x512.jpg 768w, https:\/\/us.edu.pl\/wydzial\/wh\/wp-content\/uploads\/sites\/15\/Zdj\u0119cia-budynk\u00f3w\/U4\/aulaWH-575x383.jpg 575w\" sizes=\"(max-width: 800px) 100vw, 800px\" \/><\/p>\n<div class=\"multimedia-gallery-modal__description description\"><span style=\"font-size: 10pt;\">Aula im. A. Pawlikowskiego<br \/>\nfot. Centrum Komunikacji Medialnej\/Olimpia Orz\u0105da\u0142a<\/span><\/div>\n<p>\n<\/div>\r\n                    <\/div>\r\n                <\/div>[\/vc_column][\/vc_row][vc_row][vc_column width=&#8221;1\/2&#8243;][\/vc_column][vc_column width=&#8221;1\/2&#8243;][\/vc_column][\/vc_row]<\/p>\n<style type=\"text\/css\">a[data-mtli~=\"mtli_filesize112,52kB\"]:after {content:\" (112,52 kB)\"}<\/style>","protected":false},"excerpt":{"rendered":"<p>[vc_row][vc_column width=&#8221;2\/3&#8243;][\/vc_column][vc_column width=&#8221;1\/3&#8243;][vc_tta_tabs active_section=&#8221;1&#8243;][vc_tta_section tab_id=&#8221;1635163963758-d8b6527e-368f&#8221;][\/vc_tta_section][\/vc_tta_tabs][\/vc_column][\/vc_row][vc_row][vc_column width=&#8221;1\/2&#8243;][\/vc_column][vc_column width=&#8221;1\/2&#8243;][\/vc_column][\/vc_row] [&#8230;]<\/p>\n<p><a class=\"btn btn-secondary understrap-read-more-link\" href=\"https:\/\/us.edu.pl\/wydzial\/wh\/event\/debata-coz-po-humanistach-w-czasie-marnym\/\">Read More&#8230;<\/a><\/p>\n","protected":false},"author":1,"featured_media":0,"template":"","meta":{"_expiration-date-status":"saved","_expiration-date":0,"_expiration-date-type":"","_expiration-date-categories":[],"_expiration-date-options":[]},"acf":[],"_links":{"self":[{"href":"https:\/\/us.edu.pl\/wydzial\/wh\/wp-json\/wp\/v2\/event\/15119"}],"collection":[{"href":"https:\/\/us.edu.pl\/wydzial\/wh\/wp-json\/wp\/v2\/event"}],"about":[{"href":"https:\/\/us.edu.pl\/wydzial\/wh\/wp-json\/wp\/v2\/types\/event"}],"author":[{"embeddable":true,"href":"https:\/\/us.edu.pl\/wydzial\/wh\/wp-json\/wp\/v2\/users\/1"}],"version-history":[{"count":12,"href":"https:\/\/us.edu.pl\/wydzial\/wh\/wp-json\/wp\/v2\/event\/15119\/revisions"}],"predecessor-version":[{"id":16198,"href":"https:\/\/us.edu.pl\/wydzial\/wh\/wp-json\/wp\/v2\/event\/15119\/revisions\/16198"}],"wp:attachment":[{"href":"https:\/\/us.edu.pl\/wydzial\/wh\/wp-json\/wp\/v2\/media?parent=15119"}],"curies":[{"name":"wp","href":"https:\/\/api.w.org\/{rel}","templated":true}]}}

Debata: „Cóż po humanistach w czasie marnym?”

<p>[vc_row][vc_column width=&#8221;2/3&#8243;]
                <div class="text-modules">
                    <div class="container">
                        
                        <div class="text-modules__content"><p><strong>22 października 2021 roku o godz. 17:00</strong> Wydział Humanistyczny Uniwersytetu Śląskiego zaprasza na debatę na temat obecnej sytuacji humanistyki i jej roli oraz perspektyw na przyszłość. Parafrazując słynne pytanie retoryczne Friedricha Hölderlina, chcemy wspólnie zmierzyć się z pytaniem: „Cóż po humanistach w czasie marnym?” Czy pandemia jest rzeczywiście „czasem marnym” dla humanistyki? Jak wyobrażamy sobie rzeczywistość akademicką (i nie tylko akademicką), która nastanie po obecnym kryzysie?</p>
<p>Zaproszenie do dyskusji przyjęli specjaliści z poszczególnych dyscyplin, w których prowadzone są badania humanistyczne w Uniwersytecie Śląskim. To naukowcy wyjątkowi także dlatego, że zostali wybrani spośród wiodących badaczy w kraju, a tego wyboru dokonały same Instytuty WH pragnące uhonorować ich dorobek, dotychczasowe związki z Uniwersytetem Śląskim, jak również wpływ na rozwój badań w Polsce i za granicą.<br />
W rozmowie z nimi będą mieli okazję wziąć udział przedstawiciele środowiska akademickiego z Uniwersytetu Śląskiego i zaproszeni goście.</p>
<p>W gronie zaproszonych dyskutantów są:</p>
<p><strong>Dr hab. Katarzyna Bazarnik, prof. UJ</strong> (Uniwersytet Jagielloński)</p>
<p><strong>Prof. dr hab. Adam Chmielewski</strong> (Uniwersytet Wrocławski)</p>
<p><strong>Prof. dr hab. Ewa Domańska</strong> (Uniwersytet im. Adama Mickiewicza w Poznaniu)</p>
<p><strong>Dr hab. Krzysztof Moraczewski, prof. UAM</strong> (Uniwersytet im. Adama Mickiewicza w Poznaniu)</p>
<p><strong>Prof. dr hab. Ryszard Nycz</strong> (Uniwersytet Jagielloński)</p>
<p><strong>Dr hab. Tomasz Wicherkiewicz, prof. UAM</strong> (Uniwersytet im. Adama Mickiewicza w Poznaniu)</p>
<p>&nbsp;</p>
<p>Debata odbędzie się w <strong>Auli im. A. Pawlikowskiego (B1.1)</strong> w budynku przy <strong>ul. Uniwersyteckiej 4 w Katowicach</strong>. Dyskusję poprowadzą: <a href="https://us.edu.pl/instytut/ifil/osoby/magdalena-wolek/">dr Magdalena Wołek</a> z <a href="https://us.edu.pl/instytut/ifil/">Instytutu Filozofii WH</a> oraz <a href="https://us.edu.pl/instytut/il/osoby/leszek-drong/">prof. dr hab. Leszek Drong</a>, prodziekan ds. badań naukowych Wydziału Humanistycznego UŚ.</p>
<p>Spotkanie ma charakter otwarty, jednak ze względu na ograniczoną liczbę miejsc i obostrzenia sanitarne wymagane jest wcześniejsze, imienne zgłoszenie chęci udziału w debacie.</p>
<p>Wszystkich zainteresowanych prosimy o nadsyłanie zgłoszeń do Biura Organizacyjnego Wydziału Humanistycznego UŚ, do pani <strong>dr Kamili Czai</strong> – na adres: <a href="mailto:kamila.czaja@us.edu.pl">kamila.czaja@us.edu.pl</a></p>
</div>
                    </div>
                </div>
                <div class="text-modules">
                    <div class="container">
                        
                        <div class="text-modules__content"><p><img class="alignnone wp-image-15659 size-full" src="https://us.edu.pl/wydzial/wh/wp-content/uploads/sites/15/Nieprzypisane/plakat-2.png" alt="plakat promujący debatę dla pracowników i studentów UŚ „Cóż po humanistach w czasie marnym?”" width="1060" height="1500" srcset="https://us.edu.pl/wydzial/wh/wp-content/uploads/sites/15/Nieprzypisane/plakat-2.png 1060w, https://us.edu.pl/wydzial/wh/wp-content/uploads/sites/15/Nieprzypisane/plakat-2-212x300.png 212w, https://us.edu.pl/wydzial/wh/wp-content/uploads/sites/15/Nieprzypisane/plakat-2-768x1087.png 768w, https://us.edu.pl/wydzial/wh/wp-content/uploads/sites/15/Nieprzypisane/plakat-2-724x1024.png 724w, https://us.edu.pl/wydzial/wh/wp-content/uploads/sites/15/Nieprzypisane/plakat-2-406x575.png 406w" sizes="(max-width: 1060px) 100vw, 1060px" /></p>
</div>
                    </div>
                </div>[/vc_column][vc_column width=&#8221;1/3&#8243;][vc_tta_tabs active_section=&#8221;1&#8243;][vc_tta_section tab_id=&#8221;1635163963758-d8b6527e-368f&#8221;]
                <div class="text-modules">
                    <div class="container">
                        
                        <div class="text-modules__content"><p>Transmisję z debaty można oglądać na uczelnianym kanale <a href="https://youtu.be/r7YEInujx_Q">YouTube</a>.</p>
<p><strong>W uzupełnieniu dyskusji &#8211; <a href="https://us.edu.pl/wydzial/wh/wp-content/uploads/sites/15/Nieprzypisane/Moraczewski_glos-w-dyskusji.pdf" class="mtli_attachment mtli_pdf" data-mtli="mtli_filesize112,52kB" class="mtli_attachment mtli_pdf" data-mtli="mtli_filesize112,52kB">głos korespondencyjny w debacie o humanistyce</a> nieobecnego w Katowicach 22.10.2021 r.</strong><br />
<strong>Prof. Krzysztofa Moraczewskiego</strong>.</p>
<style type="text/css">a[data-mtli~="mtli_filesize112,52kB"]:after {content:" (112,52 kB)"}</style></div>
                    </div>
                </div>[/vc_tta_section][/vc_tta_tabs]
                <div class="text-modules">
                    <div class="container">
                        
                        <div class="text-modules__content"><p><img class="alignnone wp-image-15264 size-full" src="https://us.edu.pl/wydzial/wh/wp-content/uploads/sites/15/Zdjęcia-budynków/U4/wejście-do-budynku-WH.jpg" alt="Wejście do budynku Wydziału Humanistycznego przy ul. Uniwersyteckiej 4 w Katowicach" width="800" height="533" srcset="https://us.edu.pl/wydzial/wh/wp-content/uploads/sites/15/Zdjęcia-budynków/U4/wejście-do-budynku-WH.jpg 800w, https://us.edu.pl/wydzial/wh/wp-content/uploads/sites/15/Zdjęcia-budynków/U4/wejście-do-budynku-WH-300x200.jpg 300w, https://us.edu.pl/wydzial/wh/wp-content/uploads/sites/15/Zdjęcia-budynków/U4/wejście-do-budynku-WH-768x512.jpg 768w, https://us.edu.pl/wydzial/wh/wp-content/uploads/sites/15/Zdjęcia-budynków/U4/wejście-do-budynku-WH-575x383.jpg 575w" sizes="(max-width: 800px) 100vw, 800px" /></p>
<p><span style="font-size: 10pt;">Nowa siedziba Wydziału Humanistycznego UŚ przy ulicy Uniwersyteckiej 4 w Katowicach<br />
fot. Centrum Komunikacji Medialnej/Olimpia Orządała</span></p>
</div>
                    </div>
                </div>
                <div class="text-modules">
                    <div class="container">
                        
                        <div class="text-modules__content"><p><img class="wp-image-15269 size-large" src="https://us.edu.pl/wydzial/wh/wp-content/uploads/sites/15/Zdjęcia-budynków/U4/wejście-do-auli-768x1024.jpg" alt="wejście do auli" width="640" height="853" srcset="https://us.edu.pl/wydzial/wh/wp-content/uploads/sites/15/Zdjęcia-budynków/U4/wejście-do-auli-768x1024.jpg 768w, https://us.edu.pl/wydzial/wh/wp-content/uploads/sites/15/Zdjęcia-budynków/U4/wejście-do-auli-225x300.jpg 225w, https://us.edu.pl/wydzial/wh/wp-content/uploads/sites/15/Zdjęcia-budynków/U4/wejście-do-auli-431x575.jpg 431w, https://us.edu.pl/wydzial/wh/wp-content/uploads/sites/15/Zdjęcia-budynków/U4/wejście-do-auli.jpg 1536w" sizes="(max-width: 640px) 100vw, 640px" /></p>
<p><span style="font-size: 10pt;">Wejście do Auli im. A. Pawlikowskiego | fot. Monika Nowak</span></p>
<p>
</div>
                    </div>
                </div>
                <div class="text-modules">
                    <div class="container">
                        
                        <div class="text-modules__content"><p><img class="alignnone wp-image-15268 size-full" src="https://us.edu.pl/wydzial/wh/wp-content/uploads/sites/15/Zdjęcia-budynków/U4/aulaWH.jpg" alt="aula Wydziału Humanistycznego" width="800" height="533" srcset="https://us.edu.pl/wydzial/wh/wp-content/uploads/sites/15/Zdjęcia-budynków/U4/aulaWH.jpg 800w, https://us.edu.pl/wydzial/wh/wp-content/uploads/sites/15/Zdjęcia-budynków/U4/aulaWH-300x200.jpg 300w, https://us.edu.pl/wydzial/wh/wp-content/uploads/sites/15/Zdjęcia-budynków/U4/aulaWH-768x512.jpg 768w, https://us.edu.pl/wydzial/wh/wp-content/uploads/sites/15/Zdjęcia-budynków/U4/aulaWH-575x383.jpg 575w" sizes="(max-width: 800px) 100vw, 800px" /></p>
<div class="multimedia-gallery-modal__description description"><span style="font-size: 10pt;">Aula im. A. Pawlikowskiego<br />
fot. Centrum Komunikacji Medialnej/Olimpia Orządała</span></div>
<p>
</div>
                    </div>
                </div>[/vc_column][/vc_row][vc_row][vc_column width=&#8221;1/2&#8243;][/vc_column][vc_column width=&#8221;1/2&#8243;][/vc_column][/vc_row]</p>
<style type="text/css">a[data-mtli~="mtli_filesize112,52kB"]:after {content:" (112,52 kB)"}</style>
