{"id":163011,"date":"2023-03-07T12:38:29","date_gmt":"2023-03-07T11:38:29","guid":{"rendered":"https:\/\/us.edu.pl\/wydzial\/wh\/?post_type=event&#038;p=163011"},"modified":"2023-03-08T09:55:59","modified_gmt":"2023-03-08T08:55:59","slug":"seminarium-na-temat-wyzwan-i-ograniczen-sztuki-tworzonej-przez-sztuczna-inteligencje","status":"publish","type":"event","link":"https:\/\/us.edu.pl\/wydzial\/wh\/event\/seminarium-na-temat-wyzwan-i-ograniczen-sztuki-tworzonej-przez-sztuczna-inteligencje\/","title":{"rendered":"Seminarium na temat wyzwa\u0144 i ogranicze\u0144 sztuki tworzonej przez sztuczn\u0105 inteligencj\u0119"},"content":{"rendered":"<p>[vc_row][vc_column width=&#8221;2\/3&#8243;]\r\n                <div class=\"text-modules\">\r\n                    <div class=\"container\">\r\n                        \r\n                        <div class=\"text-modules__content\"><p>Zapraszamy na seminarium im. prof. Andrzeja J. Norasa, w ramach kt\u00f3rego odb\u0119dzie si\u0119 wyk\u0142ad dra Tufana Acila pt. <em>Challenges and Limits of Arts made by AI<\/em>. Seminarium odb\u0119dzie si\u0119 pod auspicjami Komisji Filozofii i Socjologii PAN i Polskiego Towarzystwa Filozoficznego w Katowicach\u00a0we <strong>wtorek 14 marca 2023<\/strong> roku o godzinie <strong>15:30<\/strong> stacjonarnie w <a href=\"https:\/\/www.ciniba.edu.pl\/\"><strong>Centrum Informacji Naukowej i Bibliotece Akademickiej<\/strong><\/a> (sala dydaktyczna).<\/p>\n<p>Dr Tufan Acil jest badaczem postdoc z Niemiec. Uzyska\u0142 stopie\u0144 doktora na Wolnym Uniwersytecie w Berlinie. Obecnie jest stypendyst\u0105 Humboldta na Uniwersytecie \u015al\u0105skim w Katowicach.<\/p>\n<\/div>\r\n                    <\/div>\r\n                <\/div>[vc_tta_tabs active_section=&#8221;1&#8243; title=&#8221;Abstrakt wyk\u0142adu&#8221;][vc_tta_section title=&#8221;POLISH&#8221; tab_id=&#8221;1678186446974-38995b0f-1c9f&#8221;]\r\n                <div class=\"text-modules\">\r\n                    <div class=\"container\">\r\n                        \r\n                        <div class=\"text-modules__content\"><p>Sztuczna inteligencja (AI) zapowiada paradygmatyczn\u0105 zmian\u0119 w dzisiejszym \u015bwiecie. Jej zastosowania nie ograniczaj\u0105 si\u0119 jedynie do bada\u0144 naukowych, technologii, reklamy czy medi\u00f3w spo\u0142eczno\u015bciowych, ale coraz cz\u0119\u015bciej wykorzystuje si\u0119 j\u0105 r\u00f3wnie\u017c w produkcji artystycznej. Niniejsza prezentacja dotyczy pytania, w jaki spos\u00f3b integracja technik AI z dzie\u0142ami sztuki stanowi wyzwanie dla sztuki i jak teoria sztuki mo\u017ce z kolei odpowiedzie\u0107 na nie w wiarygodny spos\u00f3b. Pierwsza cz\u0119\u015b\u0107 zawiera przegl\u0105d mojego aktualnego projektu badawczego zatytu\u0142owanego &#8222;Challenges and Limits of the Arts made by AI&#8221;. W drugiej cz\u0119\u015bci przedstawiam kilka konkretnych przyk\u0142ad\u00f3w dzie\u0142 sztuki wykonanych przez aplikacje AI i wskazuj\u0119 na problemy, jakie stwarzaj\u0105 one dla sztuki. W trzeciej cz\u0119\u015bci om\u00f3wiono, \u017ce poza procesami i warunkami produkcji, sztuka jest zawsze praktyk\u0105 spo\u0142eczno-kulturow\u0105, kt\u00f3ra obejmuje wymiary subiektywne, takie jak percepcja, intencjonalno\u015b\u0107 i autorefleksja i nie mo\u017ce by\u0107 \u0142atwo zast\u0105piona przez algorytmy lub programowanie komputerowe.<\/p>\n<\/div>\r\n                    <\/div>\r\n                <\/div>[\/vc_tta_section][vc_tta_section title=&#8221;ENGLISH&#8221; tab_id=&#8221;1678186446983-3b8ad419-c885&#8243;]\r\n                <div class=\"text-modules\">\r\n                    <div class=\"container\">\r\n                        \r\n                        <div class=\"text-modules__content\"><p><strong>Challenges and Limits of Arts made by AI<\/strong><\/p>\n<p>Artificial Intelligence (AI) announces a paradigmatic change in today&#8217;s world. Its applications are not merely limited to the scientific research, technology, advertising or social media, but it has also been increasingly used within artistic production. This presentation deals with the question of how the integration of AI technics into the artworks challenge the arts and how a theory of art can in turn respond to them in a plausible way. The first part gives an overview of my current research project titled \u201cChallenges and Limits of the Arts made by AI\u201d. The second part introduces some concrete examples from artworks made by AI applications and points to the problems they create for the arts. The third part discusses that beyond production processes and conditions, art is always a socio-cultural practice, which includes subjective dimensions such as perception, intentionality and self-reflection and cannot be easily replaced by algorithms or computer programming.<\/p>\n<p><em>Dr. Tufan Acil is a Post-Doc Researcher from Germany and obtained his Phd degree from Freie University of Berlin. Currently he is a Humboldt Fellow at the University of Silesia in Katowice.<\/em><\/p>\n<\/div>\r\n                    <\/div>\r\n                <\/div>[\/vc_tta_section][\/vc_tta_tabs][\/vc_column][vc_column width=&#8221;1\/3&#8243;][\/vc_column][\/vc_row]<\/p>","protected":false},"excerpt":{"rendered":"<p>[vc_row][vc_column width=&#8221;2\/3&#8243;][vc_tta_tabs active_section=&#8221;1&#8243; title=&#8221;Abstrakt wyk\u0142adu&#8221;][vc_tta_section title=&#8221;POLISH&#8221; tab_id=&#8221;1678186446974-38995b0f-1c9f&#8221;][\/vc_tta_section][vc_tta_section title=&#8221;ENGLISH&#8221; tab_id=&#8221;1678186446983-3b8ad419-c885&#8243;][\/vc_tta_section][\/vc_tta_tabs][\/vc_column][vc_column width=&#8221;1\/3&#8243;][\/vc_column][\/vc_row] [&#8230;]<\/p>\n<p><a class=\"btn btn-secondary understrap-read-more-link\" href=\"https:\/\/us.edu.pl\/wydzial\/wh\/event\/seminarium-na-temat-wyzwan-i-ograniczen-sztuki-tworzonej-przez-sztuczna-inteligencje\/\">Read More&#8230;<\/a><\/p>\n","protected":false},"author":1,"featured_media":0,"template":"","meta":{"_expiration-date-status":"","_expiration-date":0,"_expiration-date-type":"","_expiration-date-categories":[],"_expiration-date-options":[]},"acf":[],"_links":{"self":[{"href":"https:\/\/us.edu.pl\/wydzial\/wh\/wp-json\/wp\/v2\/event\/163011"}],"collection":[{"href":"https:\/\/us.edu.pl\/wydzial\/wh\/wp-json\/wp\/v2\/event"}],"about":[{"href":"https:\/\/us.edu.pl\/wydzial\/wh\/wp-json\/wp\/v2\/types\/event"}],"author":[{"embeddable":true,"href":"https:\/\/us.edu.pl\/wydzial\/wh\/wp-json\/wp\/v2\/users\/1"}],"version-history":[{"count":4,"href":"https:\/\/us.edu.pl\/wydzial\/wh\/wp-json\/wp\/v2\/event\/163011\/revisions"}],"predecessor-version":[{"id":163076,"href":"https:\/\/us.edu.pl\/wydzial\/wh\/wp-json\/wp\/v2\/event\/163011\/revisions\/163076"}],"wp:attachment":[{"href":"https:\/\/us.edu.pl\/wydzial\/wh\/wp-json\/wp\/v2\/media?parent=163011"}],"curies":[{"name":"wp","href":"https:\/\/api.w.org\/{rel}","templated":true}]}}

Seminarium na temat wyzwań i ograniczeń sztuki tworzonej przez sztuczną inteligencję

<p>[vc_row][vc_column width=&#8221;2/3&#8243;]
                <div class="text-modules">
                    <div class="container">
                        
                        <div class="text-modules__content"><p>Zapraszamy na seminarium im. prof. Andrzeja J. Norasa, w ramach którego odbędzie się wykład dra Tufana Acila pt. <em>Challenges and Limits of Arts made by AI</em>. Seminarium odbędzie się pod auspicjami Komisji Filozofii i Socjologii PAN i Polskiego Towarzystwa Filozoficznego w Katowicach we <strong>wtorek 14 marca 2023</strong> roku o godzinie <strong>15:30</strong> stacjonarnie w <a href="https://www.ciniba.edu.pl/"><strong>Centrum Informacji Naukowej i Bibliotece Akademickiej</strong></a> (sala dydaktyczna).</p>
<p>Dr Tufan Acil jest badaczem postdoc z Niemiec. Uzyskał stopień doktora na Wolnym Uniwersytecie w Berlinie. Obecnie jest stypendystą Humboldta na Uniwersytecie Śląskim w Katowicach.</p>
</div>
                    </div>
                </div>[vc_tta_tabs active_section=&#8221;1&#8243; title=&#8221;Abstrakt wykładu&#8221;][vc_tta_section title=&#8221;POLISH&#8221; tab_id=&#8221;1678186446974-38995b0f-1c9f&#8221;]
                <div class="text-modules">
                    <div class="container">
                        
                        <div class="text-modules__content"><p>Sztuczna inteligencja (AI) zapowiada paradygmatyczną zmianę w dzisiejszym świecie. Jej zastosowania nie ograniczają się jedynie do badań naukowych, technologii, reklamy czy mediów społecznościowych, ale coraz częściej wykorzystuje się ją również w produkcji artystycznej. Niniejsza prezentacja dotyczy pytania, w jaki sposób integracja technik AI z dziełami sztuki stanowi wyzwanie dla sztuki i jak teoria sztuki może z kolei odpowiedzieć na nie w wiarygodny sposób. Pierwsza część zawiera przegląd mojego aktualnego projektu badawczego zatytułowanego &#8222;Challenges and Limits of the Arts made by AI&#8221;. W drugiej części przedstawiam kilka konkretnych przykładów dzieł sztuki wykonanych przez aplikacje AI i wskazuję na problemy, jakie stwarzają one dla sztuki. W trzeciej części omówiono, że poza procesami i warunkami produkcji, sztuka jest zawsze praktyką społeczno-kulturową, która obejmuje wymiary subiektywne, takie jak percepcja, intencjonalność i autorefleksja i nie może być łatwo zastąpiona przez algorytmy lub programowanie komputerowe.</p>
</div>
                    </div>
                </div>[/vc_tta_section][vc_tta_section title=&#8221;ENGLISH&#8221; tab_id=&#8221;1678186446983-3b8ad419-c885&#8243;]
                <div class="text-modules">
                    <div class="container">
                        
                        <div class="text-modules__content"><p><strong>Challenges and Limits of Arts made by AI</strong></p>
<p>Artificial Intelligence (AI) announces a paradigmatic change in today&#8217;s world. Its applications are not merely limited to the scientific research, technology, advertising or social media, but it has also been increasingly used within artistic production. This presentation deals with the question of how the integration of AI technics into the artworks challenge the arts and how a theory of art can in turn respond to them in a plausible way. The first part gives an overview of my current research project titled “Challenges and Limits of the Arts made by AI”. The second part introduces some concrete examples from artworks made by AI applications and points to the problems they create for the arts. The third part discusses that beyond production processes and conditions, art is always a socio-cultural practice, which includes subjective dimensions such as perception, intentionality and self-reflection and cannot be easily replaced by algorithms or computer programming.</p>
<p><em>Dr. Tufan Acil is a Post-Doc Researcher from Germany and obtained his Phd degree from Freie University of Berlin. Currently he is a Humboldt Fellow at the University of Silesia in Katowice.</em></p>
</div>
                    </div>
                </div>[/vc_tta_section][/vc_tta_tabs][/vc_column][vc_column width=&#8221;1/3&#8243;][/vc_column][/vc_row]</p>

<p>[vc_row][vc_column width=&#8221;2/3&#8243;][vc_tta_tabs active_section=&#8221;1&#8243; title=&#8221;Abstrakt wykładu&#8221;][vc_tta_section title=&#8221;POLISH&#8221; tab_id=&#8221;1678186446974-38995b0f-1c9f&#8221;][/vc_tta_section][vc_tta_section title=&#8221;ENGLISH&#8221; tab_id=&#8221;1678186446983-3b8ad419-c885&#8243;][/vc_tta_section][/vc_tta_tabs][/vc_column][vc_column width=&#8221;1/3&#8243;][/vc_column][/vc_row] [&#8230;]</p>
<p><a class="btn btn-secondary understrap-read-more-link" href="https://us.edu.pl/wydzial/wh/event/seminarium-na-temat-wyzwan-i-ograniczen-sztuki-tworzonej-przez-sztuczna-inteligencje/">Read More&#8230;</a></p>
