{"id":16435,"date":"2021-11-03T16:21:30","date_gmt":"2021-11-03T15:21:30","guid":{"rendered":"https:\/\/us.edu.pl\/wydzial\/wh\/?post_type=event&#038;p=16435"},"modified":"2021-11-03T16:21:30","modified_gmt":"2021-11-03T15:21:30","slug":"konferencja-pt-nauczyciele-nauczycielom","status":"publish","type":"event","link":"https:\/\/us.edu.pl\/wydzial\/wh\/event\/konferencja-pt-nauczyciele-nauczycielom\/","title":{"rendered":"Konferencja pt. \u201eNauczyciele \u2013 Nauczycielom\u201d"},"content":{"rendered":"<p>[vc_row][vc_column width=&#8221;2\/3&#8243;]\r\n                <div class=\"text-modules\">\r\n                    <div class=\"container\">\r\n                        \r\n                        <div class=\"text-modules__content\"><p>Uniwersytet \u015al\u0105ski w Katowicach organizuje konferencj\u0119 naukow\u0105 pt. \u201eNauczyciele \u2013 Nauczycielom\u201d, skierowan\u0105 do nauczycieli, student\u00f3w oraz uczni\u00f3w. Wydarzenie odb\u0119dzie si\u0119 stacjonarnie w auli im. Kazimierza Lepszego przy ul. Bankowej 12 w Katowicach. Spotkanie poprowadzi dr Marta Mamet-Michalkewicz z Wydzia\u0142u Humanistycznego U\u015a. Konferencj\u0119 otworz\u0105 rektor Uniwersytetu \u015al\u0105skiego prof. dr hab. Ryszard Kozio\u0142ek, zast\u0119pca prezydenta miasta Katowice Mariusz Skiba oraz prorektor ds. kadry prof. dr hab. Ewa Jarosz.<\/p>\n<p>&nbsp;<\/p>\n<p><strong>Szczeg\u00f3\u0142y konferencji<\/strong><\/p>\n<p>Konferencja ma charakter dydaktyczny i jest cz\u0119\u015bci\u0105 projektu pozakonkursowego \u201e\u015al\u0105ska Szko\u0142a \u0106wicze\u0144\u201d wsp\u00f3\u0142finansowanego ze \u015brodk\u00f3w Europejskiego Funduszu Spo\u0142ecznego (POWER).<\/p>\n<p>W inicjatywie bierze udzia\u0142 oko\u0142o 120 nauczycieli szk\u00f3\u0142 podstawowych i ponadpodstawowych wojew\u00f3dztwa \u015bl\u0105skiego. W ramach projektu nauczyciele akademiccy U\u015a organizuj\u0105 szkolenia, warsztaty, konsultacje indywidualne oraz seminaria dla nauczycieli.<\/p>\n<\/div>\r\n                    <\/div>\r\n                <\/div>[\/vc_column][vc_column width=&#8221;1\/3&#8243;]\r\n                <div class=\"text-modules\">\r\n                    <div class=\"container\">\r\n                        \r\n                        <div class=\"text-modules__content\"><p><img class=\"alignnone wp-image-16437 size-full\" src=\"https:\/\/us.edu.pl\/wydzial\/wh\/wp-content\/uploads\/sites\/15\/Nieprzypisane\/nauczyciele.jpg\" alt=\"graficzne przedstawienie 6 nauczycieli\" width=\"597\" height=\"640\" srcset=\"https:\/\/us.edu.pl\/wydzial\/wh\/wp-content\/uploads\/sites\/15\/Nieprzypisane\/nauczyciele.jpg 597w, https:\/\/us.edu.pl\/wydzial\/wh\/wp-content\/uploads\/sites\/15\/Nieprzypisane\/nauczyciele-280x300.jpg 280w, https:\/\/us.edu.pl\/wydzial\/wh\/wp-content\/uploads\/sites\/15\/Nieprzypisane\/nauczyciele-536x575.jpg 536w\" sizes=\"(max-width: 597px) 100vw, 597px\" \/><\/p>\n<\/div>\r\n                    <\/div>\r\n                <\/div>[\/vc_column][\/vc_row]<\/p>","protected":false},"excerpt":{"rendered":"<p>[vc_row][vc_column width=&#8221;2\/3&#8243;][\/vc_column][vc_column width=&#8221;1\/3&#8243;][\/vc_column][\/vc_row] [&#8230;]<\/p>\n<p><a class=\"btn btn-secondary understrap-read-more-link\" href=\"https:\/\/us.edu.pl\/wydzial\/wh\/event\/konferencja-pt-nauczyciele-nauczycielom\/\">Read More&#8230;<\/a><\/p>\n","protected":false},"author":1,"featured_media":0,"template":"","meta":{"_expiration-date-status":"saved","_expiration-date":0,"_expiration-date-type":"","_expiration-date-categories":[],"_expiration-date-options":[]},"acf":[],"_links":{"self":[{"href":"https:\/\/us.edu.pl\/wydzial\/wh\/wp-json\/wp\/v2\/event\/16435"}],"collection":[{"href":"https:\/\/us.edu.pl\/wydzial\/wh\/wp-json\/wp\/v2\/event"}],"about":[{"href":"https:\/\/us.edu.pl\/wydzial\/wh\/wp-json\/wp\/v2\/types\/event"}],"author":[{"embeddable":true,"href":"https:\/\/us.edu.pl\/wydzial\/wh\/wp-json\/wp\/v2\/users\/1"}],"version-history":[{"count":2,"href":"https:\/\/us.edu.pl\/wydzial\/wh\/wp-json\/wp\/v2\/event\/16435\/revisions"}],"predecessor-version":[{"id":16439,"href":"https:\/\/us.edu.pl\/wydzial\/wh\/wp-json\/wp\/v2\/event\/16435\/revisions\/16439"}],"wp:attachment":[{"href":"https:\/\/us.edu.pl\/wydzial\/wh\/wp-json\/wp\/v2\/media?parent=16435"}],"curies":[{"name":"wp","href":"https:\/\/api.w.org\/{rel}","templated":true}]}}

<p>[vc_row][vc_column width=&#8221;2/3&#8243;]
                <div class="text-modules">
                    <div class="container">
                        
                        <div class="text-modules__content"><p>Uniwersytet Śląski w Katowicach organizuje konferencję naukową pt. „Nauczyciele – Nauczycielom”, skierowaną do nauczycieli, studentów oraz uczniów. Wydarzenie odbędzie się stacjonarnie w auli im. Kazimierza Lepszego przy ul. Bankowej 12 w Katowicach. Spotkanie poprowadzi dr Marta Mamet-Michalkewicz z Wydziału Humanistycznego UŚ. Konferencję otworzą rektor Uniwersytetu Śląskiego prof. dr hab. Ryszard Koziołek, zastępca prezydenta miasta Katowice Mariusz Skiba oraz prorektor ds. kadry prof. dr hab. Ewa Jarosz.</p>
<p>&nbsp;</p>
<p><strong>Szczegóły konferencji</strong></p>
<p>Konferencja ma charakter dydaktyczny i jest częścią projektu pozakonkursowego „Śląska Szkoła Ćwiczeń” współfinansowanego ze środków Europejskiego Funduszu Społecznego (POWER).</p>
<p>W inicjatywie bierze udział około 120 nauczycieli szkół podstawowych i ponadpodstawowych województwa śląskiego. W ramach projektu nauczyciele akademiccy UŚ organizują szkolenia, warsztaty, konsultacje indywidualne oraz seminaria dla nauczycieli.</p>
</div>
                    </div>
                </div>[/vc_column][vc_column width=&#8221;1/3&#8243;]
                <div class="text-modules">
                    <div class="container">
                        
                        <div class="text-modules__content"><p><img class="alignnone wp-image-16437 size-full" src="https://us.edu.pl/wydzial/wh/wp-content/uploads/sites/15/Nieprzypisane/nauczyciele.jpg" alt="graficzne przedstawienie 6 nauczycieli" width="597" height="640" srcset="https://us.edu.pl/wydzial/wh/wp-content/uploads/sites/15/Nieprzypisane/nauczyciele.jpg 597w, https://us.edu.pl/wydzial/wh/wp-content/uploads/sites/15/Nieprzypisane/nauczyciele-280x300.jpg 280w, https://us.edu.pl/wydzial/wh/wp-content/uploads/sites/15/Nieprzypisane/nauczyciele-536x575.jpg 536w" sizes="(max-width: 597px) 100vw, 597px" /></p>
</div>
                    </div>
                </div>[/vc_column][/vc_row]</p>
