{"id":165344,"date":"2023-06-14T17:13:36","date_gmt":"2023-06-14T15:13:36","guid":{"rendered":"https:\/\/us.edu.pl\/wydzial\/wh\/?post_type=event&#038;p=165344"},"modified":"2023-06-15T10:58:26","modified_gmt":"2023-06-15T08:58:26","slug":"konferencja-naukowa-blad-w-sztuce","status":"publish","type":"event","link":"https:\/\/us.edu.pl\/wydzial\/wh\/event\/konferencja-naukowa-blad-w-sztuce\/","title":{"rendered":"Konferencja naukowa \u201eB\u0142\u0105d w sztuce\u201d"},"content":{"rendered":"<p>[vc_row][vc_column width=&#8221;1\/3&#8243;]\r\n                <div class=\"text-modules\">\r\n                    <div class=\"container\">\r\n                        \r\n                        <div class=\"text-modules__content\"><p><img class=\"alignnone wp-image-165345 size-full\" src=\"https:\/\/us.edu.pl\/wydzial\/wh\/wp-content\/uploads\/sites\/15\/Bez-kategorii\/blad-w-sztuce-plakat-710x1024-1.png\" alt=\"plakat informuj\u0105cy o konferencji\" width=\"100%\" height=\"auto\" srcset=\"https:\/\/us.edu.pl\/wydzial\/wh\/wp-content\/uploads\/sites\/15\/Bez-kategorii\/blad-w-sztuce-plakat-710x1024-1.png 710w, https:\/\/us.edu.pl\/wydzial\/wh\/wp-content\/uploads\/sites\/15\/Bez-kategorii\/blad-w-sztuce-plakat-710x1024-1-208x300.png 208w, https:\/\/us.edu.pl\/wydzial\/wh\/wp-content\/uploads\/sites\/15\/Bez-kategorii\/blad-w-sztuce-plakat-710x1024-1-399x575.png 399w\" sizes=\"(max-width: 710px) 100vw, 710px\" \/><\/p>\n<\/div>\r\n                    <\/div>\r\n                <\/div>[\/vc_column][vc_column width=&#8221;2\/3&#8243;]\r\n                <div class=\"text-modules\">\r\n                    <div class=\"container\">\r\n                        \r\n                        <div class=\"text-modules__content\"><p><strong>Od 16 do 17 czerwca 2023 roku<\/strong> odbywa\u0107 si\u0119 b\u0119dzie konferencja naukowa \u201eB\u0142\u0105d w sztuce\u201d. Tematem przewodnim konferencji jest zagadnienie szeroko rozumianego b\u0142\u0119du \u2013 jego statusu i funkcja w tw\u00f3rczo\u015bci, w dzia\u0142aniu, poznawaniu i my\u015bleniu.<\/p>\n<p>Pierwszy dzie\u0144 konferencji rozpocznie si\u0119 o godz. 10.20 w sali dydaktycznej <a href=\"https:\/\/www.ciniba.edu.pl\/\">Centrum Informacji Naukowej i Biblioteki Akademickiej<\/a> (CINiBA).<\/p>\n<p>Miejscem spotkania uczestnik\u00f3w podczas drugiego dnia wydarzenia b\u0119dzie <a href=\"https:\/\/www.medusagroup.pl\/\">Medusa Group<\/a> w Bytomiu (ul. J\u00f3zefczaka 35) \u2013 konferencja rozpocznie si\u0119 o godz. 10.30.<\/p>\n<p>Wydarzenie organizowane jest przez Interdyscyplinarne <a href=\"https:\/\/www.facebook.com\/obywatele.swiata.sztuki\">Ko\u0142o Naukowe Obywatelki\/Obywatele \u015bwiata sztuki Uniwersytetu \u015al\u0105skiego<\/a>, <a href=\"https:\/\/us.edu.pl\/instytut\/ifil\">Instytut Filozofii Wydzia\u0142u Humanistycznego U\u015a<\/a> oraz <a href=\"https:\/\/us.edu.pl\/kolegium\/ism\/\">Kolegium Indywidualnych Studi\u00f3w Mi\u0119dzyobszarowych U\u015a<\/a>.<\/p>\n<p>Wi\u0119cej informacji mo\u017cna znale\u017a\u0107 na <a href=\"https:\/\/www.facebook.com\/events\/954181282668495\/\">stronie wydarzenia na Facebooku<\/a>.<\/p>\n<\/div>\r\n                    <\/div>\r\n                <\/div>\r\n                <div class=\"text-modules\">\r\n                    <div class=\"container\">\r\n                        \r\n                        <div class=\"text-modules__content\"><p><img class=\"alignnone wp-image-165349 size-full\" src=\"https:\/\/us.edu.pl\/wydzial\/wh\/wp-content\/uploads\/sites\/15\/Bez-kategorii\/Afisz_wersaliki_sob_niedz.png\" alt=\"program konferencji &quot;B\u0142\u0105d w sztuce&quot;\" width=\"100%\" height=\"auto\" srcset=\"https:\/\/us.edu.pl\/wydzial\/wh\/wp-content\/uploads\/sites\/15\/Bez-kategorii\/Afisz_wersaliki_sob_niedz.png 888w, https:\/\/us.edu.pl\/wydzial\/wh\/wp-content\/uploads\/sites\/15\/Bez-kategorii\/Afisz_wersaliki_sob_niedz-208x300.png 208w, https:\/\/us.edu.pl\/wydzial\/wh\/wp-content\/uploads\/sites\/15\/Bez-kategorii\/Afisz_wersaliki_sob_niedz-710x1024.png 710w, https:\/\/us.edu.pl\/wydzial\/wh\/wp-content\/uploads\/sites\/15\/Bez-kategorii\/Afisz_wersaliki_sob_niedz-768x1107.png 768w, https:\/\/us.edu.pl\/wydzial\/wh\/wp-content\/uploads\/sites\/15\/Bez-kategorii\/Afisz_wersaliki_sob_niedz-399x575.png 399w\" sizes=\"(max-width: 888px) 100vw, 888px\" \/><\/p>\n<\/div>\r\n                    <\/div>\r\n                <\/div>[\/vc_column][\/vc_row]<\/p>","protected":false},"excerpt":{"rendered":"<p>[vc_row][vc_column width=&#8221;1\/3&#8243;][\/vc_column][vc_column width=&#8221;2\/3&#8243;][\/vc_column][\/vc_row] [&#8230;]<\/p>\n<p><a class=\"btn btn-secondary understrap-read-more-link\" href=\"https:\/\/us.edu.pl\/wydzial\/wh\/event\/konferencja-naukowa-blad-w-sztuce\/\">Read More&#8230;<\/a><\/p>\n","protected":false},"author":1,"featured_media":0,"template":"","meta":{"_expiration-date-status":"","_expiration-date":0,"_expiration-date-type":"","_expiration-date-categories":[],"_expiration-date-options":[]},"acf":[],"_links":{"self":[{"href":"https:\/\/us.edu.pl\/wydzial\/wh\/wp-json\/wp\/v2\/event\/165344"}],"collection":[{"href":"https:\/\/us.edu.pl\/wydzial\/wh\/wp-json\/wp\/v2\/event"}],"about":[{"href":"https:\/\/us.edu.pl\/wydzial\/wh\/wp-json\/wp\/v2\/types\/event"}],"author":[{"embeddable":true,"href":"https:\/\/us.edu.pl\/wydzial\/wh\/wp-json\/wp\/v2\/users\/1"}],"version-history":[{"count":5,"href":"https:\/\/us.edu.pl\/wydzial\/wh\/wp-json\/wp\/v2\/event\/165344\/revisions"}],"predecessor-version":[{"id":165358,"href":"https:\/\/us.edu.pl\/wydzial\/wh\/wp-json\/wp\/v2\/event\/165344\/revisions\/165358"}],"wp:attachment":[{"href":"https:\/\/us.edu.pl\/wydzial\/wh\/wp-json\/wp\/v2\/media?parent=165344"}],"curies":[{"name":"wp","href":"https:\/\/api.w.org\/{rel}","templated":true}]}}

Konferencja naukowa „Błąd w sztuce”

<p>[vc_row][vc_column width=&#8221;1/3&#8243;]
                <div class="text-modules">
                    <div class="container">
                        
                        <div class="text-modules__content"><p><img class="alignnone wp-image-165345 size-full" src="https://us.edu.pl/wydzial/wh/wp-content/uploads/sites/15/Bez-kategorii/blad-w-sztuce-plakat-710x1024-1.png" alt="plakat informujący o konferencji" width="100%" height="auto" srcset="https://us.edu.pl/wydzial/wh/wp-content/uploads/sites/15/Bez-kategorii/blad-w-sztuce-plakat-710x1024-1.png 710w, https://us.edu.pl/wydzial/wh/wp-content/uploads/sites/15/Bez-kategorii/blad-w-sztuce-plakat-710x1024-1-208x300.png 208w, https://us.edu.pl/wydzial/wh/wp-content/uploads/sites/15/Bez-kategorii/blad-w-sztuce-plakat-710x1024-1-399x575.png 399w" sizes="(max-width: 710px) 100vw, 710px" /></p>
</div>
                    </div>
                </div>[/vc_column][vc_column width=&#8221;2/3&#8243;]
                <div class="text-modules">
                    <div class="container">
                        
                        <div class="text-modules__content"><p><strong>Od 16 do 17 czerwca 2023 roku</strong> odbywać się będzie konferencja naukowa „Błąd w sztuce”. Tematem przewodnim konferencji jest zagadnienie szeroko rozumianego błędu – jego statusu i funkcja w twórczości, w działaniu, poznawaniu i myśleniu.</p>
<p>Pierwszy dzień konferencji rozpocznie się o godz. 10.20 w sali dydaktycznej <a href="https://www.ciniba.edu.pl/">Centrum Informacji Naukowej i Biblioteki Akademickiej</a> (CINiBA).</p>
<p>Miejscem spotkania uczestników podczas drugiego dnia wydarzenia będzie <a href="https://www.medusagroup.pl/">Medusa Group</a> w Bytomiu (ul. Józefczaka 35) – konferencja rozpocznie się o godz. 10.30.</p>
<p>Wydarzenie organizowane jest przez Interdyscyplinarne <a href="https://www.facebook.com/obywatele.swiata.sztuki">Koło Naukowe Obywatelki/Obywatele świata sztuki Uniwersytetu Śląskiego</a>, <a href="https://us.edu.pl/instytut/ifil">Instytut Filozofii Wydziału Humanistycznego UŚ</a> oraz <a href="https://us.edu.pl/kolegium/ism/">Kolegium Indywidualnych Studiów Międzyobszarowych UŚ</a>.</p>
<p>Więcej informacji można znaleźć na <a href="https://www.facebook.com/events/954181282668495/">stronie wydarzenia na Facebooku</a>.</p>
</div>
                    </div>
                </div>
                <div class="text-modules">
                    <div class="container">
                        
                        <div class="text-modules__content"><p><img class="alignnone wp-image-165349 size-full" src="https://us.edu.pl/wydzial/wh/wp-content/uploads/sites/15/Bez-kategorii/Afisz_wersaliki_sob_niedz.png" alt="program konferencji &quot;Błąd w sztuce&quot;" width="100%" height="auto" srcset="https://us.edu.pl/wydzial/wh/wp-content/uploads/sites/15/Bez-kategorii/Afisz_wersaliki_sob_niedz.png 888w, https://us.edu.pl/wydzial/wh/wp-content/uploads/sites/15/Bez-kategorii/Afisz_wersaliki_sob_niedz-208x300.png 208w, https://us.edu.pl/wydzial/wh/wp-content/uploads/sites/15/Bez-kategorii/Afisz_wersaliki_sob_niedz-710x1024.png 710w, https://us.edu.pl/wydzial/wh/wp-content/uploads/sites/15/Bez-kategorii/Afisz_wersaliki_sob_niedz-768x1107.png 768w, https://us.edu.pl/wydzial/wh/wp-content/uploads/sites/15/Bez-kategorii/Afisz_wersaliki_sob_niedz-399x575.png 399w" sizes="(max-width: 888px) 100vw, 888px" /></p>
</div>
                    </div>
                </div>[/vc_column][/vc_row]</p>
