{"id":165942,"date":"2023-07-21T10:50:42","date_gmt":"2023-07-21T08:50:42","guid":{"rendered":"https:\/\/us.edu.pl\/wydzial\/wh\/?post_type=event&#038;p=165942"},"modified":"2023-08-23T10:45:34","modified_gmt":"2023-08-23T08:45:34","slug":"edukacja-humanistyczna-i-klimat-scenariusze-dzialania-konferencja-online","status":"publish","type":"event","link":"https:\/\/us.edu.pl\/wydzial\/wh\/event\/edukacja-humanistyczna-i-klimat-scenariusze-dzialania-konferencja-online\/","title":{"rendered":"Edukacja humanistyczna i klimat. Scenariusze dzia\u0142ania &#8211; konferencja online"},"content":{"rendered":"<p>[vc_row][vc_column width=&#8221;2\/3&#8243;]\r\n                <div class=\"text-modules\">\r\n                    <div class=\"container\">\r\n                        \r\n                        <div class=\"text-modules__content\"><p><a href=\"https:\/\/www.icbeh.us.edu.pl\/\">Interdyscyplinarne Centrum Bada\u0144 nad Edukacj\u0105 Humanistyczn\u0105<\/a> zaprasza na konferencj\u0119 online <strong>\u201eEdukacja humanistyczna i klimat. Scenariusze dzia\u0142ania\u201d<\/strong>, kt\u00f3ra odb\u0119dzie si\u0119 <strong>8 wrze\u015bnia 2023 roku<\/strong>. Wydarzenie zamyka dwuletni mi\u0119dzynarodowy projekt <a href=\"https:\/\/www.hec.us.edu.pl\/home-page\/\"><em>Edukacja humanistyczna V4 dla klimatu. Rozpoznania \u2013 dobre praktyki \u2212 rekomendacje<\/em><\/a> (The V4 Humanities Education for the Climate. Diagnoses \u2013 Best practices \u2013 Recommendations; HEC) realizowany w ramach Mi\u0119dzynarodowego Funduszu Wyszehradzkiego.<\/p>\n<p>Tym razem gospodarzem konferencji b\u0119dzie Uniwersytet Mateja Bela w Ba\u0144skiej Bystrzycy, partner w projekcie prowadzonym przez ICBEH. Podczas konferencji przewidziane s\u0105 wyst\u0105pienia prof. Anity Hut\u2019kovej, dr hab. Magdaleny Steci\u0105g, prof. UZ, prof. Piotra Skuba\u0142y. Spotkanie b\u0119dzie po\u015bwi\u0119cone podsumowaniu dwuletnich dzia\u0142a\u0144 projektowych oraz wypracowaniu rekomendacji dla edukacji proklimatycznej na poziomie szkolnym i uniwersyteckim.<\/p>\n<p>Udzia\u0142 w wydarzeniu jest bezp\u0142atny. Aby zg\u0142osi\u0107 uczestnictwo, nale\u017cy wys\u0142a\u0107 informacj\u0119 na adres e-mail:\u00a0<a href=\"mailto:rejestracjaV4@us.edu.pl\">rejestracjaV4@us.edu.pl<\/a>. Zwrotnie zostanie przes\u0142any link do ankiety rejestracyjnej oraz link do udzia\u0142u w wydarzeniu.<br \/>\nW przypadku problemu z rejestracj\u0105 prosimy o kontakt: <a href=\"mailto:anna.guzy@us.edu.pl\">anna.guzy@us.edu.pl<\/a><\/p>\n<p>\n<\/div>\r\n                    <\/div>\r\n                <\/div>\r\n                <div class=\"text-modules\">\r\n                    <div class=\"container\">\r\n                        \r\n                        <div class=\"text-modules__content\"><p><img class=\"alignnone wp-image-166031 size-full\" src=\"https:\/\/us.edu.pl\/wydzial\/wh\/wp-content\/uploads\/sites\/15\/Bez-kategorii\/Edukacja-humanistyczna-i-klimat_plakat.png\" alt=\"plakat z programem konferencji\" width=\"100%\" height=\"auto\" srcset=\"https:\/\/us.edu.pl\/wydzial\/wh\/wp-content\/uploads\/sites\/15\/Bez-kategorii\/Edukacja-humanistyczna-i-klimat_plakat.png 868w, https:\/\/us.edu.pl\/wydzial\/wh\/wp-content\/uploads\/sites\/15\/Bez-kategorii\/Edukacja-humanistyczna-i-klimat_plakat-211x300.png 211w, https:\/\/us.edu.pl\/wydzial\/wh\/wp-content\/uploads\/sites\/15\/Bez-kategorii\/Edukacja-humanistyczna-i-klimat_plakat-721x1024.png 721w, https:\/\/us.edu.pl\/wydzial\/wh\/wp-content\/uploads\/sites\/15\/Bez-kategorii\/Edukacja-humanistyczna-i-klimat_plakat-768x1090.png 768w, https:\/\/us.edu.pl\/wydzial\/wh\/wp-content\/uploads\/sites\/15\/Bez-kategorii\/Edukacja-humanistyczna-i-klimat_plakat-405x575.png 405w\" sizes=\"(max-width: 868px) 100vw, 868px\" \/><\/p>\n<\/div>\r\n                    <\/div>\r\n                <\/div>[\/vc_column][vc_column width=&#8221;1\/3&#8243;]\r\n                <div class=\"text-modules\">\r\n                    <div class=\"container\">\r\n                        \r\n                        <div class=\"text-modules__content\"><p><img class=\"alignnone wp-image-4714 size-full\" src=\"https:\/\/us.edu.pl\/wydzial\/wh\/wp-content\/uploads\/sites\/15\/ICBEH\/ICBEH_logo.jpg\" alt=\"Logo Interdyscyplinarnego Centrum Bada\u0144 nad Edukacj\u0105 Humanistyczn\u0105\" width=\"100%\" height=\"auto\" srcset=\"https:\/\/us.edu.pl\/wydzial\/wh\/wp-content\/uploads\/sites\/15\/ICBEH\/ICBEH_logo.jpg 783w, https:\/\/us.edu.pl\/wydzial\/wh\/wp-content\/uploads\/sites\/15\/ICBEH\/ICBEH_logo-300x89.jpg 300w, https:\/\/us.edu.pl\/wydzial\/wh\/wp-content\/uploads\/sites\/15\/ICBEH\/ICBEH_logo-768x227.jpg 768w, https:\/\/us.edu.pl\/wydzial\/wh\/wp-content\/uploads\/sites\/15\/ICBEH\/ICBEH_logo-575x170.jpg 575w\" sizes=\"(max-width: 783px) 100vw, 783px\" \/><\/p>\n<\/div>\r\n                    <\/div>\r\n                <\/div>\r\n                <div class=\"text-modules\">\r\n                    <div class=\"container\">\r\n                        \r\n                        <div class=\"text-modules__content\"><p><img class=\"alignnone wp-image-4717 size-full\" src=\"https:\/\/us.edu.pl\/wydzial\/wh\/wp-content\/uploads\/sites\/15\/ICBEH\/Visegrad-Fund.jpg\" alt=\"logo Funduszy Wyszehradzkich w j\u0119zyku angielskim\" width=\"100%\" height=\"auto\" srcset=\"https:\/\/us.edu.pl\/wydzial\/wh\/wp-content\/uploads\/sites\/15\/ICBEH\/Visegrad-Fund.jpg 401w, https:\/\/us.edu.pl\/wydzial\/wh\/wp-content\/uploads\/sites\/15\/ICBEH\/Visegrad-Fund-300x136.jpg 300w\" sizes=\"(max-width: 401px) 100vw, 401px\" \/><\/p>\n<\/div>\r\n                    <\/div>\r\n                <\/div>\r\n                <div class=\"text-modules\">\r\n                    <div class=\"container\">\r\n                        \r\n                        <div class=\"text-modules__content\"><\/p>\n<ul>\n<li><a class=\"mtli_attachment mtli_pdf mtli_attachment mtli_pdf mtli_attachment mtli_pdf\" href=\"https:\/\/us.edu.pl\/wp-content\/uploads\/pliki\/BB_konferencja_HEC_program_PL.pdf\" data-mtli=\"mtli_filesize203,01kB\">Program w j\u0119zyku polskim (dokument pdf)<\/a><\/li>\n<li><a class=\"mtli_attachment mtli_docx mtli_attachment mtli_docx mtli_attachment mtli_docx\" href=\"https:\/\/us.edu.pl\/wp-content\/uploads\/pliki\/BB_konferencja_HEC_program_PL.docx\" data-mtli=\"mtli_filesize337,53kB\">Program w j\u0119zyku polskim (dokument docx)<\/a><\/li>\n<li><a class=\"mtli_attachment mtli_pdf mtli_attachment mtli_pdf mtli_attachment mtli_pdf\" href=\"https:\/\/us.edu.pl\/wp-content\/uploads\/pliki\/BB_conference_HEC_programme_EN.pdf\" data-mtli=\"mtli_filesize281,76kB\">Program w j\u0119zyku angielskim (dokument pdf)<\/a><\/li>\n<li><a class=\"mtli_attachment mtli_docx mtli_attachment mtli_docx mtli_attachment mtli_docx\" href=\"https:\/\/us.edu.pl\/wp-content\/uploads\/pliki\/BB_conference_HEC_programme_EN.docx\" data-mtli=\"mtli_filesize333,31kB\">Program w j\u0119zyku angielskim (dokument docx)<\/a><\/li>\n<\/ul>\n<p>\n<\/div>\r\n                    <\/div>\r\n                <\/div>[\/vc_column][\/vc_row]<\/p>","protected":false},"excerpt":{"rendered":"<p>[vc_row][vc_column width=&#8221;2\/3&#8243;][\/vc_column][vc_column width=&#8221;1\/3&#8243;][\/vc_column][\/vc_row] [&#8230;]<\/p>\n<p><a class=\"btn btn-secondary understrap-read-more-link\" href=\"https:\/\/us.edu.pl\/wydzial\/wh\/event\/edukacja-humanistyczna-i-klimat-scenariusze-dzialania-konferencja-online\/\">Read More&#8230;<\/a><\/p>\n","protected":false},"author":1,"featured_media":0,"template":"","meta":{"_expiration-date-status":"","_expiration-date":0,"_expiration-date-type":"","_expiration-date-categories":[],"_expiration-date-options":[]},"acf":[],"_links":{"self":[{"href":"https:\/\/us.edu.pl\/wydzial\/wh\/wp-json\/wp\/v2\/event\/165942"}],"collection":[{"href":"https:\/\/us.edu.pl\/wydzial\/wh\/wp-json\/wp\/v2\/event"}],"about":[{"href":"https:\/\/us.edu.pl\/wydzial\/wh\/wp-json\/wp\/v2\/types\/event"}],"author":[{"embeddable":true,"href":"https:\/\/us.edu.pl\/wydzial\/wh\/wp-json\/wp\/v2\/users\/1"}],"version-history":[{"count":6,"href":"https:\/\/us.edu.pl\/wydzial\/wh\/wp-json\/wp\/v2\/event\/165942\/revisions"}],"predecessor-version":[{"id":166032,"href":"https:\/\/us.edu.pl\/wydzial\/wh\/wp-json\/wp\/v2\/event\/165942\/revisions\/166032"}],"wp:attachment":[{"href":"https:\/\/us.edu.pl\/wydzial\/wh\/wp-json\/wp\/v2\/media?parent=165942"}],"curies":[{"name":"wp","href":"https:\/\/api.w.org\/{rel}","templated":true}]}}

Edukacja humanistyczna i klimat. Scenariusze działania &#8211; konferencja online

<p>[vc_row][vc_column width=&#8221;2/3&#8243;]
                <div class="text-modules">
                    <div class="container">
                        
                        <div class="text-modules__content"><p><a href="https://www.icbeh.us.edu.pl/">Interdyscyplinarne Centrum Badań nad Edukacją Humanistyczną</a> zaprasza na konferencję online <strong>„Edukacja humanistyczna i klimat. Scenariusze działania”</strong>, która odbędzie się <strong>8 września 2023 roku</strong>. Wydarzenie zamyka dwuletni międzynarodowy projekt <a href="https://www.hec.us.edu.pl/home-page/"><em>Edukacja humanistyczna V4 dla klimatu. Rozpoznania – dobre praktyki − rekomendacje</em></a> (The V4 Humanities Education for the Climate. Diagnoses – Best practices – Recommendations; HEC) realizowany w ramach Międzynarodowego Funduszu Wyszehradzkiego.</p>
<p>Tym razem gospodarzem konferencji będzie Uniwersytet Mateja Bela w Bańskiej Bystrzycy, partner w projekcie prowadzonym przez ICBEH. Podczas konferencji przewidziane są wystąpienia prof. Anity Hut’kovej, dr hab. Magdaleny Steciąg, prof. UZ, prof. Piotra Skubały. Spotkanie będzie poświęcone podsumowaniu dwuletnich działań projektowych oraz wypracowaniu rekomendacji dla edukacji proklimatycznej na poziomie szkolnym i uniwersyteckim.</p>
<p>Udział w wydarzeniu jest bezpłatny. Aby zgłosić uczestnictwo, należy wysłać informację na adres e-mail: <a href="mailto:rejestracjaV4@us.edu.pl">rejestracjaV4@us.edu.pl</a>. Zwrotnie zostanie przesłany link do ankiety rejestracyjnej oraz link do udziału w wydarzeniu.<br />
W przypadku problemu z rejestracją prosimy o kontakt: <a href="mailto:anna.guzy@us.edu.pl">anna.guzy@us.edu.pl</a></p>
<p>
</div>
                    </div>
                </div>
                <div class="text-modules">
                    <div class="container">
                        
                        <div class="text-modules__content"><p><img class="alignnone wp-image-166031 size-full" src="https://us.edu.pl/wydzial/wh/wp-content/uploads/sites/15/Bez-kategorii/Edukacja-humanistyczna-i-klimat_plakat.png" alt="plakat z programem konferencji" width="100%" height="auto" srcset="https://us.edu.pl/wydzial/wh/wp-content/uploads/sites/15/Bez-kategorii/Edukacja-humanistyczna-i-klimat_plakat.png 868w, https://us.edu.pl/wydzial/wh/wp-content/uploads/sites/15/Bez-kategorii/Edukacja-humanistyczna-i-klimat_plakat-211x300.png 211w, https://us.edu.pl/wydzial/wh/wp-content/uploads/sites/15/Bez-kategorii/Edukacja-humanistyczna-i-klimat_plakat-721x1024.png 721w, https://us.edu.pl/wydzial/wh/wp-content/uploads/sites/15/Bez-kategorii/Edukacja-humanistyczna-i-klimat_plakat-768x1090.png 768w, https://us.edu.pl/wydzial/wh/wp-content/uploads/sites/15/Bez-kategorii/Edukacja-humanistyczna-i-klimat_plakat-405x575.png 405w" sizes="(max-width: 868px) 100vw, 868px" /></p>
</div>
                    </div>
                </div>[/vc_column][vc_column width=&#8221;1/3&#8243;]
                <div class="text-modules">
                    <div class="container">
                        
                        <div class="text-modules__content"><p><img class="alignnone wp-image-4714 size-full" src="https://us.edu.pl/wydzial/wh/wp-content/uploads/sites/15/ICBEH/ICBEH_logo.jpg" alt="Logo Interdyscyplinarnego Centrum Badań nad Edukacją Humanistyczną" width="100%" height="auto" srcset="https://us.edu.pl/wydzial/wh/wp-content/uploads/sites/15/ICBEH/ICBEH_logo.jpg 783w, https://us.edu.pl/wydzial/wh/wp-content/uploads/sites/15/ICBEH/ICBEH_logo-300x89.jpg 300w, https://us.edu.pl/wydzial/wh/wp-content/uploads/sites/15/ICBEH/ICBEH_logo-768x227.jpg 768w, https://us.edu.pl/wydzial/wh/wp-content/uploads/sites/15/ICBEH/ICBEH_logo-575x170.jpg 575w" sizes="(max-width: 783px) 100vw, 783px" /></p>
</div>
                    </div>
                </div>
                <div class="text-modules">
                    <div class="container">
                        
                        <div class="text-modules__content"><p><img class="alignnone wp-image-4717 size-full" src="https://us.edu.pl/wydzial/wh/wp-content/uploads/sites/15/ICBEH/Visegrad-Fund.jpg" alt="logo Funduszy Wyszehradzkich w języku angielskim" width="100%" height="auto" srcset="https://us.edu.pl/wydzial/wh/wp-content/uploads/sites/15/ICBEH/Visegrad-Fund.jpg 401w, https://us.edu.pl/wydzial/wh/wp-content/uploads/sites/15/ICBEH/Visegrad-Fund-300x136.jpg 300w" sizes="(max-width: 401px) 100vw, 401px" /></p>
</div>
                    </div>
                </div>
                <div class="text-modules">
                    <div class="container">
                        
                        <div class="text-modules__content"></p>
<ul>
<li><a class="mtli_attachment mtli_pdf mtli_attachment mtli_pdf mtli_attachment mtli_pdf" href="https://us.edu.pl/wp-content/uploads/pliki/BB_konferencja_HEC_program_PL.pdf" data-mtli="mtli_filesize203,01kB">Program w języku polskim (dokument pdf)</a></li>
<li><a class="mtli_attachment mtli_docx mtli_attachment mtli_docx mtli_attachment mtli_docx" href="https://us.edu.pl/wp-content/uploads/pliki/BB_konferencja_HEC_program_PL.docx" data-mtli="mtli_filesize337,53kB">Program w języku polskim (dokument docx)</a></li>
<li><a class="mtli_attachment mtli_pdf mtli_attachment mtli_pdf mtli_attachment mtli_pdf" href="https://us.edu.pl/wp-content/uploads/pliki/BB_conference_HEC_programme_EN.pdf" data-mtli="mtli_filesize281,76kB">Program w języku angielskim (dokument pdf)</a></li>
<li><a class="mtli_attachment mtli_docx mtli_attachment mtli_docx mtli_attachment mtli_docx" href="https://us.edu.pl/wp-content/uploads/pliki/BB_conference_HEC_programme_EN.docx" data-mtli="mtli_filesize333,31kB">Program w języku angielskim (dokument docx)</a></li>
</ul>
<p>
</div>
                    </div>
                </div>[/vc_column][/vc_row]</p>
