{"id":169011,"date":"2023-11-15T14:46:57","date_gmt":"2023-11-15T13:46:57","guid":{"rendered":"https:\/\/us.edu.pl\/wydzial\/wh\/?post_type=event&#038;p=169011"},"modified":"2023-11-15T15:10:35","modified_gmt":"2023-11-15T14:10:35","slug":"seminarium-filozoficzne-narodziny-naukowych-stylow-myslenia-w-xvii-w-a-problem-demarkacji","status":"publish","type":"event","link":"https:\/\/us.edu.pl\/wydzial\/wh\/event\/seminarium-filozoficzne-narodziny-naukowych-stylow-myslenia-w-xvii-w-a-problem-demarkacji\/","title":{"rendered":"Seminarium filozoficzne: \u201eNarodziny naukowych styl\u00f3w my\u015blenia w XVII w. a problem demarkacji\u201d"},"content":{"rendered":"<p>[vc_row][vc_column width=&#8221;2\/3&#8243; css=&#8221;.vc_custom_1700055881603{border-right-width: 3px !important;background-color: #ececec !important;border-right-color: #994209 !important;}&#8221;]\r\n                <div class=\"text-modules\">\r\n                    <div class=\"container\">\r\n                        \r\n                        <div class=\"text-modules__content\"><\/p>\n<p style=\"text-align: justify;\">Zapraszamy na seminarium filozoficzne pt. \u201eNarodziny naukowych styl\u00f3w my\u015blenia w XVII w. a problem demarkacji\u201d, kt\u00f3re odb\u0119dzie si\u0119 23.11.2023 r. (czwartek) o godzinie 17:15 w sali 337 w Instytucie Filozofii Uniwersytetu \u015al\u0105skiego (ul. Bankowa 11, Katowice).<\/p>\n<p style=\"text-align: justify;\">Prelegentem b\u0119dzie prof. dr hab. Wojciech Sady. Istnieje mo\u017cliwo\u015b\u0107 do\u0142\u0105czenia do wydarzenia na platformie <a href=\"https:\/\/teams.microsoft.com\/l\/meetup-join\/19%3A0R2nHZdffIAKzfirnp_5I_6kjmPzFiltfA1XTulMEoQ1%40thread.tacv2\/1699903006599?context=%7B%22Tid%22%3A%2250c76291-0c80-4444-a2fb-4f8ab168c311%22%2C%22Oid%22%3A%229944ceb1-221a-4d70-9c7d-0505f76ab2be%22%7D\">MS Teams<\/a>. Planowane jest r\u00f3wnie\u017c nagranie spotkania.<\/p>\n<p style=\"text-align: justify;\">Organizatorami seminarium s\u0105 prof. dr hab. Wojciech Sady, mgr Dawid Szombierski i odb\u0119dzie si\u0119 ono pod patronatem Polskiego Towarzystwa Filozoficznego (oddzia\u0142 w Katowicach).<\/p>\n<p style=\"text-align: justify;\">Zapraszamy do zapoznania si\u0119 z <a href=\"https:\/\/www.youtube.com\/watch?v=kz_QsuDAN-U\">transmisj\u0105 z poprzedniego wydarzenia.<\/a><\/p>\n<p>\n<\/div>\r\n                    <\/div>\r\n                <\/div>[\/vc_column][vc_column width=&#8221;1\/3&#8243;]\r\n                <div class=\"text-modules\">\r\n                    <div class=\"container\">\r\n                        \r\n                        <div class=\"text-modules__content\"><p><img class=\"alignnone wp-image-16386 size-full\" src=\"https:\/\/us.edu.pl\/wydzial\/wh\/wp-content\/uploads\/sites\/15\/OBRAZKI-WYR\u00d3\u017bNIAJ\u0104CE\/literature-3324039_640.jpg\" alt=\"stos ksi\u0105\u017cek\" width=\"640\" height=\"426\" srcset=\"https:\/\/us.edu.pl\/wydzial\/wh\/wp-content\/uploads\/sites\/15\/OBRAZKI-WYR\u00d3\u017bNIAJ\u0104CE\/literature-3324039_640.jpg 640w, https:\/\/us.edu.pl\/wydzial\/wh\/wp-content\/uploads\/sites\/15\/OBRAZKI-WYR\u00d3\u017bNIAJ\u0104CE\/literature-3324039_640-300x200.jpg 300w, https:\/\/us.edu.pl\/wydzial\/wh\/wp-content\/uploads\/sites\/15\/OBRAZKI-WYR\u00d3\u017bNIAJ\u0104CE\/literature-3324039_640-575x383.jpg 575w\" sizes=\"(max-width: 640px) 100vw, 640px\" \/><\/p>\n<\/div>\r\n                    <\/div>\r\n                <\/div>[\/vc_column][\/vc_row][vc_row][vc_column width=&#8221;2\/3&#8243;][vc_separator color=&#8221;sandy_brown&#8221; border_width=&#8221;3&#8243;][\/vc_column][vc_column width=&#8221;1\/3&#8243;][\/vc_column][\/vc_row][vc_row][vc_column width=&#8221;2\/3&#8243; css=&#8221;.vc_custom_1700055942217{border-left-width: 3px !important;background-color: #ececec !important;border-left-color: #994209 !important;}&#8221;]\r\n                <div class=\"text-modules\">\r\n                    <div class=\"container\">\r\n                        \r\n                        <div class=\"text-modules__content\"><p><a href=\"https:\/\/us.edu.pl\/instytut\/ifil\/osoby\/wojciech-sady\/\"><strong>Prof. dr hab. Wojciech Sady<\/strong><\/a> \u2013 filozof nauki, historyk idei i t\u0142umacz. Autor ksi\u0105\u017cek (wybrane publikacje): \u201eStruktura rewolucji relatywistycznej i kwantowej w fizyce\u201d, \u201eSp\u00f3r o racjonalno\u015b\u0107 naukow\u0105: od Poincar\u00e9go do Laudana\u201d, \u201eDzieje religii, filozofii i nauki\u201d (III tomy), \u201eWittgenstein: \u017cycie i dzie\u0142o\u201d. T\u0142umacz (wybrane przek\u0142ady): B. Russell \u201eProblemy filozofii\u201d i I. Lakatos \u201ePisma z filozofii nauk empirycznych\u201d.<\/p>\n<p>You Tube: <a href=\"https:\/\/www.youtube.com\/@wojciechsady480\/featured\">https:\/\/www.youtube.com\/@wojciechsady480\/featured<\/a><\/p>\n<p>&nbsp;<\/p>\n<p><strong>Mgr Dawid Szombierski<\/strong> \u2013 doktorant w Szkole Doktorskiej Uniwersytetu \u015al\u0105skiego. Zainteresowania: epistemologia, metafizyka i filozofia nauki.<\/p>\n<p>You Tube: <a href=\"http:\/\/www.youtube.com\/@DawidSzombierski\">http:\/\/www.youtube.com\/@DawidSzombierski<\/a><\/p>\n<p>\n<\/div>\r\n                    <\/div>\r\n                <\/div>[\/vc_column][vc_column width=&#8221;1\/3&#8243;][\/vc_column][\/vc_row][vc_row][vc_column width=&#8221;2\/3&#8243;][vc_separator color=&#8221;sandy_brown&#8221; border_width=&#8221;3&#8243;][\/vc_column][vc_column width=&#8221;1\/3&#8243;][\/vc_column][\/vc_row]<\/p>","protected":false},"excerpt":{"rendered":"<p>[vc_row][vc_column width=&#8221;2\/3&#8243; css=&#8221;.vc_custom_1700055881603{border-right-width: 3px !important;background-color: #ececec !important;border-right-color: #994209 !important;}&#8221;][\/vc_column][vc_column width=&#8221;1\/3&#8243;][\/vc_column][\/vc_row][vc_row][vc_column width=&#8221;2\/3&#8243;][vc_separator color=&#8221;sandy_brown&#8221; border_width=&#8221;3&#8243;][\/vc_column][vc_column width=&#8221;1\/3&#8243;][\/vc_column][\/vc_row][vc_row][vc_column width=&#8221;2\/3&#8243; css=&#8221;.vc_custom_1700055942217{border-left-width: 3px !important;background-color: #ececec !important;border-left-color: #994209 !important;}&#8221;][\/vc_column][vc_column width=&#8221;1\/3&#8243;][\/vc_column][\/vc_row][vc_row][vc_column width=&#8221;2\/3&#8243;][vc_separator color=&#8221;sandy_brown&#8221; border_width=&#8221;3&#8243;][\/vc_column][vc_column width=&#8221;1\/3&#8243;][\/vc_column][\/vc_row] [&#8230;]<\/p>\n<p><a class=\"btn btn-secondary understrap-read-more-link\" href=\"https:\/\/us.edu.pl\/wydzial\/wh\/event\/seminarium-filozoficzne-narodziny-naukowych-stylow-myslenia-w-xvii-w-a-problem-demarkacji\/\">Read More&#8230;<\/a><\/p>\n","protected":false},"author":2430,"featured_media":0,"template":"","meta":{"_expiration-date-status":"","_expiration-date":0,"_expiration-date-type":"","_expiration-date-categories":[],"_expiration-date-options":[]},"acf":[],"_links":{"self":[{"href":"https:\/\/us.edu.pl\/wydzial\/wh\/wp-json\/wp\/v2\/event\/169011"}],"collection":[{"href":"https:\/\/us.edu.pl\/wydzial\/wh\/wp-json\/wp\/v2\/event"}],"about":[{"href":"https:\/\/us.edu.pl\/wydzial\/wh\/wp-json\/wp\/v2\/types\/event"}],"author":[{"embeddable":true,"href":"https:\/\/us.edu.pl\/wydzial\/wh\/wp-json\/wp\/v2\/users\/2430"}],"version-history":[{"count":5,"href":"https:\/\/us.edu.pl\/wydzial\/wh\/wp-json\/wp\/v2\/event\/169011\/revisions"}],"predecessor-version":[{"id":169016,"href":"https:\/\/us.edu.pl\/wydzial\/wh\/wp-json\/wp\/v2\/event\/169011\/revisions\/169016"}],"wp:attachment":[{"href":"https:\/\/us.edu.pl\/wydzial\/wh\/wp-json\/wp\/v2\/media?parent=169011"}],"curies":[{"name":"wp","href":"https:\/\/api.w.org\/{rel}","templated":true}]}}

Seminarium filozoficzne: „Narodziny naukowych stylów myślenia w XVII w. a problem demarkacji”

<p>[vc_row][vc_column width=&#8221;2/3&#8243; css=&#8221;.vc_custom_1700055881603{border-right-width: 3px !important;background-color: #ececec !important;border-right-color: #994209 !important;}&#8221;]
                <div class="text-modules">
                    <div class="container">
                        
                        <div class="text-modules__content"></p>
<p style="text-align: justify;">Zapraszamy na seminarium filozoficzne pt. „Narodziny naukowych stylów myślenia w XVII w. a problem demarkacji”, które odbędzie się 23.11.2023 r. (czwartek) o godzinie 17:15 w sali 337 w Instytucie Filozofii Uniwersytetu Śląskiego (ul. Bankowa 11, Katowice).</p>
<p style="text-align: justify;">Prelegentem będzie prof. dr hab. Wojciech Sady. Istnieje możliwość dołączenia do wydarzenia na platformie <a href="https://teams.microsoft.com/l/meetup-join/19%3A0R2nHZdffIAKzfirnp_5I_6kjmPzFiltfA1XTulMEoQ1%40thread.tacv2/1699903006599?context=%7B%22Tid%22%3A%2250c76291-0c80-4444-a2fb-4f8ab168c311%22%2C%22Oid%22%3A%229944ceb1-221a-4d70-9c7d-0505f76ab2be%22%7D">MS Teams</a>. Planowane jest również nagranie spotkania.</p>
<p style="text-align: justify;">Organizatorami seminarium są prof. dr hab. Wojciech Sady, mgr Dawid Szombierski i odbędzie się ono pod patronatem Polskiego Towarzystwa Filozoficznego (oddział w Katowicach).</p>
<p style="text-align: justify;">Zapraszamy do zapoznania się z <a href="https://www.youtube.com/watch?v=kz_QsuDAN-U">transmisją z poprzedniego wydarzenia.</a></p>
<p>
</div>
                    </div>
                </div>[/vc_column][vc_column width=&#8221;1/3&#8243;]
                <div class="text-modules">
                    <div class="container">
                        
                        <div class="text-modules__content"><p><img class="alignnone wp-image-16386 size-full" src="https://us.edu.pl/wydzial/wh/wp-content/uploads/sites/15/OBRAZKI-WYRÓŻNIAJĄCE/literature-3324039_640.jpg" alt="stos książek" width="640" height="426" srcset="https://us.edu.pl/wydzial/wh/wp-content/uploads/sites/15/OBRAZKI-WYRÓŻNIAJĄCE/literature-3324039_640.jpg 640w, https://us.edu.pl/wydzial/wh/wp-content/uploads/sites/15/OBRAZKI-WYRÓŻNIAJĄCE/literature-3324039_640-300x200.jpg 300w, https://us.edu.pl/wydzial/wh/wp-content/uploads/sites/15/OBRAZKI-WYRÓŻNIAJĄCE/literature-3324039_640-575x383.jpg 575w" sizes="(max-width: 640px) 100vw, 640px" /></p>
</div>
                    </div>
                </div>[/vc_column][/vc_row][vc_row][vc_column width=&#8221;2/3&#8243;][vc_separator color=&#8221;sandy_brown&#8221; border_width=&#8221;3&#8243;][/vc_column][vc_column width=&#8221;1/3&#8243;][/vc_column][/vc_row][vc_row][vc_column width=&#8221;2/3&#8243; css=&#8221;.vc_custom_1700055942217{border-left-width: 3px !important;background-color: #ececec !important;border-left-color: #994209 !important;}&#8221;]
                <div class="text-modules">
                    <div class="container">
                        
                        <div class="text-modules__content"><p><a href="https://us.edu.pl/instytut/ifil/osoby/wojciech-sady/"><strong>Prof. dr hab. Wojciech Sady</strong></a> – filozof nauki, historyk idei i tłumacz. Autor książek (wybrane publikacje): „Struktura rewolucji relatywistycznej i kwantowej w fizyce”, „Spór o racjonalność naukową: od Poincarégo do Laudana”, „Dzieje religii, filozofii i nauki” (III tomy), „Wittgenstein: życie i dzieło”. Tłumacz (wybrane przekłady): B. Russell „Problemy filozofii” i I. Lakatos „Pisma z filozofii nauk empirycznych”.</p>
<p>You Tube: <a href="https://www.youtube.com/@wojciechsady480/featured">https://www.youtube.com/@wojciechsady480/featured</a></p>
<p>&nbsp;</p>
<p><strong>Mgr Dawid Szombierski</strong> – doktorant w Szkole Doktorskiej Uniwersytetu Śląskiego. Zainteresowania: epistemologia, metafizyka i filozofia nauki.</p>
<p>You Tube: <a href="http://www.youtube.com/@DawidSzombierski">http://www.youtube.com/@DawidSzombierski</a></p>
<p>
</div>
                    </div>
                </div>[/vc_column][vc_column width=&#8221;1/3&#8243;][/vc_column][/vc_row][vc_row][vc_column width=&#8221;2/3&#8243;][vc_separator color=&#8221;sandy_brown&#8221; border_width=&#8221;3&#8243;][/vc_column][vc_column width=&#8221;1/3&#8243;][/vc_column][/vc_row]</p>
