{"id":169385,"date":"2023-12-01T11:58:57","date_gmt":"2023-12-01T10:58:57","guid":{"rendered":"https:\/\/us.edu.pl\/wydzial\/wh\/?post_type=event&#038;p=169385"},"modified":"2023-12-01T11:58:57","modified_gmt":"2023-12-01T10:58:57","slug":"seminarium-filozoficzne-niepublikowana-korespondencja-polskich-logikow-z-heinrichem-scholzem-w-latach-1928-1956","status":"publish","type":"event","link":"https:\/\/us.edu.pl\/wydzial\/wh\/event\/seminarium-filozoficzne-niepublikowana-korespondencja-polskich-logikow-z-heinrichem-scholzem-w-latach-1928-1956\/","title":{"rendered":"Seminarium filozoficzne: \u201eNiepublikowana korespondencja polskich logik\u00f3w z Heinrichem Scholzem w latach 1928-1956\u201d"},"content":{"rendered":"<p>[vc_row][vc_column width=&#8221;2\/3&#8243; css=&#8221;.vc_custom_1701428084858{border-right-width: 3px !important;background-color: #efefef !important;border-right-color: #6d2b00 !important;border-right-style: solid !important;border-radius: 3px !important;}&#8221;]\r\n                <div class=\"text-modules\">\r\n                    <div class=\"container\">\r\n                        \r\n                        <div class=\"text-modules__content\"><\/p>\n<p style=\"text-align: justify;\">Zapraszamy na seminarium filozoficzne pt. \u201eNiepublikowana korespondencja polskich logik\u00f3w z Heinrichem Scholzem w latach 1928-1956\u201d, kt\u00f3re odb\u0119dzie si\u0119 07.12.2023 r. (czwartek) o godzinie 17:15 w sali 337 w Instytucie Filozofii Uniwersytetu \u015al\u0105skiego (ul. Bankowa 11, Katowice).<\/p>\n<p style=\"text-align: justify;\">Prelegentk\u0105 b\u0119dzie dr hab. Gabriela Besler, prof. U\u015a. Istnieje mo\u017cliwo\u015b\u0107 do\u0142\u0105czenia do wydarzenia na platformie <a href=\"https:\/\/teams.microsoft.com\/l\/meetup-join\/19%3a0R2nHZdffIAKzfirnp_5I_6kjmPzFiltfA1XTulMEoQ1%40thread.tacv2\/1701343779540?context=%7b%22Tid%22%3a%2250c76291-0c80-4444-a2fb-4f8ab168c311%22%2c%22Oid%22%3a%229944ceb1-221a-4d70-9c7d-0505f76ab2be%22%7d\">MS Teams<\/a>. Planowane jest r\u00f3wnie\u017c nagranie spotkania.<\/p>\n<p style=\"text-align: justify;\">Organizatorami seminarium s\u0105 prof. dr hab. Wojciech Sady, mgr Dawid Szombierski.<\/p>\n<p style=\"text-align: justify;\">Zapraszamy do zapoznania si\u0119 z <a href=\"https:\/\/www.youtube.com\/watch?v=mpppAcq6TPs\">transmisj\u0105 z poprzedniego wydarzenia,<\/a> na kt\u00f3rym referat zatytu\u0142owany \u201eNarodziny naukowych styl\u00f3w my\u015blenia w XVII w. a problem demarkacji\u201d wyg\u0142osi\u0142 prof. dr hab. Wojciech Sady.<\/p>\n<p>\n<\/div>\r\n                    <\/div>\r\n                <\/div>[\/vc_column][vc_column width=&#8221;1\/3&#8243;]\r\n                <div class=\"text-modules\">\r\n                    <div class=\"container\">\r\n                        \r\n                        <div class=\"text-modules__content\"><p><img class=\"alignnone wp-image-5545 size-full\" src=\"https:\/\/us.edu.pl\/wydzial\/wh\/wp-content\/uploads\/sites\/15\/Nieprzypisane\/book-2592057_640.jpg\" alt=\"na pierwszym planie zdj\u0119cia wida\u0107 otwarty notes, na kt\u00f3rym le\u017cy d\u0142ugopis, w tle uczestnicy konferencji, kt\u00f3rych sylwetki s\u0105 niewyra\u017ane\" width=\"640\" height=\"426\" srcset=\"https:\/\/us.edu.pl\/wydzial\/wh\/wp-content\/uploads\/sites\/15\/Nieprzypisane\/book-2592057_640.jpg 640w, https:\/\/us.edu.pl\/wydzial\/wh\/wp-content\/uploads\/sites\/15\/Nieprzypisane\/book-2592057_640-300x200.jpg 300w, https:\/\/us.edu.pl\/wydzial\/wh\/wp-content\/uploads\/sites\/15\/Nieprzypisane\/book-2592057_640-575x383.jpg 575w\" sizes=\"(max-width: 640px) 100vw, 640px\" \/><\/p>\n<\/div>\r\n                    <\/div>\r\n                <\/div>[\/vc_column][\/vc_row][vc_row][vc_column width=&#8221;2\/3&#8243;][vc_separator color=&#8221;chino&#8221; border_width=&#8221;3&#8243;][\/vc_column][vc_column width=&#8221;1\/3&#8243;][\/vc_column][\/vc_row][vc_row][vc_column width=&#8221;2\/3&#8243; css=&#8221;.vc_custom_1701428110598{border-left-width: 3px !important;background-color: #efefef !important;border-left-color: #6d2b00 !important;border-left-style: solid !important;border-radius: 3px !important;}&#8221;]\r\n                <div class=\"text-modules\">\r\n                    <div class=\"container\">\r\n                        \r\n                        <div class=\"text-modules__content\"><\/p>\n<p style=\"text-align: justify;\"><strong><a href=\"https:\/\/us.edu.pl\/instytut\/ifil\/osoby\/gabriela-besler\/\">Dr hab. Gabriela Besler, prof. U\u015a<\/a><\/strong> \u2013 badaczka zatrudniona od 1991 roku w Instytucie Filozofii Uniwersytetu \u015al\u0105skiego w Katowicach, a od 2019 na stanowisku profesora uczelni. Studiowa\u0142a filozofi\u0119 i doktoryzowa\u0142a si\u0119 w Katolickim Uniwersytecie Lubelskim. Autorka trzech ksi\u0105\u017cek: \u201eSp\u00f3r o koncepcj\u0119 metafizyki. Tomizm egzystencjalny M. A. Kr\u0105pca a filozofia analityczna P. F. Strawsona\u201d, \u201eGottloba Fregego koncepcja analizy filozoficznej\u201d oraz \u201e\u00bbPod\u0105\u017camy tymi samymi lub podobnymi drogami my\u015blowymi\u00ab. Tematyka korespondencji logicznej Gottloba Fregego z Giuseppem Peanem, Dawidem Hilbertem i Bertrandem Russellem. Katowice\u201d.<\/p>\n<p style=\"text-align: justify;\"><a href=\"https:\/\/us.edu.pl\/instytut\/ifil\/osoby\/wojciech-sady\/\"><strong>Prof. dr hab. Wojciech Sady<\/strong><\/a> \u2013 filozof nauki, historyk idei i t\u0142umacz. Autor ksi\u0105\u017cek (wybrane publikacje): \u201eStruktura rewolucji relatywistycznej i kwantowej w fizyce\u201d, \u201eSp\u00f3r o racjonalno\u015b\u0107 naukow\u0105: od Poincar\u00e9go do Laudana\u201d, \u201eDzieje religii, filozofii i nauki\u201d (III tomy), \u201eWittgenstein: \u017cycie i dzie\u0142o\u201d. T\u0142umacz (wybrane przek\u0142ady): B. Russell \u201eProblemy filozofii\u201d i I. Lakatos \u201ePisma z filozofii nauk empirycznych\u201d.<\/p>\n<p style=\"text-align: justify;\">You Tube: <a href=\"https:\/\/www.youtube.com\/@wojciechsady480\/featured\">https:\/\/www.youtube.com\/@wojciechsady480\/featured<\/a><\/p>\n<p style=\"text-align: justify;\"><strong>Mgr Dawid Szombierski<\/strong> \u2013 doktorant w Szkole Doktorskiej Uniwersytetu \u015al\u0105skiego. Zainteresowania: epistemologia, metafizyka i filozofia nauki.<\/p>\n<p style=\"text-align: justify;\">You Tube: <a href=\"http:\/\/www.youtube.com\/@DawidSzombierski\">http:\/\/www.youtube.com\/@DawidSzombierski<\/a><\/p>\n<p>\n<\/div>\r\n                    <\/div>\r\n                <\/div>[\/vc_column][vc_column width=&#8221;1\/3&#8243;][\/vc_column][\/vc_row]<\/p>","protected":false},"excerpt":{"rendered":"<p>[vc_row][vc_column width=&#8221;2\/3&#8243; css=&#8221;.vc_custom_1701428084858{border-right-width: 3px !important;background-color: #efefef !important;border-right-color: #6d2b00 !important;border-right-style: solid !important;border-radius: 3px !important;}&#8221;][\/vc_column][vc_column width=&#8221;1\/3&#8243;][\/vc_column][\/vc_row][vc_row][vc_column width=&#8221;2\/3&#8243;][vc_separator color=&#8221;chino&#8221; border_width=&#8221;3&#8243;][\/vc_column][vc_column width=&#8221;1\/3&#8243;][\/vc_column][\/vc_row][vc_row][vc_column width=&#8221;2\/3&#8243; css=&#8221;.vc_custom_1701428110598{border-left-width: 3px !important;background-color: #efefef !important;border-left-color: #6d2b00 !important;border-left-style: solid !important;border-radius: 3px !important;}&#8221;][\/vc_column][vc_column width=&#8221;1\/3&#8243;][\/vc_column][\/vc_row] [&#8230;]<\/p>\n<p><a class=\"btn btn-secondary understrap-read-more-link\" href=\"https:\/\/us.edu.pl\/wydzial\/wh\/event\/seminarium-filozoficzne-niepublikowana-korespondencja-polskich-logikow-z-heinrichem-scholzem-w-latach-1928-1956\/\">Read More&#8230;<\/a><\/p>\n","protected":false},"author":2430,"featured_media":0,"template":"","meta":{"_expiration-date-status":"","_expiration-date":0,"_expiration-date-type":"","_expiration-date-categories":[],"_expiration-date-options":[]},"acf":[],"_links":{"self":[{"href":"https:\/\/us.edu.pl\/wydzial\/wh\/wp-json\/wp\/v2\/event\/169385"}],"collection":[{"href":"https:\/\/us.edu.pl\/wydzial\/wh\/wp-json\/wp\/v2\/event"}],"about":[{"href":"https:\/\/us.edu.pl\/wydzial\/wh\/wp-json\/wp\/v2\/types\/event"}],"author":[{"embeddable":true,"href":"https:\/\/us.edu.pl\/wydzial\/wh\/wp-json\/wp\/v2\/users\/2430"}],"version-history":[{"count":1,"href":"https:\/\/us.edu.pl\/wydzial\/wh\/wp-json\/wp\/v2\/event\/169385\/revisions"}],"predecessor-version":[{"id":169386,"href":"https:\/\/us.edu.pl\/wydzial\/wh\/wp-json\/wp\/v2\/event\/169385\/revisions\/169386"}],"wp:attachment":[{"href":"https:\/\/us.edu.pl\/wydzial\/wh\/wp-json\/wp\/v2\/media?parent=169385"}],"curies":[{"name":"wp","href":"https:\/\/api.w.org\/{rel}","templated":true}]}}

Seminarium filozoficzne: „Niepublikowana korespondencja polskich logików z Heinrichem Scholzem w latach 1928-1956”

<p>[vc_row][vc_column width=&#8221;2/3&#8243; css=&#8221;.vc_custom_1701428084858{border-right-width: 3px !important;background-color: #efefef !important;border-right-color: #6d2b00 !important;border-right-style: solid !important;border-radius: 3px !important;}&#8221;]
                <div class="text-modules">
                    <div class="container">
                        
                        <div class="text-modules__content"></p>
<p style="text-align: justify;">Zapraszamy na seminarium filozoficzne pt. „Niepublikowana korespondencja polskich logików z Heinrichem Scholzem w latach 1928-1956”, które odbędzie się 07.12.2023 r. (czwartek) o godzinie 17:15 w sali 337 w Instytucie Filozofii Uniwersytetu Śląskiego (ul. Bankowa 11, Katowice).</p>
<p style="text-align: justify;">Prelegentką będzie dr hab. Gabriela Besler, prof. UŚ. Istnieje możliwość dołączenia do wydarzenia na platformie <a href="https://teams.microsoft.com/l/meetup-join/19%3a0R2nHZdffIAKzfirnp_5I_6kjmPzFiltfA1XTulMEoQ1%40thread.tacv2/1701343779540?context=%7b%22Tid%22%3a%2250c76291-0c80-4444-a2fb-4f8ab168c311%22%2c%22Oid%22%3a%229944ceb1-221a-4d70-9c7d-0505f76ab2be%22%7d">MS Teams</a>. Planowane jest również nagranie spotkania.</p>
<p style="text-align: justify;">Organizatorami seminarium są prof. dr hab. Wojciech Sady, mgr Dawid Szombierski.</p>
<p style="text-align: justify;">Zapraszamy do zapoznania się z <a href="https://www.youtube.com/watch?v=mpppAcq6TPs">transmisją z poprzedniego wydarzenia,</a> na którym referat zatytułowany „Narodziny naukowych stylów myślenia w XVII w. a problem demarkacji” wygłosił prof. dr hab. Wojciech Sady.</p>
<p>
</div>
                    </div>
                </div>[/vc_column][vc_column width=&#8221;1/3&#8243;]
                <div class="text-modules">
                    <div class="container">
                        
                        <div class="text-modules__content"><p><img class="alignnone wp-image-5545 size-full" src="https://us.edu.pl/wydzial/wh/wp-content/uploads/sites/15/Nieprzypisane/book-2592057_640.jpg" alt="na pierwszym planie zdjęcia widać otwarty notes, na którym leży długopis, w tle uczestnicy konferencji, których sylwetki są niewyraźne" width="640" height="426" srcset="https://us.edu.pl/wydzial/wh/wp-content/uploads/sites/15/Nieprzypisane/book-2592057_640.jpg 640w, https://us.edu.pl/wydzial/wh/wp-content/uploads/sites/15/Nieprzypisane/book-2592057_640-300x200.jpg 300w, https://us.edu.pl/wydzial/wh/wp-content/uploads/sites/15/Nieprzypisane/book-2592057_640-575x383.jpg 575w" sizes="(max-width: 640px) 100vw, 640px" /></p>
</div>
                    </div>
                </div>[/vc_column][/vc_row][vc_row][vc_column width=&#8221;2/3&#8243;][vc_separator color=&#8221;chino&#8221; border_width=&#8221;3&#8243;][/vc_column][vc_column width=&#8221;1/3&#8243;][/vc_column][/vc_row][vc_row][vc_column width=&#8221;2/3&#8243; css=&#8221;.vc_custom_1701428110598{border-left-width: 3px !important;background-color: #efefef !important;border-left-color: #6d2b00 !important;border-left-style: solid !important;border-radius: 3px !important;}&#8221;]
                <div class="text-modules">
                    <div class="container">
                        
                        <div class="text-modules__content"></p>
<p style="text-align: justify;"><strong><a href="https://us.edu.pl/instytut/ifil/osoby/gabriela-besler/">Dr hab. Gabriela Besler, prof. UŚ</a></strong> – badaczka zatrudniona od 1991 roku w Instytucie Filozofii Uniwersytetu Śląskiego w Katowicach, a od 2019 na stanowisku profesora uczelni. Studiowała filozofię i doktoryzowała się w Katolickim Uniwersytecie Lubelskim. Autorka trzech książek: „Spór o koncepcję metafizyki. Tomizm egzystencjalny M. A. Krąpca a filozofia analityczna P. F. Strawsona”, „Gottloba Fregego koncepcja analizy filozoficznej” oraz „»Podążamy tymi samymi lub podobnymi drogami myślowymi«. Tematyka korespondencji logicznej Gottloba Fregego z Giuseppem Peanem, Dawidem Hilbertem i Bertrandem Russellem. Katowice”.</p>
<p style="text-align: justify;"><a href="https://us.edu.pl/instytut/ifil/osoby/wojciech-sady/"><strong>Prof. dr hab. Wojciech Sady</strong></a> – filozof nauki, historyk idei i tłumacz. Autor książek (wybrane publikacje): „Struktura rewolucji relatywistycznej i kwantowej w fizyce”, „Spór o racjonalność naukową: od Poincarégo do Laudana”, „Dzieje religii, filozofii i nauki” (III tomy), „Wittgenstein: życie i dzieło”. Tłumacz (wybrane przekłady): B. Russell „Problemy filozofii” i I. Lakatos „Pisma z filozofii nauk empirycznych”.</p>
<p style="text-align: justify;">You Tube: <a href="https://www.youtube.com/@wojciechsady480/featured">https://www.youtube.com/@wojciechsady480/featured</a></p>
<p style="text-align: justify;"><strong>Mgr Dawid Szombierski</strong> – doktorant w Szkole Doktorskiej Uniwersytetu Śląskiego. Zainteresowania: epistemologia, metafizyka i filozofia nauki.</p>
<p style="text-align: justify;">You Tube: <a href="http://www.youtube.com/@DawidSzombierski">http://www.youtube.com/@DawidSzombierski</a></p>
<p>
</div>
                    </div>
                </div>[/vc_column][vc_column width=&#8221;1/3&#8243;][/vc_column][/vc_row]</p>
