{"id":169880,"date":"2023-12-28T11:57:58","date_gmt":"2023-12-28T10:57:58","guid":{"rendered":"https:\/\/us.edu.pl\/wydzial\/wh\/?post_type=event&#038;p=169880"},"modified":"2023-12-28T11:57:58","modified_gmt":"2023-12-28T10:57:58","slug":"prelekcja-prof-wojciecha-sadego-o-traktacie-wittngesteina","status":"publish","type":"event","link":"https:\/\/us.edu.pl\/wydzial\/wh\/event\/prelekcja-prof-wojciecha-sadego-o-traktacie-wittngesteina\/","title":{"rendered":"Prelekcja prof. Wojciecha Sadego o Traktacie Wittngesteina"},"content":{"rendered":"<p>[vc_row][vc_column width=&#8221;2\/3&#8243;]\r\n                <div class=\"text-modules\">\r\n                    <div class=\"container\">\r\n                        \r\n                        <div class=\"text-modules__content\"><p>Ko\u0142o Naukowe Filozofii Analitycznej (Sebastian Stok\u0142osa) zaprasza na <em>Prelekcj\u0119 prof. Wojciecha Sadego o\u00a0Traktacie Wittngesteina<\/em> 11 stycznia o godzinie 17:15 w Sali 337 (<a href=\"https:\/\/us.edu.pl\/instytut\/ifil\/\">Instytut Filozofii<\/a>, ul. Bankowa 11, Katowice).<\/p>\n<p>&nbsp;<\/p>\n<p><a href=\"https:\/\/us.edu.pl\/instytut\/ifil\/osoby\/wojciech-sady\/\">Prof. dr hab. Wojciech Sady<\/a> \u2013 filozof nauki, historyk idei i t\u0142umacz. Autor ksi\u0105\u017cek (wybrane publikacje): \u201eStruktura rewolucji relatywistycznej i kwantowej w fizyce\u201d, \u201eSp\u00f3r o racjonalno\u015b\u0107 naukow\u0105: od Poincar\u00e9go do Laudana\u201d, \u201eDzieje religii, filozofii i nauki\u201d (III tomy), \u201eWittgenstein: \u017cycie i dzie\u0142o\u201d. T\u0142umacz (wybrane przek\u0142ady): B. Russell \u201eProblemy filozofii\u201d i I. Lakatos \u201ePisma z filozofii nauk empirycznych\u201d. You Tube: <a href=\"https:\/\/www.youtube.com\/@wojciechsady480\/featured\">https:\/\/www.youtube.com\/@wojciechsady480\/featured<\/a><\/p>\n<\/div>\r\n                    <\/div>\r\n                <\/div>[\/vc_column][vc_column width=&#8221;1\/3&#8243;]\r\n                <div class=\"text-modules\">\r\n                    <div class=\"container\">\r\n                        \r\n                        <div class=\"text-modules__content\"><p><img class=\"alignnone wp-image-169667 size-full\" src=\"https:\/\/us.edu.pl\/wydzial\/wh\/wp-content\/uploads\/sites\/15\/OBRAZKI-WYROZNIAJACE\/philosophy.png\" alt=\"napis &quot;Philosophy&quot; napisany kred\u0105 na tablicy\" width=\"800\" height=\"600\" srcset=\"https:\/\/us.edu.pl\/wydzial\/wh\/wp-content\/uploads\/sites\/15\/OBRAZKI-WYROZNIAJACE\/philosophy.png 800w, https:\/\/us.edu.pl\/wydzial\/wh\/wp-content\/uploads\/sites\/15\/OBRAZKI-WYROZNIAJACE\/philosophy-300x225.png 300w, https:\/\/us.edu.pl\/wydzial\/wh\/wp-content\/uploads\/sites\/15\/OBRAZKI-WYROZNIAJACE\/philosophy-768x576.png 768w, https:\/\/us.edu.pl\/wydzial\/wh\/wp-content\/uploads\/sites\/15\/OBRAZKI-WYROZNIAJACE\/philosophy-575x431.png 575w\" sizes=\"(max-width: 800px) 100vw, 800px\" \/><\/p>\n<\/div>\r\n                    <\/div>\r\n                <\/div>[\/vc_column][\/vc_row]<\/p>","protected":false},"excerpt":{"rendered":"<p>[vc_row][vc_column width=&#8221;2\/3&#8243;][\/vc_column][vc_column width=&#8221;1\/3&#8243;][\/vc_column][\/vc_row] [&#8230;]<\/p>\n<p><a class=\"btn btn-secondary understrap-read-more-link\" href=\"https:\/\/us.edu.pl\/wydzial\/wh\/event\/prelekcja-prof-wojciecha-sadego-o-traktacie-wittngesteina\/\">Read More&#8230;<\/a><\/p>\n","protected":false},"author":1,"featured_media":0,"template":"","meta":{"_expiration-date-status":"","_expiration-date":0,"_expiration-date-type":"","_expiration-date-categories":[],"_expiration-date-options":[]},"acf":[],"_links":{"self":[{"href":"https:\/\/us.edu.pl\/wydzial\/wh\/wp-json\/wp\/v2\/event\/169880"}],"collection":[{"href":"https:\/\/us.edu.pl\/wydzial\/wh\/wp-json\/wp\/v2\/event"}],"about":[{"href":"https:\/\/us.edu.pl\/wydzial\/wh\/wp-json\/wp\/v2\/types\/event"}],"author":[{"embeddable":true,"href":"https:\/\/us.edu.pl\/wydzial\/wh\/wp-json\/wp\/v2\/users\/1"}],"version-history":[{"count":2,"href":"https:\/\/us.edu.pl\/wydzial\/wh\/wp-json\/wp\/v2\/event\/169880\/revisions"}],"predecessor-version":[{"id":169882,"href":"https:\/\/us.edu.pl\/wydzial\/wh\/wp-json\/wp\/v2\/event\/169880\/revisions\/169882"}],"wp:attachment":[{"href":"https:\/\/us.edu.pl\/wydzial\/wh\/wp-json\/wp\/v2\/media?parent=169880"}],"curies":[{"name":"wp","href":"https:\/\/api.w.org\/{rel}","templated":true}]}}

<p>[vc_row][vc_column width=&#8221;2/3&#8243;]
                <div class="text-modules">
                    <div class="container">
                        
                        <div class="text-modules__content"><p>Koło Naukowe Filozofii Analitycznej (Sebastian Stokłosa) zaprasza na <em>Prelekcję prof. Wojciecha Sadego o Traktacie Wittngesteina</em> 11 stycznia o godzinie 17:15 w Sali 337 (<a href="https://us.edu.pl/instytut/ifil/">Instytut Filozofii</a>, ul. Bankowa 11, Katowice).</p>
<p>&nbsp;</p>
<p><a href="https://us.edu.pl/instytut/ifil/osoby/wojciech-sady/">Prof. dr hab. Wojciech Sady</a> – filozof nauki, historyk idei i tłumacz. Autor książek (wybrane publikacje): „Struktura rewolucji relatywistycznej i kwantowej w fizyce”, „Spór o racjonalność naukową: od Poincarégo do Laudana”, „Dzieje religii, filozofii i nauki” (III tomy), „Wittgenstein: życie i dzieło”. Tłumacz (wybrane przekłady): B. Russell „Problemy filozofii” i I. Lakatos „Pisma z filozofii nauk empirycznych”. You Tube: <a href="https://www.youtube.com/@wojciechsady480/featured">https://www.youtube.com/@wojciechsady480/featured</a></p>
</div>
                    </div>
                </div>[/vc_column][vc_column width=&#8221;1/3&#8243;]
                <div class="text-modules">
                    <div class="container">
                        
                        <div class="text-modules__content"><p><img class="alignnone wp-image-169667 size-full" src="https://us.edu.pl/wydzial/wh/wp-content/uploads/sites/15/OBRAZKI-WYROZNIAJACE/philosophy.png" alt="napis &quot;Philosophy&quot; napisany kredą na tablicy" width="800" height="600" srcset="https://us.edu.pl/wydzial/wh/wp-content/uploads/sites/15/OBRAZKI-WYROZNIAJACE/philosophy.png 800w, https://us.edu.pl/wydzial/wh/wp-content/uploads/sites/15/OBRAZKI-WYROZNIAJACE/philosophy-300x225.png 300w, https://us.edu.pl/wydzial/wh/wp-content/uploads/sites/15/OBRAZKI-WYROZNIAJACE/philosophy-768x576.png 768w, https://us.edu.pl/wydzial/wh/wp-content/uploads/sites/15/OBRAZKI-WYROZNIAJACE/philosophy-575x431.png 575w" sizes="(max-width: 800px) 100vw, 800px" /></p>
</div>
                    </div>
                </div>[/vc_column][/vc_row]</p>
