{"id":170102,"date":"2024-01-16T11:05:12","date_gmt":"2024-01-16T10:05:12","guid":{"rendered":"https:\/\/us.edu.pl\/wydzial\/wh\/?post_type=event&#038;p=170102"},"modified":"2024-01-16T11:16:26","modified_gmt":"2024-01-16T10:16:26","slug":"okazjonalnosc-bez-jezykoznawstwa-o-kilku-niejasnosciach-filozofii-jezyka-seminarium","status":"publish","type":"event","link":"https:\/\/us.edu.pl\/wydzial\/wh\/event\/okazjonalnosc-bez-jezykoznawstwa-o-kilku-niejasnosciach-filozofii-jezyka-seminarium\/","title":{"rendered":"Okazjonalno\u015b\u0107 bez j\u0119zykoznawstwa. O kilku niejasno\u015bciach filozofii j\u0119zyka &#8211; seminarium"},"content":{"rendered":"<p>[vc_row][vc_column width=&#8221;2\/3&#8243;]\r\n                <div class=\"text-modules\">\r\n                    <div class=\"container\">\r\n                        \r\n                        <div class=\"text-modules__content\"><p>18 stycznia o godzinie 17:15 zapraszamy na seminarium pt. \u201eOkazjonalno\u015b\u0107 bez j\u0119zykoznawstwa. O kilku niejasno\u015bciach filozofii j\u0119zyka\u201d.<\/p>\n<p>Prelegent: <a href=\"https:\/\/us.edu.pl\/instytut\/ifil\/osoby\/witold-marzeda\/\">dr Witold Marz\u0119da<\/a><\/p>\n<p>Miejsce: sala 337 w Instytucie Filozofii Uniwersytetu \u015al\u0105skiego (ul. Bankowa 11, Katowice)<\/p>\n<p>Organizacja: prof. dr hab. Wojciech Sady, mgr Dawid Szombierski<\/p>\n<p>Seminarium filozoficzne odb\u0119dzie si\u0119 pod patronatem Polskiego Towarzystwa Filozoficznego (oddzia\u0142 w Katowicach). Planowane jest nagranie wydarzenia i jego udost\u0119pnienie na YouTube.<\/p>\n<p>Zapraszamy do obejrzenia prelekcji prof. Wojciecha Sadego o Traktacie Wittgensteina:\u00a0<a href=\"https:\/\/www.youtube.com\/watch?v=W509TiyFJzE\">https:\/\/www.youtube.com\/watch?v=W509TiyFJzE<\/a><\/p>\n<\/div>\r\n                    <\/div>\r\n                <\/div>[\/vc_column][vc_column width=&#8221;1\/3&#8243;]\r\n                <div class=\"text-modules\">\r\n                    <div class=\"container\">\r\n                        \r\n                        <div class=\"text-modules__content\"><p><img class=\"alignnone wp-image-162545 size-full\" src=\"https:\/\/us.edu.pl\/wydzial\/wh\/wp-content\/uploads\/sites\/15\/OBRAZKI-WYROZNIAJACE\/douglas-lopez-WFItslWB89M-unsplash-1.jpg\" alt=\"osoba siedz\u0105ca w sali lekcyjnej robi\u0105ca notatki\" width=\"100%\" height=\"auto\" srcset=\"https:\/\/us.edu.pl\/wydzial\/wh\/wp-content\/uploads\/sites\/15\/OBRAZKI-WYROZNIAJACE\/douglas-lopez-WFItslWB89M-unsplash-1.jpg 800w, https:\/\/us.edu.pl\/wydzial\/wh\/wp-content\/uploads\/sites\/15\/OBRAZKI-WYROZNIAJACE\/douglas-lopez-WFItslWB89M-unsplash-1-300x200.jpg 300w, https:\/\/us.edu.pl\/wydzial\/wh\/wp-content\/uploads\/sites\/15\/OBRAZKI-WYROZNIAJACE\/douglas-lopez-WFItslWB89M-unsplash-1-768x512.jpg 768w, https:\/\/us.edu.pl\/wydzial\/wh\/wp-content\/uploads\/sites\/15\/OBRAZKI-WYROZNIAJACE\/douglas-lopez-WFItslWB89M-unsplash-1-575x383.jpg 575w\" sizes=\"(max-width: 800px) 100vw, 800px\" \/><\/p>\n<\/div>\r\n                    <\/div>\r\n                <\/div>[\/vc_column][\/vc_row]<\/p>","protected":false},"excerpt":{"rendered":"<p>[vc_row][vc_column width=&#8221;2\/3&#8243;][\/vc_column][vc_column width=&#8221;1\/3&#8243;][\/vc_column][\/vc_row] [&#8230;]<\/p>\n<p><a class=\"btn btn-secondary understrap-read-more-link\" href=\"https:\/\/us.edu.pl\/wydzial\/wh\/event\/okazjonalnosc-bez-jezykoznawstwa-o-kilku-niejasnosciach-filozofii-jezyka-seminarium\/\">Read More&#8230;<\/a><\/p>\n","protected":false},"author":1,"featured_media":0,"template":"","meta":{"_expiration-date-status":"","_expiration-date":0,"_expiration-date-type":"","_expiration-date-categories":[],"_expiration-date-options":[]},"acf":[],"_links":{"self":[{"href":"https:\/\/us.edu.pl\/wydzial\/wh\/wp-json\/wp\/v2\/event\/170102"}],"collection":[{"href":"https:\/\/us.edu.pl\/wydzial\/wh\/wp-json\/wp\/v2\/event"}],"about":[{"href":"https:\/\/us.edu.pl\/wydzial\/wh\/wp-json\/wp\/v2\/types\/event"}],"author":[{"embeddable":true,"href":"https:\/\/us.edu.pl\/wydzial\/wh\/wp-json\/wp\/v2\/users\/1"}],"version-history":[{"count":4,"href":"https:\/\/us.edu.pl\/wydzial\/wh\/wp-json\/wp\/v2\/event\/170102\/revisions"}],"predecessor-version":[{"id":170111,"href":"https:\/\/us.edu.pl\/wydzial\/wh\/wp-json\/wp\/v2\/event\/170102\/revisions\/170111"}],"wp:attachment":[{"href":"https:\/\/us.edu.pl\/wydzial\/wh\/wp-json\/wp\/v2\/media?parent=170102"}],"curies":[{"name":"wp","href":"https:\/\/api.w.org\/{rel}","templated":true}]}}

Okazjonalność bez językoznawstwa. O kilku niejasnościach filozofii języka &#8211; seminarium

<p>[vc_row][vc_column width=&#8221;2/3&#8243;]
                <div class="text-modules">
                    <div class="container">
                        
                        <div class="text-modules__content"><p>18 stycznia o godzinie 17:15 zapraszamy na seminarium pt. „Okazjonalność bez językoznawstwa. O kilku niejasnościach filozofii języka”.</p>
<p>Prelegent: <a href="https://us.edu.pl/instytut/ifil/osoby/witold-marzeda/">dr Witold Marzęda</a></p>
<p>Miejsce: sala 337 w Instytucie Filozofii Uniwersytetu Śląskiego (ul. Bankowa 11, Katowice)</p>
<p>Organizacja: prof. dr hab. Wojciech Sady, mgr Dawid Szombierski</p>
<p>Seminarium filozoficzne odbędzie się pod patronatem Polskiego Towarzystwa Filozoficznego (oddział w Katowicach). Planowane jest nagranie wydarzenia i jego udostępnienie na YouTube.</p>
<p>Zapraszamy do obejrzenia prelekcji prof. Wojciecha Sadego o Traktacie Wittgensteina: <a href="https://www.youtube.com/watch?v=W509TiyFJzE">https://www.youtube.com/watch?v=W509TiyFJzE</a></p>
</div>
                    </div>
                </div>[/vc_column][vc_column width=&#8221;1/3&#8243;]
                <div class="text-modules">
                    <div class="container">
                        
                        <div class="text-modules__content"><p><img class="alignnone wp-image-162545 size-full" src="https://us.edu.pl/wydzial/wh/wp-content/uploads/sites/15/OBRAZKI-WYROZNIAJACE/douglas-lopez-WFItslWB89M-unsplash-1.jpg" alt="osoba siedząca w sali lekcyjnej robiąca notatki" width="100%" height="auto" srcset="https://us.edu.pl/wydzial/wh/wp-content/uploads/sites/15/OBRAZKI-WYROZNIAJACE/douglas-lopez-WFItslWB89M-unsplash-1.jpg 800w, https://us.edu.pl/wydzial/wh/wp-content/uploads/sites/15/OBRAZKI-WYROZNIAJACE/douglas-lopez-WFItslWB89M-unsplash-1-300x200.jpg 300w, https://us.edu.pl/wydzial/wh/wp-content/uploads/sites/15/OBRAZKI-WYROZNIAJACE/douglas-lopez-WFItslWB89M-unsplash-1-768x512.jpg 768w, https://us.edu.pl/wydzial/wh/wp-content/uploads/sites/15/OBRAZKI-WYROZNIAJACE/douglas-lopez-WFItslWB89M-unsplash-1-575x383.jpg 575w" sizes="(max-width: 800px) 100vw, 800px" /></p>
</div>
                    </div>
                </div>[/vc_column][/vc_row]</p>
