{"id":172333,"date":"2024-04-17T14:54:31","date_gmt":"2024-04-17T12:54:31","guid":{"rendered":"https:\/\/us.edu.pl\/wydzial\/wh\/?post_type=event&#038;p=172333"},"modified":"2024-04-17T14:54:31","modified_gmt":"2024-04-17T12:54:31","slug":"luzofonia-2024","status":"publish","type":"event","link":"https:\/\/us.edu.pl\/wydzial\/wh\/event\/luzofonia-2024\/","title":{"rendered":"Luzofonia 2024"},"content":{"rendered":"<p>[vc_row][vc_column width=&#8221;2\/3&#8243; css=&#8221;.vc_custom_1713358450240{border-right-width: 2px !important;border-left-width: 2px !important;border-left-color: #0f6936 !important;border-left-style: solid !important;border-right-color: #0f6936 !important;border-right-style: solid !important;border-radius: 10px !important;}&#8221;]\r\n                <div class=\"text-modules\">\r\n                    <div class=\"container\">\r\n                        \r\n                        <div class=\"text-modules__content\"><p>Tegoroczna Luzofonia \u2013 wydarzenie promuj\u0105ce j\u0119zyk portugalski oraz kultur\u0119 Portugalii \u2013 odb\u0119dzie si\u0119 <strong>24 kwietnia 2024 roku o godz. 10.00<\/strong> na Wydziale Humanistycznym Uniwersytetu \u015al\u0105skiego w Sosnowcu. Has\u0142em przewodnim b\u0119dzie: \u201eMadera \u2013 zielona per\u0142a oceanu\u201d.<\/p>\n<p>W tym roku wyruszymy na specjaln\u0105 ekspedycj\u0119 w poszukiwaniu skarb\u00f3w na portugalskich wyspach (wyk\u0142ad dr Agaty B\u0142och, Polska Akademia Nauk \/ Uniwersytet Jagiello\u0144ski), poznamy najciekawsze zak\u0105tki zielonej per\u0142y oceanu dzi\u0119ki osobistym relacjom uczni\u00f3w szko\u0142y \u015bredniej na Maderze (Escola B\u00e1sica e Secund\u00e1ria Padre Manuel \u00c1lvares), zobaczymy najpi\u0119kniejsze uj\u0119cia krajobrazu (i nie tylko) z perspektywy polskiej fotograf Marty P\u0142achty oraz dowiemy si\u0119, jak wygl\u0105da (nie)zwyczajne \u017cycie na wyspie Porto Santo (wyk\u0142ad dr Sylwii Klos, Uniwersytet \u015al\u0105ski).<\/p>\n<p>Wydarzeniu towarzyszy\u0107 b\u0119dzie niezale\u017cna wystawa dotycz\u0105ca budowy kolei w Brazylii przez polskiego konstruktora Teofila Witolda Wierzbowskiego \u201eJak Polak w Brazylii kolej budowa\u0142\u2026\u201d.<\/p>\n<p>Wydarzenie realizowane jest w pa\u015bmie Miasto-Region-Akademia w ramach obchod\u00f3w Europejskiego Miasta Nauki Katowice 2024.<\/p>\n<\/div>\r\n                    <\/div>\r\n                <\/div>[\/vc_column][vc_column width=&#8221;1\/3&#8243;]\r\n                <div class=\"text-modules\">\r\n                    <div class=\"container\">\r\n                        \r\n                        <div class=\"text-modules__content\"><p><img class=\"alignnone wp-image-172334 size-full\" src=\"https:\/\/us.edu.pl\/wydzial\/wh\/wp-content\/uploads\/sites\/15\/Bez-kategorii\/plansza_Luzofonia_2024_.jpg\" alt=\"grafika informuj\u0105ca Luzofonii 2024\" width=\"100%\" height=\"auto\" srcset=\"https:\/\/us.edu.pl\/wydzial\/wh\/wp-content\/uploads\/sites\/15\/Bez-kategorii\/plansza_Luzofonia_2024_.jpg 900w, https:\/\/us.edu.pl\/wydzial\/wh\/wp-content\/uploads\/sites\/15\/Bez-kategorii\/plansza_Luzofonia_2024_-300x169.jpg 300w, https:\/\/us.edu.pl\/wydzial\/wh\/wp-content\/uploads\/sites\/15\/Bez-kategorii\/plansza_Luzofonia_2024_-768x432.jpg 768w, https:\/\/us.edu.pl\/wydzial\/wh\/wp-content\/uploads\/sites\/15\/Bez-kategorii\/plansza_Luzofonia_2024_-575x323.jpg 575w\" sizes=\"(max-width: 900px) 100vw, 900px\" \/><\/p>\n<\/div>\r\n                    <\/div>\r\n                <\/div>[\/vc_column][\/vc_row]<\/p>","protected":false},"excerpt":{"rendered":"<p>[vc_row][vc_column width=&#8221;2\/3&#8243; css=&#8221;.vc_custom_1713358450240{border-right-width: 2px !important;border-left-width: 2px !important;border-left-color: #0f6936 !important;border-left-style: solid !important;border-right-color: #0f6936 !important;border-right-style: solid !important;border-radius: 10px !important;}&#8221;][\/vc_column][vc_column width=&#8221;1\/3&#8243;][\/vc_column][\/vc_row] [&#8230;]<\/p>\n<p><a class=\"btn btn-secondary understrap-read-more-link\" href=\"https:\/\/us.edu.pl\/wydzial\/wh\/event\/luzofonia-2024\/\">Read More&#8230;<\/a><\/p>\n","protected":false},"author":1,"featured_media":0,"template":"","meta":{"_expiration-date-status":"","_expiration-date":0,"_expiration-date-type":"","_expiration-date-categories":[],"_expiration-date-options":[]},"acf":[],"_links":{"self":[{"href":"https:\/\/us.edu.pl\/wydzial\/wh\/wp-json\/wp\/v2\/event\/172333"}],"collection":[{"href":"https:\/\/us.edu.pl\/wydzial\/wh\/wp-json\/wp\/v2\/event"}],"about":[{"href":"https:\/\/us.edu.pl\/wydzial\/wh\/wp-json\/wp\/v2\/types\/event"}],"author":[{"embeddable":true,"href":"https:\/\/us.edu.pl\/wydzial\/wh\/wp-json\/wp\/v2\/users\/1"}],"version-history":[{"count":4,"href":"https:\/\/us.edu.pl\/wydzial\/wh\/wp-json\/wp\/v2\/event\/172333\/revisions"}],"predecessor-version":[{"id":172339,"href":"https:\/\/us.edu.pl\/wydzial\/wh\/wp-json\/wp\/v2\/event\/172333\/revisions\/172339"}],"wp:attachment":[{"href":"https:\/\/us.edu.pl\/wydzial\/wh\/wp-json\/wp\/v2\/media?parent=172333"}],"curies":[{"name":"wp","href":"https:\/\/api.w.org\/{rel}","templated":true}]}}

<p>[vc_row][vc_column width=&#8221;2/3&#8243; css=&#8221;.vc_custom_1713358450240{border-right-width: 2px !important;border-left-width: 2px !important;border-left-color: #0f6936 !important;border-left-style: solid !important;border-right-color: #0f6936 !important;border-right-style: solid !important;border-radius: 10px !important;}&#8221;]
                <div class="text-modules">
                    <div class="container">
                        
                        <div class="text-modules__content"><p>Tegoroczna Luzofonia – wydarzenie promujące język portugalski oraz kulturę Portugalii – odbędzie się <strong>24 kwietnia 2024 roku o godz. 10.00</strong> na Wydziale Humanistycznym Uniwersytetu Śląskiego w Sosnowcu. Hasłem przewodnim będzie: „Madera – zielona perła oceanu”.</p>
<p>W tym roku wyruszymy na specjalną ekspedycję w poszukiwaniu skarbów na portugalskich wyspach (wykład dr Agaty Błoch, Polska Akademia Nauk / Uniwersytet Jagielloński), poznamy najciekawsze zakątki zielonej perły oceanu dzięki osobistym relacjom uczniów szkoły średniej na Maderze (Escola Básica e Secundária Padre Manuel Álvares), zobaczymy najpiękniejsze ujęcia krajobrazu (i nie tylko) z perspektywy polskiej fotograf Marty Płachty oraz dowiemy się, jak wygląda (nie)zwyczajne życie na wyspie Porto Santo (wykład dr Sylwii Klos, Uniwersytet Śląski).</p>
<p>Wydarzeniu towarzyszyć będzie niezależna wystawa dotycząca budowy kolei w Brazylii przez polskiego konstruktora Teofila Witolda Wierzbowskiego „Jak Polak w Brazylii kolej budował…”.</p>
<p>Wydarzenie realizowane jest w paśmie Miasto-Region-Akademia w ramach obchodów Europejskiego Miasta Nauki Katowice 2024.</p>
</div>
                    </div>
                </div>[/vc_column][vc_column width=&#8221;1/3&#8243;]
                <div class="text-modules">
                    <div class="container">
                        
                        <div class="text-modules__content"><p><img class="alignnone wp-image-172334 size-full" src="https://us.edu.pl/wydzial/wh/wp-content/uploads/sites/15/Bez-kategorii/plansza_Luzofonia_2024_.jpg" alt="grafika informująca Luzofonii 2024" width="100%" height="auto" srcset="https://us.edu.pl/wydzial/wh/wp-content/uploads/sites/15/Bez-kategorii/plansza_Luzofonia_2024_.jpg 900w, https://us.edu.pl/wydzial/wh/wp-content/uploads/sites/15/Bez-kategorii/plansza_Luzofonia_2024_-300x169.jpg 300w, https://us.edu.pl/wydzial/wh/wp-content/uploads/sites/15/Bez-kategorii/plansza_Luzofonia_2024_-768x432.jpg 768w, https://us.edu.pl/wydzial/wh/wp-content/uploads/sites/15/Bez-kategorii/plansza_Luzofonia_2024_-575x323.jpg 575w" sizes="(max-width: 900px) 100vw, 900px" /></p>
</div>
                    </div>
                </div>[/vc_column][/vc_row]</p>
