{"id":172967,"date":"2024-06-04T14:54:49","date_gmt":"2024-06-04T12:54:49","guid":{"rendered":"https:\/\/us.edu.pl\/wydzial\/wh\/?post_type=event&#038;p=172967"},"modified":"2024-06-04T14:54:49","modified_gmt":"2024-06-04T12:54:49","slug":"seminarium-co-to-jest-spoleczna-epistemologia-wprowadzenie-do-nowego-nurtu-badan","status":"publish","type":"event","link":"https:\/\/us.edu.pl\/wydzial\/wh\/event\/seminarium-co-to-jest-spoleczna-epistemologia-wprowadzenie-do-nowego-nurtu-badan\/","title":{"rendered":"Seminarium: Co to jest spo\u0142eczna epistemologia? Wprowadzenie do nowego nurtu bada\u0144"},"content":{"rendered":"<p>[vc_row][vc_column width=&#8221;2\/3&#8243;]\r\n                <div class=\"text-modules\">\r\n                    <div class=\"container\">\r\n                        \r\n                        <div class=\"text-modules__content\"><p>Zapraszamy na seminarium filozoficzne, kt\u00f3re odb\u0119dzie si\u0119 pod patronatem Polskiego Towarzystwa Filozoficznego (oddzia\u0142 w Katowicach).<\/p>\n<p>Tytu\u0142: <strong>\u201eCo to jest spo\u0142eczna epistemologia? Wprowadzenie do nowego nurtu bada\u0144\u201d<\/strong><\/p>\n<p>Prelegent: <a href=\"https:\/\/us.edu.pl\/instytut\/ifil\/osoby\/szymon-makula\/\">dr Szymon Maku\u0142a<\/a><\/p>\n<p>Termin: 06.06.2024 r. (czwartek) o godzinie 17:15<\/p>\n<p>Miejsce: 333 w <a href=\"https:\/\/us.edu.pl\/instytut\/ifil\/\">Instytucie Filozofii Uniwersytetu \u015al\u0105skiego<\/a> (ul. Bankowa 11, Katowice)<\/p>\n<p>Organizacja: <a href=\"https:\/\/us.edu.pl\/instytut\/ifil\/osoby\/wojciech-sady\/\">prof. dr hab. Wojciech Sady<\/a>, mgr Dawid Szombierski<\/p>\n<\/div>\r\n                    <\/div>\r\n                <\/div>[vc_empty_space][vc_row_inner][vc_column_inner css=&#8221;.vc_custom_1717505619581{border-top-width: 2px !important;border-right-width: 2px !important;border-bottom-width: 2px !important;border-left-width: 2px !important;border-left-color: #000000 !important;border-left-style: solid !important;border-right-color: #000000 !important;border-right-style: solid !important;border-top-color: #000000 !important;border-top-style: solid !important;border-bottom-color: #000000 !important;border-bottom-style: solid !important;border-radius: 10px !important;}&#8221;]\r\n                <div class=\"text-modules\">\r\n                    <div class=\"container\">\r\n                        \r\n                        <div class=\"text-modules__content\"><p><strong>Dr\u00a0Szymon Maku\u0142a<\/strong> \u2013 adiunkt w Instytucie Filozofii Uniwersytetu \u015al\u0105skiego. Zainteresowania badawcze: filozofia nauki, metodologia nauk spo\u0142ecznych, logika nieformalna, krytyczne my\u015blenie, b\u0142\u0119dy poznawcze, teoria argumentacji. Autor pracy doktorskiej \u201eSemantyczny antyrealizm metafilozoficzny\u201d i artyku\u0142\u00f3w (wybrane publikacje): \u201eThe Devil is in the Framework. Comment on Mizrahi vs. all Debate on the Strength of Arguments from an Expert Opinion\u201d (\u201ePhilosophia\u201d 2022), \u201eIs There an Alternative to Moderate Scientism?\u201d (\u201eOrganon F\u201d 2021), \u201eConspiratio maligna w naczyniu, czyli globalne teorie spiskowe a sceptycyzm\u201d (\u201eAnaliza i Egzystencja\u201d 2021).<\/p>\n<\/div>\r\n                    <\/div>\r\n                <\/div>[\/vc_column_inner][\/vc_row_inner][vc_empty_space][vc_row_inner][vc_column_inner css=&#8221;.vc_custom_1717505607958{border-top-width: 2px !important;border-right-width: 2px !important;border-bottom-width: 2px !important;border-left-width: 2px !important;border-left-color: #000000 !important;border-left-style: solid !important;border-right-color: #000000 !important;border-right-style: solid !important;border-top-color: #000000 !important;border-top-style: solid !important;border-bottom-color: #000000 !important;border-bottom-style: solid !important;border-radius: 10px !important;}&#8221;]\r\n                <div class=\"text-modules\">\r\n                    <div class=\"container\">\r\n                        \r\n                        <div class=\"text-modules__content\"><p><strong>Prof. dr hab. Wojciech Sady<\/strong> \u2013 filozof nauki, historyk idei i t\u0142umacz. Autor ksi\u0105\u017cek (wybrane publikacje): \u201eStruktura rewolucji relatywistycznej i kwantowej w fizyce\u201d, \u201eSp\u00f3r o racjonalno\u015b\u0107 naukow\u0105: od Poincar\u00e9go do Laudana\u201d, \u201eDzieje religii, filozofii i nauki\u201d (III tomy), \u201eWittgenstein: \u017cycie i dzie\u0142o\u201d. T\u0142umacz (wybrane przek\u0142ady): B. Russell \u201eProblemy filozofii\u201d i I. Lakatos \u201ePisma z filozofii nauk empirycznych\u201d. YouTube:\u00a0<a href=\"https:\/\/www.youtube.com\/channel\/UCtn_kp_VAKvCIyN8vnAshvg\/featured\">https:\/\/www.youtube.com\/channel\/UCtn_kp_VAKvCIyN8vnAshvg\/featured<\/a><\/p>\n<\/div>\r\n                    <\/div>\r\n                <\/div>[\/vc_column_inner][\/vc_row_inner][vc_empty_space][vc_row_inner][vc_column_inner css=&#8221;.vc_custom_1717505596231{border-top-width: 2px !important;border-right-width: 2px !important;border-bottom-width: 2px !important;border-left-width: 2px !important;border-left-color: #000000 !important;border-left-style: solid !important;border-right-color: #000000 !important;border-right-style: solid !important;border-top-color: #000000 !important;border-top-style: solid !important;border-bottom-color: #000000 !important;border-bottom-style: solid !important;border-radius: 10px !important;}&#8221;]\r\n                <div class=\"text-modules\">\r\n                    <div class=\"container\">\r\n                        \r\n                        <div class=\"text-modules__content\"><p><strong>Mgr Dawid Szombierski<\/strong>\u00a0\u2013 doktorant w Szkole Doktorskiej Uniwersytetu \u015al\u0105skiego. Zainteresowania: epistemologia, metafizyka i filozofia nauki. YouTube:\u00a0<a href=\"https:\/\/www.youtube.com\/@DawidSzombierski\">https:\/\/www.youtube.com\/@DawidSzombierski<\/a><\/p>\n<\/div>\r\n                    <\/div>\r\n                <\/div>[\/vc_column_inner][\/vc_row_inner][\/vc_column][vc_column width=&#8221;1\/3&#8243;]\r\n                <div class=\"text-modules\">\r\n                    <div class=\"container\">\r\n                        \r\n                        <div class=\"text-modules__content\"><p><img class=\"alignnone wp-image-162545 size-full\" src=\"https:\/\/us.edu.pl\/wydzial\/wh\/wp-content\/uploads\/sites\/15\/OBRAZKI-WYROZNIAJACE\/douglas-lopez-WFItslWB89M-unsplash-1.jpg\" alt=\"osoba siedz\u0105ca w sali lekcyjnej robi\u0105ca notatki\" width=\"100%\" height=\"auto\" srcset=\"https:\/\/us.edu.pl\/wydzial\/wh\/wp-content\/uploads\/sites\/15\/OBRAZKI-WYROZNIAJACE\/douglas-lopez-WFItslWB89M-unsplash-1.jpg 800w, https:\/\/us.edu.pl\/wydzial\/wh\/wp-content\/uploads\/sites\/15\/OBRAZKI-WYROZNIAJACE\/douglas-lopez-WFItslWB89M-unsplash-1-300x200.jpg 300w, https:\/\/us.edu.pl\/wydzial\/wh\/wp-content\/uploads\/sites\/15\/OBRAZKI-WYROZNIAJACE\/douglas-lopez-WFItslWB89M-unsplash-1-768x512.jpg 768w, https:\/\/us.edu.pl\/wydzial\/wh\/wp-content\/uploads\/sites\/15\/OBRAZKI-WYROZNIAJACE\/douglas-lopez-WFItslWB89M-unsplash-1-575x383.jpg 575w\" sizes=\"(max-width: 800px) 100vw, 800px\" \/><\/p>\n<\/div>\r\n                    <\/div>\r\n                <\/div>[\/vc_column][\/vc_row]<\/p>","protected":false},"excerpt":{"rendered":"<p>[vc_row][vc_column width=&#8221;2\/3&#8243;][vc_empty_space][vc_row_inner][vc_column_inner css=&#8221;.vc_custom_1717505619581{border-top-width: 2px !important;border-right-width: 2px !important;border-bottom-width: 2px !important;border-left-width: 2px !important;border-left-color: #000000 !important;border-left-style: solid !important;border-right-color: #000000 !important;border-right-style: solid !important;border-top-color: #000000 !important;border-top-style: solid !important;border-bottom-color: #000000 !important;border-bottom-style: solid !important;border-radius: 10px !important;}&#8221;][\/vc_column_inner][\/vc_row_inner][vc_empty_space][vc_row_inner][vc_column_inner css=&#8221;.vc_custom_1717505607958{border-top-width: 2px !important;border-right-width: 2px !important;border-bottom-width: 2px !important;border-left-width: 2px !important;border-left-color: #000000 !important;border-left-style: solid !important;border-right-color: #000000 !important;border-right-style: solid !important;border-top-color: #000000 !important;border-top-style: solid !important;border-bottom-color: #000000 !important;border-bottom-style: solid !important;border-radius: 10px [&#8230;]<\/p>\n<p><a class=\"btn btn-secondary understrap-read-more-link\" href=\"https:\/\/us.edu.pl\/wydzial\/wh\/event\/seminarium-co-to-jest-spoleczna-epistemologia-wprowadzenie-do-nowego-nurtu-badan\/\">Read More&#8230;<\/a><\/p>\n","protected":false},"author":1,"featured_media":0,"template":"","meta":{"_expiration-date-status":"","_expiration-date":0,"_expiration-date-type":"","_expiration-date-categories":[],"_expiration-date-options":[]},"acf":[],"_links":{"self":[{"href":"https:\/\/us.edu.pl\/wydzial\/wh\/wp-json\/wp\/v2\/event\/172967"}],"collection":[{"href":"https:\/\/us.edu.pl\/wydzial\/wh\/wp-json\/wp\/v2\/event"}],"about":[{"href":"https:\/\/us.edu.pl\/wydzial\/wh\/wp-json\/wp\/v2\/types\/event"}],"author":[{"embeddable":true,"href":"https:\/\/us.edu.pl\/wydzial\/wh\/wp-json\/wp\/v2\/users\/1"}],"version-history":[{"count":10,"href":"https:\/\/us.edu.pl\/wydzial\/wh\/wp-json\/wp\/v2\/event\/172967\/revisions"}],"predecessor-version":[{"id":172979,"href":"https:\/\/us.edu.pl\/wydzial\/wh\/wp-json\/wp\/v2\/event\/172967\/revisions\/172979"}],"wp:attachment":[{"href":"https:\/\/us.edu.pl\/wydzial\/wh\/wp-json\/wp\/v2\/media?parent=172967"}],"curies":[{"name":"wp","href":"https:\/\/api.w.org\/{rel}","templated":true}]}}

Seminarium: Co to jest społeczna epistemologia? Wprowadzenie do nowego nurtu badań

<p>[vc_row][vc_column width=&#8221;2/3&#8243;]
                <div class="text-modules">
                    <div class="container">
                        
                        <div class="text-modules__content"><p>Zapraszamy na seminarium filozoficzne, które odbędzie się pod patronatem Polskiego Towarzystwa Filozoficznego (oddział w Katowicach).</p>
<p>Tytuł: <strong>„Co to jest społeczna epistemologia? Wprowadzenie do nowego nurtu badań”</strong></p>
<p>Prelegent: <a href="https://us.edu.pl/instytut/ifil/osoby/szymon-makula/">dr Szymon Makuła</a></p>
<p>Termin: 06.06.2024 r. (czwartek) o godzinie 17:15</p>
<p>Miejsce: 333 w <a href="https://us.edu.pl/instytut/ifil/">Instytucie Filozofii Uniwersytetu Śląskiego</a> (ul. Bankowa 11, Katowice)</p>
<p>Organizacja: <a href="https://us.edu.pl/instytut/ifil/osoby/wojciech-sady/">prof. dr hab. Wojciech Sady</a>, mgr Dawid Szombierski</p>
</div>
                    </div>
                </div>[vc_empty_space][vc_row_inner][vc_column_inner css=&#8221;.vc_custom_1717505619581{border-top-width: 2px !important;border-right-width: 2px !important;border-bottom-width: 2px !important;border-left-width: 2px !important;border-left-color: #000000 !important;border-left-style: solid !important;border-right-color: #000000 !important;border-right-style: solid !important;border-top-color: #000000 !important;border-top-style: solid !important;border-bottom-color: #000000 !important;border-bottom-style: solid !important;border-radius: 10px !important;}&#8221;]
                <div class="text-modules">
                    <div class="container">
                        
                        <div class="text-modules__content"><p><strong>Dr Szymon Makuła</strong> – adiunkt w Instytucie Filozofii Uniwersytetu Śląskiego. Zainteresowania badawcze: filozofia nauki, metodologia nauk społecznych, logika nieformalna, krytyczne myślenie, błędy poznawcze, teoria argumentacji. Autor pracy doktorskiej „Semantyczny antyrealizm metafilozoficzny” i artykułów (wybrane publikacje): „The Devil is in the Framework. Comment on Mizrahi vs. all Debate on the Strength of Arguments from an Expert Opinion” („Philosophia” 2022), „Is There an Alternative to Moderate Scientism?” („Organon F” 2021), „Conspiratio maligna w naczyniu, czyli globalne teorie spiskowe a sceptycyzm” („Analiza i Egzystencja” 2021).</p>
</div>
                    </div>
                </div>[/vc_column_inner][/vc_row_inner][vc_empty_space][vc_row_inner][vc_column_inner css=&#8221;.vc_custom_1717505607958{border-top-width: 2px !important;border-right-width: 2px !important;border-bottom-width: 2px !important;border-left-width: 2px !important;border-left-color: #000000 !important;border-left-style: solid !important;border-right-color: #000000 !important;border-right-style: solid !important;border-top-color: #000000 !important;border-top-style: solid !important;border-bottom-color: #000000 !important;border-bottom-style: solid !important;border-radius: 10px !important;}&#8221;]
                <div class="text-modules">
                    <div class="container">
                        
                        <div class="text-modules__content"><p><strong>Prof. dr hab. Wojciech Sady</strong> – filozof nauki, historyk idei i tłumacz. Autor książek (wybrane publikacje): „Struktura rewolucji relatywistycznej i kwantowej w fizyce”, „Spór o racjonalność naukową: od Poincarégo do Laudana”, „Dzieje religii, filozofii i nauki” (III tomy), „Wittgenstein: życie i dzieło”. Tłumacz (wybrane przekłady): B. Russell „Problemy filozofii” i I. Lakatos „Pisma z filozofii nauk empirycznych”. YouTube: <a href="https://www.youtube.com/channel/UCtn_kp_VAKvCIyN8vnAshvg/featured">https://www.youtube.com/channel/UCtn_kp_VAKvCIyN8vnAshvg/featured</a></p>
</div>
                    </div>
                </div>[/vc_column_inner][/vc_row_inner][vc_empty_space][vc_row_inner][vc_column_inner css=&#8221;.vc_custom_1717505596231{border-top-width: 2px !important;border-right-width: 2px !important;border-bottom-width: 2px !important;border-left-width: 2px !important;border-left-color: #000000 !important;border-left-style: solid !important;border-right-color: #000000 !important;border-right-style: solid !important;border-top-color: #000000 !important;border-top-style: solid !important;border-bottom-color: #000000 !important;border-bottom-style: solid !important;border-radius: 10px !important;}&#8221;]
                <div class="text-modules">
                    <div class="container">
                        
                        <div class="text-modules__content"><p><strong>Mgr Dawid Szombierski</strong> – doktorant w Szkole Doktorskiej Uniwersytetu Śląskiego. Zainteresowania: epistemologia, metafizyka i filozofia nauki. YouTube: <a href="https://www.youtube.com/@DawidSzombierski">https://www.youtube.com/@DawidSzombierski</a></p>
</div>
                    </div>
                </div>[/vc_column_inner][/vc_row_inner][/vc_column][vc_column width=&#8221;1/3&#8243;]
                <div class="text-modules">
                    <div class="container">
                        
                        <div class="text-modules__content"><p><img class="alignnone wp-image-162545 size-full" src="https://us.edu.pl/wydzial/wh/wp-content/uploads/sites/15/OBRAZKI-WYROZNIAJACE/douglas-lopez-WFItslWB89M-unsplash-1.jpg" alt="osoba siedząca w sali lekcyjnej robiąca notatki" width="100%" height="auto" srcset="https://us.edu.pl/wydzial/wh/wp-content/uploads/sites/15/OBRAZKI-WYROZNIAJACE/douglas-lopez-WFItslWB89M-unsplash-1.jpg 800w, https://us.edu.pl/wydzial/wh/wp-content/uploads/sites/15/OBRAZKI-WYROZNIAJACE/douglas-lopez-WFItslWB89M-unsplash-1-300x200.jpg 300w, https://us.edu.pl/wydzial/wh/wp-content/uploads/sites/15/OBRAZKI-WYROZNIAJACE/douglas-lopez-WFItslWB89M-unsplash-1-768x512.jpg 768w, https://us.edu.pl/wydzial/wh/wp-content/uploads/sites/15/OBRAZKI-WYROZNIAJACE/douglas-lopez-WFItslWB89M-unsplash-1-575x383.jpg 575w" sizes="(max-width: 800px) 100vw, 800px" /></p>
</div>
                    </div>
                </div>[/vc_column][/vc_row]</p>
