{"id":179440,"date":"2024-10-28T14:43:19","date_gmt":"2024-10-28T13:43:19","guid":{"rendered":"https:\/\/us.edu.pl\/wydzial\/wh\/?post_type=event&#038;p=179440"},"modified":"2024-10-28T14:43:19","modified_gmt":"2024-10-28T13:43:19","slug":"seminarium-filozoficzne-jakie-sa-alternatywy-dla-scjentyzmu","status":"publish","type":"event","link":"https:\/\/us.edu.pl\/wydzial\/wh\/event\/seminarium-filozoficzne-jakie-sa-alternatywy-dla-scjentyzmu\/","title":{"rendered":"Seminarium filozoficzne: \u201eJakie s\u0105 alternatywy dla scjentyzmu?&#8221;"},"content":{"rendered":"<p>[vc_row][vc_column width=&#8221;2\/3&#8243;]\r\n                <div class=\"text-modules\">\r\n                    <div class=\"container\">\r\n                        \r\n                        <div class=\"text-modules__content\"><p>Zapraszamy na seminarium filozoficzne, kt\u00f3re odb\u0119dzie si\u0119 pod patronatem Polskiego Towarzystwa Filozoficznego (oddzia\u0142 w Katowicach).<\/p>\n<p>Tytu\u0142: \u201eJakie s\u0105 alternatywy dla scjentyzmu?&#8221;<\/p>\n<p>Prelegent: <a href=\"https:\/\/us.edu.pl\/instytut\/ifil\/osoby\/szymon-makula\/\">dr Szymon Maku\u0142a<\/a><\/p>\n<p>Termin:\u00a0<strong>29.10.2024 r.<\/strong> (wtorek o godzinie <strong>17:10<\/strong>)<\/p>\n<p>Miejsce: <strong>333 w Instytucie Filozofii Uniwersytetu \u015al\u0105skiego<\/strong> (ul. Bankowa 11, Katowice)<\/p>\n<p>Organizacja: <a href=\"https:\/\/us.edu.pl\/instytut\/ifil\/osoby\/wojciech-sady\/\">prof. dr hab. Wojciech Sady<\/a>, mgr Dawid Szombierski<\/p>\n<hr \/>\n<p><a href=\"https:\/\/us.edu.pl\/instytut\/ifil\/osoby\/szymon-makula\/\"><strong>Dr\u00a0Szymon Maku\u0142a<\/strong><\/a> \u2013 adiunkt w <a href=\"https:\/\/us.edu.pl\/instytut\/ifil\/\">Instytucie Filozofii Uniwersytetu \u015al\u0105skiego<\/a>. Zainteresowania badawcze: filozofia nauki, metodologia nauk spo\u0142ecznych, logika nieformalna, krytyczne my\u015blenie, b\u0142\u0119dy poznawcze, teoria argumentacji. Autor pracy doktorskiej \u201eSemantyczny antyrealizm metafilozoficzny&#8221; i artyku\u0142\u00f3w (wybrane publikacje): \u201eThe Devil is in the Framework. Comment on Mizrahi vs. all Debate on the Strength of Arguments from an Expert Opinion&#8221; (\u201ePhilosophia&#8221; 2022), \u201eIs There an Alternative to Moderate Scientism?&#8221; (\u201eOrganon F&#8221; 2021), \u201eConspiratio maligna w naczyniu, czyli globalne teorie spiskowe a sceptycyzm&#8221; (\u201eAnaliza i Egzystencja&#8221; 2021).<\/p>\n<p><strong><a href=\"https:\/\/us.edu.pl\/instytut\/ifil\/osoby\/wojciech-sady\/\">Prof. dr hab. Wojciech Sady<\/a><\/strong> \u2013 filozof nauki, historyk idei i t\u0142umacz. Autor ksi\u0105\u017cek (wybrane publikacje): \u201eStruktura rewolucji relatywistycznej i kwantowej w fizyce&#8221;, \u201eSp\u00f3r o racjonalno\u015b\u0107 naukow\u0105: od Poincar\u00e9go do Laudana&#8221;, \u201eDzieje religii, filozofii i nauki&#8221; (III tomy), \u201eWittgenstein: \u017cycie i dzie\u0142o&#8221;. T\u0142umacz (wybrane przek\u0142ady): B. Russell \u201eProblemy filozofii&#8221; i I. Lakatos \u201ePisma z filozofii nauk empirycznych&#8221;. YouTube:\u00a0<a href=\"https:\/\/www.youtube.com\/channel\/UCtn_kp_VAKvCIyN8vnAshvg\/featured\" target=\"_blank\" rel=\"noopener\">https:\/\/www.youtube.com\/channel\/UCtn_kp_VAKvCIyN8vnAshvg\/featured<\/a><\/p>\n<p><strong>Mgr Dawid Szombierski<\/strong>\u00a0\u2013 doktorant w Szkole Doktorskiej Uniwersytetu \u015al\u0105skiego. Zainteresowania: epistemologia, metafizyka i filozofia nauki. YouTube:\u00a0<a href=\"https:\/\/www.youtube.com\/@DawidSzombierski\" target=\"_blank\" rel=\"noopener\">https:\/\/www.youtube.com\/@DawidSzombierski<\/a><\/p>\n<\/div>\r\n                    <\/div>\r\n                <\/div>[\/vc_column][vc_column width=&#8221;1\/3&#8243;]\r\n                <div class=\"text-modules\">\r\n                    <div class=\"container\">\r\n                        \r\n                        <div class=\"text-modules__content\"><p><img class=\"alignnone wp-image-179448 size-full\" src=\"https:\/\/us.edu.pl\/wydzial\/wh\/wp-content\/uploads\/sites\/15\/OBRAZKI-WYROZNIAJACE\/seminarium2.png\" alt=\"osoby s\u0142uchaj\u0105ce osoby m\u00f3wi\u0105cej na seminarium\" width=\"100%\" height=\"auto\" srcset=\"https:\/\/us.edu.pl\/wydzial\/wh\/wp-content\/uploads\/sites\/15\/OBRAZKI-WYROZNIAJACE\/seminarium2.png 800w, https:\/\/us.edu.pl\/wydzial\/wh\/wp-content\/uploads\/sites\/15\/OBRAZKI-WYROZNIAJACE\/seminarium2-300x225.png 300w, https:\/\/us.edu.pl\/wydzial\/wh\/wp-content\/uploads\/sites\/15\/OBRAZKI-WYROZNIAJACE\/seminarium2-768x576.png 768w, https:\/\/us.edu.pl\/wydzial\/wh\/wp-content\/uploads\/sites\/15\/OBRAZKI-WYROZNIAJACE\/seminarium2-575x431.png 575w\" sizes=\"(max-width: 800px) 100vw, 800px\" \/><\/p>\n<\/div>\r\n                    <\/div>\r\n                <\/div>[\/vc_column][\/vc_row]<\/p>","protected":false},"excerpt":{"rendered":"<p>[vc_row][vc_column width=&#8221;2\/3&#8243;][\/vc_column][vc_column width=&#8221;1\/3&#8243;][\/vc_column][\/vc_row] [&#8230;]<\/p>\n<p><a class=\"btn btn-secondary understrap-read-more-link\" href=\"https:\/\/us.edu.pl\/wydzial\/wh\/event\/seminarium-filozoficzne-jakie-sa-alternatywy-dla-scjentyzmu\/\">Read More&#8230;<\/a><\/p>\n","protected":false},"author":1,"featured_media":0,"template":"","meta":{"_expiration-date-status":"","_expiration-date":0,"_expiration-date-type":"","_expiration-date-categories":[],"_expiration-date-options":[]},"acf":[],"_links":{"self":[{"href":"https:\/\/us.edu.pl\/wydzial\/wh\/wp-json\/wp\/v2\/event\/179440"}],"collection":[{"href":"https:\/\/us.edu.pl\/wydzial\/wh\/wp-json\/wp\/v2\/event"}],"about":[{"href":"https:\/\/us.edu.pl\/wydzial\/wh\/wp-json\/wp\/v2\/types\/event"}],"author":[{"embeddable":true,"href":"https:\/\/us.edu.pl\/wydzial\/wh\/wp-json\/wp\/v2\/users\/1"}],"version-history":[{"count":4,"href":"https:\/\/us.edu.pl\/wydzial\/wh\/wp-json\/wp\/v2\/event\/179440\/revisions"}],"predecessor-version":[{"id":179453,"href":"https:\/\/us.edu.pl\/wydzial\/wh\/wp-json\/wp\/v2\/event\/179440\/revisions\/179453"}],"wp:attachment":[{"href":"https:\/\/us.edu.pl\/wydzial\/wh\/wp-json\/wp\/v2\/media?parent=179440"}],"curies":[{"name":"wp","href":"https:\/\/api.w.org\/{rel}","templated":true}]}}

Seminarium filozoficzne: „Jakie są alternatywy dla scjentyzmu?&#8221;

<p>[vc_row][vc_column width=&#8221;2/3&#8243;]
                <div class="text-modules">
                    <div class="container">
                        
                        <div class="text-modules__content"><p>Zapraszamy na seminarium filozoficzne, które odbędzie się pod patronatem Polskiego Towarzystwa Filozoficznego (oddział w Katowicach).</p>
<p>Tytuł: „Jakie są alternatywy dla scjentyzmu?&#8221;</p>
<p>Prelegent: <a href="https://us.edu.pl/instytut/ifil/osoby/szymon-makula/">dr Szymon Makuła</a></p>
<p>Termin: <strong>29.10.2024 r.</strong> (wtorek o godzinie <strong>17:10</strong>)</p>
<p>Miejsce: <strong>333 w Instytucie Filozofii Uniwersytetu Śląskiego</strong> (ul. Bankowa 11, Katowice)</p>
<p>Organizacja: <a href="https://us.edu.pl/instytut/ifil/osoby/wojciech-sady/">prof. dr hab. Wojciech Sady</a>, mgr Dawid Szombierski</p>
<hr />
<p><a href="https://us.edu.pl/instytut/ifil/osoby/szymon-makula/"><strong>Dr Szymon Makuła</strong></a> – adiunkt w <a href="https://us.edu.pl/instytut/ifil/">Instytucie Filozofii Uniwersytetu Śląskiego</a>. Zainteresowania badawcze: filozofia nauki, metodologia nauk społecznych, logika nieformalna, krytyczne myślenie, błędy poznawcze, teoria argumentacji. Autor pracy doktorskiej „Semantyczny antyrealizm metafilozoficzny&#8221; i artykułów (wybrane publikacje): „The Devil is in the Framework. Comment on Mizrahi vs. all Debate on the Strength of Arguments from an Expert Opinion&#8221; („Philosophia&#8221; 2022), „Is There an Alternative to Moderate Scientism?&#8221; („Organon F&#8221; 2021), „Conspiratio maligna w naczyniu, czyli globalne teorie spiskowe a sceptycyzm&#8221; („Analiza i Egzystencja&#8221; 2021).</p>
<p><strong><a href="https://us.edu.pl/instytut/ifil/osoby/wojciech-sady/">Prof. dr hab. Wojciech Sady</a></strong> – filozof nauki, historyk idei i tłumacz. Autor książek (wybrane publikacje): „Struktura rewolucji relatywistycznej i kwantowej w fizyce&#8221;, „Spór o racjonalność naukową: od Poincarégo do Laudana&#8221;, „Dzieje religii, filozofii i nauki&#8221; (III tomy), „Wittgenstein: życie i dzieło&#8221;. Tłumacz (wybrane przekłady): B. Russell „Problemy filozofii&#8221; i I. Lakatos „Pisma z filozofii nauk empirycznych&#8221;. YouTube: <a href="https://www.youtube.com/channel/UCtn_kp_VAKvCIyN8vnAshvg/featured" target="_blank" rel="noopener">https://www.youtube.com/channel/UCtn_kp_VAKvCIyN8vnAshvg/featured</a></p>
<p><strong>Mgr Dawid Szombierski</strong> – doktorant w Szkole Doktorskiej Uniwersytetu Śląskiego. Zainteresowania: epistemologia, metafizyka i filozofia nauki. YouTube: <a href="https://www.youtube.com/@DawidSzombierski" target="_blank" rel="noopener">https://www.youtube.com/@DawidSzombierski</a></p>
</div>
                    </div>
                </div>[/vc_column][vc_column width=&#8221;1/3&#8243;]
                <div class="text-modules">
                    <div class="container">
                        
                        <div class="text-modules__content"><p><img class="alignnone wp-image-179448 size-full" src="https://us.edu.pl/wydzial/wh/wp-content/uploads/sites/15/OBRAZKI-WYROZNIAJACE/seminarium2.png" alt="osoby słuchające osoby mówiącej na seminarium" width="100%" height="auto" srcset="https://us.edu.pl/wydzial/wh/wp-content/uploads/sites/15/OBRAZKI-WYROZNIAJACE/seminarium2.png 800w, https://us.edu.pl/wydzial/wh/wp-content/uploads/sites/15/OBRAZKI-WYROZNIAJACE/seminarium2-300x225.png 300w, https://us.edu.pl/wydzial/wh/wp-content/uploads/sites/15/OBRAZKI-WYROZNIAJACE/seminarium2-768x576.png 768w, https://us.edu.pl/wydzial/wh/wp-content/uploads/sites/15/OBRAZKI-WYROZNIAJACE/seminarium2-575x431.png 575w" sizes="(max-width: 800px) 100vw, 800px" /></p>
</div>
                    </div>
                </div>[/vc_column][/vc_row]</p>
