{"id":180352,"date":"2024-11-22T11:58:38","date_gmt":"2024-11-22T10:58:38","guid":{"rendered":"https:\/\/us.edu.pl\/wydzial\/wh\/?post_type=event&#038;p=180352"},"modified":"2024-11-22T11:58:38","modified_gmt":"2024-11-22T10:58:38","slug":"ksiazka-biblioteka-informacja-50-lat-studiow-na-uniwersytecie-slaskim-w-katowicach","status":"publish","type":"event","link":"https:\/\/us.edu.pl\/wydzial\/wh\/event\/ksiazka-biblioteka-informacja-50-lat-studiow-na-uniwersytecie-slaskim-w-katowicach\/","title":{"rendered":"Ksi\u0105\u017cka, biblioteka, informacja \u2014 50 lat studi\u00f3w na Uniwersytecie \u015al\u0105skim w Katowicach"},"content":{"rendered":"<p>[vc_row][vc_column width=&#8221;2\/3&#8243;]\r\n                <div class=\"text-modules\">\r\n                    <div class=\"container\">\r\n                        \r\n                        <div class=\"text-modules__content\"><p><span style=\"font-size: 10.0pt; font-family: 'Verdana',sans-serif;\">Uniwersytet \u015al\u0105ski w Katowicach jest jedn\u0105 z najstarszych instytucji w Polsce aktywnie kszta\u0142c\u0105cych bibliolog\u00f3w, bibliotekarzy i specjalist\u00f3w informacji naukowej. Przypadaj\u0105cy w tym roku jubileusz 50-lecia bada\u0144 naukowych i kszta\u0142cenia w dziedzinie bibliologii, bibliotekoznawstwa i informatologii sk\u0142ania do refleksji nad dalszym rozwojem dyscypliny i jest sposobno\u015bci\u0105 do wymiany do\u015bwiadcze\u0144 dydaktycznych, szczeg\u00f3lnie w kontek\u015bcie potrzeb i oczekiwa\u0144 wsp\u00f3\u0142czesnego rynku pracy.<\/span><\/p>\n<p><span style=\"font-size: 10.0pt; font-family: 'Verdana',sans-serif;\">Z tej okazji 10 grudnia 2024 r. na Wydziale Humanistycznym w Katowicach odb\u0119dzie si\u0119 uroczysto\u015b\u0107 \u201eKsi\u0105\u017cka, biblioteka, informacja \u2014 50 lat studi\u00f3w na Uniwersytecie \u015al\u0105skim w Katowicach\u201d.<\/span><\/p>\n<p><span style=\"font-size: 10.0pt; font-family: 'Verdana',sans-serif;\">Uwag\u0119 jubileuszowego seminarium kierujemy w stron\u0119 kultury ksi\u0105\u017cki i informacji w perspektywie komunikacji naukowej. Wsp\u00f3lnie z reprezentantami r\u00f3\u017cnych o\u015brodk\u00f3w kszta\u0142cenia bibliotekarzy i specjalist\u00f3w informacji oraz zaproszonymi ekspertami i go\u015b\u0107mi II Forum Dydaktycznego chcemy zastanowi\u0107 si\u0119 nad aktualnymi wyzwaniami dla dydaktyki akademickiej w obszarze bibliologii i informatologii. Opraw\u0119 artystyczn\u0105 wydarzenia zapewni kameralny koncert w wykonaniu duetu \u015bl\u0105skich artyst\u00f3w.<\/span><\/p>\n<p><span style=\"font-size: 10.0pt; font-family: 'Verdana',sans-serif;\">Integraln\u0105 cz\u0119\u015bci\u0105 jubileuszu b\u0119dzie spotkanie w gronie obecnych i by\u0142ych Pracownik\u00f3w, Absolwent\u00f3w, Student\u00f3w i Sympatyk\u00f3w kierunk\u00f3w architektura informacji, informacja naukowa i bibliotekoznawstwo oraz informacja w instytucjach spo\u0142ecze\u0144stwa wiedzy. R\u00f3wnolegle odb\u0119dzie si\u0119 kolegium dyrektor\u00f3w ds. dydaktycznych, sprawuj\u0105cych piecz\u0119 nad kierunkami studi\u00f3w z tego obszaru wiedzy prowadzonymi na polskich uczelniach.<\/span><\/p>\n<p><span style=\"font-size: 10.0pt; font-family: 'Verdana',sans-serif;\">Program wydarzenia i formularz rejestracyjny znajduj\u0105 si\u0119 na stronie internetowej jubileuszu: <a href=\"https:\/\/50inib.us.edu.pl\/\">https:\/\/50inib.us.edu.pl\/<\/a>.<\/span><\/p>\n<p><span style=\"text-decoration: underline;\">Wydarzenie odb\u0119dzie si\u0119:<\/span><\/p>\n<p><span style=\"font-size: 10.0pt; font-family: 'Verdana',sans-serif;\">Uniwersytet \u015al\u0105ski | Wydzia\u0142 Humanistyczny<br \/>\nul. Uniwersytecka 4 | 40-007 Katowice<br \/>\nAula im. Andrzeja Pawlikowskiego (sala B1.1)<\/span><\/p>\n<\/div>\r\n                    <\/div>\r\n                <\/div>[\/vc_column][vc_column width=&#8221;1\/3&#8243;]\r\n                <div class=\"text-modules\">\r\n                    <div class=\"container\">\r\n                        \r\n                        <div class=\"text-modules__content\"><p><img class=\"alignnone wp-image-180354 size-full\" src=\"https:\/\/us.edu.pl\/wydzial\/wh\/wp-content\/uploads\/sites\/15\/Bez-kategorii\/jubileusz-50latINiB-US-grafika-wydarzenia.png\" alt=\"\" width=\"1080\" height=\"1080\" srcset=\"https:\/\/us.edu.pl\/wydzial\/wh\/wp-content\/uploads\/sites\/15\/Bez-kategorii\/jubileusz-50latINiB-US-grafika-wydarzenia.png 1080w, https:\/\/us.edu.pl\/wydzial\/wh\/wp-content\/uploads\/sites\/15\/Bez-kategorii\/jubileusz-50latINiB-US-grafika-wydarzenia-300x300.png 300w, https:\/\/us.edu.pl\/wydzial\/wh\/wp-content\/uploads\/sites\/15\/Bez-kategorii\/jubileusz-50latINiB-US-grafika-wydarzenia-1024x1024.png 1024w, https:\/\/us.edu.pl\/wydzial\/wh\/wp-content\/uploads\/sites\/15\/Bez-kategorii\/jubileusz-50latINiB-US-grafika-wydarzenia-150x150.png 150w, https:\/\/us.edu.pl\/wydzial\/wh\/wp-content\/uploads\/sites\/15\/Bez-kategorii\/jubileusz-50latINiB-US-grafika-wydarzenia-768x768.png 768w, https:\/\/us.edu.pl\/wydzial\/wh\/wp-content\/uploads\/sites\/15\/Bez-kategorii\/jubileusz-50latINiB-US-grafika-wydarzenia-575x575.png 575w\" sizes=\"(max-width: 1080px) 100vw, 1080px\" \/><\/p>\n<\/div>\r\n                    <\/div>\r\n                <\/div>[\/vc_column][\/vc_row]<\/p>","protected":false},"excerpt":{"rendered":"<p>[vc_row][vc_column width=&#8221;2\/3&#8243;][\/vc_column][vc_column width=&#8221;1\/3&#8243;][\/vc_column][\/vc_row] [&#8230;]<\/p>\n<p><a class=\"btn btn-secondary understrap-read-more-link\" href=\"https:\/\/us.edu.pl\/wydzial\/wh\/event\/ksiazka-biblioteka-informacja-50-lat-studiow-na-uniwersytecie-slaskim-w-katowicach\/\">Read More&#8230;<\/a><\/p>\n","protected":false},"author":2429,"featured_media":0,"template":"","meta":{"_expiration-date-status":"","_expiration-date":0,"_expiration-date-type":"","_expiration-date-categories":[],"_expiration-date-options":[]},"acf":[],"_links":{"self":[{"href":"https:\/\/us.edu.pl\/wydzial\/wh\/wp-json\/wp\/v2\/event\/180352"}],"collection":[{"href":"https:\/\/us.edu.pl\/wydzial\/wh\/wp-json\/wp\/v2\/event"}],"about":[{"href":"https:\/\/us.edu.pl\/wydzial\/wh\/wp-json\/wp\/v2\/types\/event"}],"author":[{"embeddable":true,"href":"https:\/\/us.edu.pl\/wydzial\/wh\/wp-json\/wp\/v2\/users\/2429"}],"version-history":[{"count":1,"href":"https:\/\/us.edu.pl\/wydzial\/wh\/wp-json\/wp\/v2\/event\/180352\/revisions"}],"predecessor-version":[{"id":180358,"href":"https:\/\/us.edu.pl\/wydzial\/wh\/wp-json\/wp\/v2\/event\/180352\/revisions\/180358"}],"wp:attachment":[{"href":"https:\/\/us.edu.pl\/wydzial\/wh\/wp-json\/wp\/v2\/media?parent=180352"}],"curies":[{"name":"wp","href":"https:\/\/api.w.org\/{rel}","templated":true}]}}

Książka, biblioteka, informacja — 50 lat studiów na Uniwersytecie Śląskim w Katowicach

<p>[vc_row][vc_column width=&#8221;2/3&#8243;]
                <div class="text-modules">
                    <div class="container">
                        
                        <div class="text-modules__content"><p><span style="font-size: 10.0pt; font-family: 'Verdana',sans-serif;">Uniwersytet Śląski w Katowicach jest jedną z najstarszych instytucji w Polsce aktywnie kształcących bibliologów, bibliotekarzy i specjalistów informacji naukowej. Przypadający w tym roku jubileusz 50-lecia badań naukowych i kształcenia w dziedzinie bibliologii, bibliotekoznawstwa i informatologii skłania do refleksji nad dalszym rozwojem dyscypliny i jest sposobnością do wymiany doświadczeń dydaktycznych, szczególnie w kontekście potrzeb i oczekiwań współczesnego rynku pracy.</span></p>
<p><span style="font-size: 10.0pt; font-family: 'Verdana',sans-serif;">Z tej okazji 10 grudnia 2024 r. na Wydziale Humanistycznym w Katowicach odbędzie się uroczystość „Książka, biblioteka, informacja — 50 lat studiów na Uniwersytecie Śląskim w Katowicach”.</span></p>
<p><span style="font-size: 10.0pt; font-family: 'Verdana',sans-serif;">Uwagę jubileuszowego seminarium kierujemy w stronę kultury książki i informacji w perspektywie komunikacji naukowej. Wspólnie z reprezentantami różnych ośrodków kształcenia bibliotekarzy i specjalistów informacji oraz zaproszonymi ekspertami i gośćmi II Forum Dydaktycznego chcemy zastanowić się nad aktualnymi wyzwaniami dla dydaktyki akademickiej w obszarze bibliologii i informatologii. Oprawę artystyczną wydarzenia zapewni kameralny koncert w wykonaniu duetu śląskich artystów.</span></p>
<p><span style="font-size: 10.0pt; font-family: 'Verdana',sans-serif;">Integralną częścią jubileuszu będzie spotkanie w gronie obecnych i byłych Pracowników, Absolwentów, Studentów i Sympatyków kierunków architektura informacji, informacja naukowa i bibliotekoznawstwo oraz informacja w instytucjach społeczeństwa wiedzy. Równolegle odbędzie się kolegium dyrektorów ds. dydaktycznych, sprawujących pieczę nad kierunkami studiów z tego obszaru wiedzy prowadzonymi na polskich uczelniach.</span></p>
<p><span style="font-size: 10.0pt; font-family: 'Verdana',sans-serif;">Program wydarzenia i formularz rejestracyjny znajdują się na stronie internetowej jubileuszu: <a href="https://50inib.us.edu.pl/">https://50inib.us.edu.pl/</a>.</span></p>
<p><span style="text-decoration: underline;">Wydarzenie odbędzie się:</span></p>
<p><span style="font-size: 10.0pt; font-family: 'Verdana',sans-serif;">Uniwersytet Śląski | Wydział Humanistyczny<br />
ul. Uniwersytecka 4 | 40-007 Katowice<br />
Aula im. Andrzeja Pawlikowskiego (sala B1.1)</span></p>
</div>
                    </div>
                </div>[/vc_column][vc_column width=&#8221;1/3&#8243;]
                <div class="text-modules">
                    <div class="container">
                        
                        <div class="text-modules__content"><p><img class="alignnone wp-image-180354 size-full" src="https://us.edu.pl/wydzial/wh/wp-content/uploads/sites/15/Bez-kategorii/jubileusz-50latINiB-US-grafika-wydarzenia.png" alt="" width="1080" height="1080" srcset="https://us.edu.pl/wydzial/wh/wp-content/uploads/sites/15/Bez-kategorii/jubileusz-50latINiB-US-grafika-wydarzenia.png 1080w, https://us.edu.pl/wydzial/wh/wp-content/uploads/sites/15/Bez-kategorii/jubileusz-50latINiB-US-grafika-wydarzenia-300x300.png 300w, https://us.edu.pl/wydzial/wh/wp-content/uploads/sites/15/Bez-kategorii/jubileusz-50latINiB-US-grafika-wydarzenia-1024x1024.png 1024w, https://us.edu.pl/wydzial/wh/wp-content/uploads/sites/15/Bez-kategorii/jubileusz-50latINiB-US-grafika-wydarzenia-150x150.png 150w, https://us.edu.pl/wydzial/wh/wp-content/uploads/sites/15/Bez-kategorii/jubileusz-50latINiB-US-grafika-wydarzenia-768x768.png 768w, https://us.edu.pl/wydzial/wh/wp-content/uploads/sites/15/Bez-kategorii/jubileusz-50latINiB-US-grafika-wydarzenia-575x575.png 575w" sizes="(max-width: 1080px) 100vw, 1080px" /></p>
</div>
                    </div>
                </div>[/vc_column][/vc_row]</p>
