{"id":187775,"date":"2025-05-05T11:04:40","date_gmt":"2025-05-05T09:04:40","guid":{"rendered":"https:\/\/us.edu.pl\/wydzial\/wh\/?post_type=event&#038;p=187775"},"modified":"2025-05-05T11:04:40","modified_gmt":"2025-05-05T09:04:40","slug":"miedzynarodowa-konferencja-magistrantow","status":"publish","type":"event","link":"https:\/\/us.edu.pl\/wydzial\/wh\/event\/miedzynarodowa-konferencja-magistrantow\/","title":{"rendered":"Mi\u0119dzynarodowa Konferencja Magistrant\u00f3w"},"content":{"rendered":"<p>[vc_row][vc_column width=&#8221;2\/3&#8243;]\r\n                <div class=\"text-modules\">\r\n                    <div class=\"container\">\r\n                        \r\n                        <div class=\"text-modules__content\"><p>Ju\u017c po raz 13. w Katowicach i w przestrzeni wirtualnej spotkaj\u0105 si\u0119 dyplomanci: licencjaci i magistranci na Mi\u0119dzynarodowej Konferencji Magistrant\u00f3w. W Konferencji co roku bierze udzia\u0142 kilkudziesi\u0119ciu dyplomant\u00f3w z ca\u0142ej Polski i z ca\u0142ego \u015bwiata reprezentuj\u0105: Uniwersytet w Bia\u0142ymstoku, Uniwersytet im. Adama Mickiewicza w Poznaniu, Uniwersytet Jagiello\u0144ski w Krakowie, Uniwersytet \u0141\u00f3dzki, Uniwersytet Miko\u0142aja Kopernika w Toruniu, Uniwersytet \u015al\u0105ski w Katowicach, Uniwersytet Warszawski, Uniwersytet Warmi\u0144sko-Mazurski w Olsztynie, Uniwersytet Wroc\u0142awski, Peki\u0144ski Uniwersytet J\u0119zyk\u00f3w Obcych (Chiny), Uniwersytet Federalny Parany w Kurytybie (Brazylia), Uniwersytet Narodowy \u201ePolitechnika Zaporoska\u201d w Zaporo\u017cu (Ukraina), Uniwersytet Palackiego w O\u0142omu\u0144cu (Republika Czeska), Uniwersytet Bolo\u0144ski (W\u0142ochy), Lwowski Uniwersytet Narodowy im. Iwana Franki (Ukraina), Uniwersytet Sztokholmski (Szwecja), Uniwersytet w Lublanie (S\u0142owenia).<\/p>\n<p>Organizatorami Konferencji s\u0105: Wydzia\u0142 Humanistyczny U\u015a (mi\u0119dzynarodowe studia polskie i komunikacja mi\u0119dzykulturowa), Szko\u0142a J\u0119zyka i Kultury Polskiej U\u015a, Centrum J\u0119zyka i Kultury Chi\u0144skiej U\u015a, Studenckie Ko\u0142o Naukowe &#8222;Wie\u017ca Babel&#8221; i Polska P\u00f3\u0142ka Filmowa<\/p>\n<\/div>\r\n                    <\/div>\r\n                <\/div>[\/vc_column][vc_column width=&#8221;1\/3&#8243; css=&#8221;.vc_custom_1746435804549{border-top-width: 2px !important;border-right-width: 2px !important;border-bottom-width: 2px !important;border-left-width: 2px !important;border-left-color: #b21a78 !important;border-left-style: solid !important;border-right-color: #b21a78 !important;border-right-style: solid !important;border-top-color: #b21a78 !important;border-top-style: solid !important;border-bottom-color: #b21a78 !important;border-bottom-style: solid !important;border-radius: 10px !important;}&#8221;]\r\n                <div class=\"text-modules\">\r\n                    <div class=\"container\">\r\n                        \r\n                        <div class=\"text-modules__content\"><p><a href=\"https:\/\/us.edu.pl\/wydzial\/wh\/wp-content\/uploads\/sites\/15\/Bez-kategorii\/PLAKAT-KM-2025-GOTOWY.pdf\" class=\"mtli_attachment mtli_pdf\" data-mtli=\"mtli_filesize621,82kB\" class=\"mtli_attachment mtli_pdf\" data-mtli=\"mtli_filesize621,82kB\">Interaktywny plakat pozwalaj\u0105cy na do\u0142\u0105czenie do obrad.<\/a><\/p>\n<style type=\"text\/css\">a[data-mtli~=\"mtli_filesize621,82kB\"]:after {content:\" (621,82 kB)\"}<\/style><\/div>\r\n                    <\/div>\r\n                <\/div>[\/vc_column][\/vc_row]<\/p>\n<style type=\"text\/css\">a[data-mtli~=\"mtli_filesize621,82kB\"]:after {content:\" (621,82 kB)\"}<\/style>","protected":false},"excerpt":{"rendered":"<p>[vc_row][vc_column width=&#8221;2\/3&#8243;][\/vc_column][vc_column width=&#8221;1\/3&#8243; css=&#8221;.vc_custom_1746435804549{border-top-width: 2px !important;border-right-width: 2px !important;border-bottom-width: 2px !important;border-left-width: 2px !important;border-left-color: #b21a78 !important;border-left-style: solid !important;border-right-color: #b21a78 !important;border-right-style: solid !important;border-top-color: #b21a78 !important;border-top-style: solid !important;border-bottom-color: #b21a78 !important;border-bottom-style: solid !important;border-radius: 10px !important;}&#8221;][\/vc_column][\/vc_row] [&#8230;]<\/p>\n<p><a class=\"btn btn-secondary understrap-read-more-link\" href=\"https:\/\/us.edu.pl\/wydzial\/wh\/event\/miedzynarodowa-konferencja-magistrantow\/\">Read More&#8230;<\/a><\/p>\n","protected":false},"author":2429,"featured_media":0,"template":"","meta":{"_expiration-date-status":"","_expiration-date":0,"_expiration-date-type":"","_expiration-date-categories":[],"_expiration-date-options":[]},"acf":[],"_links":{"self":[{"href":"https:\/\/us.edu.pl\/wydzial\/wh\/wp-json\/wp\/v2\/event\/187775"}],"collection":[{"href":"https:\/\/us.edu.pl\/wydzial\/wh\/wp-json\/wp\/v2\/event"}],"about":[{"href":"https:\/\/us.edu.pl\/wydzial\/wh\/wp-json\/wp\/v2\/types\/event"}],"author":[{"embeddable":true,"href":"https:\/\/us.edu.pl\/wydzial\/wh\/wp-json\/wp\/v2\/users\/2429"}],"version-history":[{"count":1,"href":"https:\/\/us.edu.pl\/wydzial\/wh\/wp-json\/wp\/v2\/event\/187775\/revisions"}],"predecessor-version":[{"id":187779,"href":"https:\/\/us.edu.pl\/wydzial\/wh\/wp-json\/wp\/v2\/event\/187775\/revisions\/187779"}],"wp:attachment":[{"href":"https:\/\/us.edu.pl\/wydzial\/wh\/wp-json\/wp\/v2\/media?parent=187775"}],"curies":[{"name":"wp","href":"https:\/\/api.w.org\/{rel}","templated":true}]}}

Międzynarodowa Konferencja Magistrantów

<p>[vc_row][vc_column width=&#8221;2/3&#8243;]
                <div class="text-modules">
                    <div class="container">
                        
                        <div class="text-modules__content"><p>Już po raz 13. w Katowicach i w przestrzeni wirtualnej spotkają się dyplomanci: licencjaci i magistranci na Międzynarodowej Konferencji Magistrantów. W Konferencji co roku bierze udział kilkudziesięciu dyplomantów z całej Polski i z całego świata reprezentują: Uniwersytet w Białymstoku, Uniwersytet im. Adama Mickiewicza w Poznaniu, Uniwersytet Jagielloński w Krakowie, Uniwersytet Łódzki, Uniwersytet Mikołaja Kopernika w Toruniu, Uniwersytet Śląski w Katowicach, Uniwersytet Warszawski, Uniwersytet Warmińsko-Mazurski w Olsztynie, Uniwersytet Wrocławski, Pekiński Uniwersytet Języków Obcych (Chiny), Uniwersytet Federalny Parany w Kurytybie (Brazylia), Uniwersytet Narodowy „Politechnika Zaporoska” w Zaporożu (Ukraina), Uniwersytet Palackiego w Ołomuńcu (Republika Czeska), Uniwersytet Boloński (Włochy), Lwowski Uniwersytet Narodowy im. Iwana Franki (Ukraina), Uniwersytet Sztokholmski (Szwecja), Uniwersytet w Lublanie (Słowenia).</p>
<p>Organizatorami Konferencji są: Wydział Humanistyczny UŚ (międzynarodowe studia polskie i komunikacja międzykulturowa), Szkoła Języka i Kultury Polskiej UŚ, Centrum Języka i Kultury Chińskiej UŚ, Studenckie Koło Naukowe &#8222;Wieża Babel&#8221; i Polska Półka Filmowa</p>
</div>
                    </div>
                </div>[/vc_column][vc_column width=&#8221;1/3&#8243; css=&#8221;.vc_custom_1746435804549{border-top-width: 2px !important;border-right-width: 2px !important;border-bottom-width: 2px !important;border-left-width: 2px !important;border-left-color: #b21a78 !important;border-left-style: solid !important;border-right-color: #b21a78 !important;border-right-style: solid !important;border-top-color: #b21a78 !important;border-top-style: solid !important;border-bottom-color: #b21a78 !important;border-bottom-style: solid !important;border-radius: 10px !important;}&#8221;]
                <div class="text-modules">
                    <div class="container">
                        
                        <div class="text-modules__content"><p><a href="https://us.edu.pl/wydzial/wh/wp-content/uploads/sites/15/Bez-kategorii/PLAKAT-KM-2025-GOTOWY.pdf" class="mtli_attachment mtli_pdf" data-mtli="mtli_filesize621,82kB" class="mtli_attachment mtli_pdf" data-mtli="mtli_filesize621,82kB">Interaktywny plakat pozwalający na dołączenie do obrad.</a></p>
<style type="text/css">a[data-mtli~="mtli_filesize621,82kB"]:after {content:" (621,82 kB)"}</style></div>
                    </div>
                </div>[/vc_column][/vc_row]</p>
<style type="text/css">a[data-mtli~="mtli_filesize621,82kB"]:after {content:" (621,82 kB)"}</style>
