{"id":188354,"date":"2025-05-13T11:49:44","date_gmt":"2025-05-13T09:49:44","guid":{"rendered":"https:\/\/us.edu.pl\/wydzial\/wh\/?post_type=event&#038;p=188354"},"modified":"2025-05-13T11:49:44","modified_gmt":"2025-05-13T09:49:44","slug":"36-miedzynarodowa-konferencja-na-temat-przyswajania-jezyka-obcego-drugiego","status":"publish","type":"event","link":"https:\/\/us.edu.pl\/wydzial\/wh\/event\/36-miedzynarodowa-konferencja-na-temat-przyswajania-jezyka-obcego-drugiego\/","title":{"rendered":"36. Mi\u0119dzynarodowa Konferencja na Temat Przyswajania J\u0119zyka Obcego\/Drugiego"},"content":{"rendered":"<p>[vc_row][vc_column width=&#8221;2\/3&#8243;]\r\n                <div class=\"text-modules\">\r\n                    <div class=\"container\">\r\n                        \r\n                        <div class=\"text-modules__content\"><\/p>\n<h3 style=\"text-align: center;\">36th International Conference on Foreign\/Second<br \/>\nLanguage Acquisition (ICFSLA)<\/h3>\n<h4 style=\"text-align: center;\"><em>Artificial Intelligence in Second Language Acquisition and Foreign Language Learning and Teaching<\/em><\/h4>\n<hr \/>\n<p>W dniach <strong>22-24 maja 2025 roku<\/strong> odb\u0119dzie si\u0119 36. Mi\u0119dzynarodowa Konferencja na Temat Przyswajania J\u0119zyka Obcego i Drugiego (<strong>International Conference on Foreign\/Second Language Acquisition, <\/strong>ICFSLA), organizowana przez <a href=\"https:\/\/us.edu.pl\/instytut\/ij\">Instytut J\u0119zykoznawstwa<\/a> Uniwersytetu \u015al\u0105skiego w Katowicach. Miejscem konferencji b\u0119dzie malowniczy Szczyrk i Hotel <em>Meta<\/em>.<\/p>\n<p>Konferencja ma charakter cykliczny i od ponad 30 lat organizowana jest przez Instytut J\u0119zykoznawstwa (dawniej Instytut J\u0119zyka Angielskiego). Tematem tegorocznej edycji jest: \u201eArtificial Intelligence in Second Language Acquisition and Foreign Language Learning and Teaching\u201d. Temat ten odnosi si\u0119 do wp\u0142ywu sztucznej inteligencji na wsp\u00f3\u0142czesn\u0105 edukacj\u0119 j\u0119zykow\u0105, obejmuj\u0105cy zar\u00f3wno jej zastosowania, jak i potencjalne zagro\u017cenia oraz przysz\u0142y rozw\u00f3j technologii.<\/p>\n<p>Jako m\u00f3wcy plenarni wyst\u0105pi\u0105 wybitni eksperci z zakresu przyswajania j\u0119zyka, m.in. <strong>Christopher Alexander<\/strong> (Uniwersytet w Nikozji, Cypr), <strong>Gessica De Angelis<\/strong> (Norweski Uniwersytet Naukowo-Techniczny, Norwegia), <strong>Marina Dodigovi\u0107<\/strong> (Uniwersytet w Slavonskim Brodzie, Chorwacja), <strong>Blanka Kl\u00edmov\u00e1<\/strong> (Uniwersytet w Hradcu Kr\u00e1lov\u00e9, Czechy), <strong>Robert Oliwa<\/strong> (Pa\u0144stwowa Akademia Nauk Stosowanych w Przemy\u015blu, Polska) oraz <strong>Torben Schmidt<\/strong> (Uniwersytet Leuphana w L\u00fcneburgu, Niemcy).<\/p>\n<p>Wydarzenie nie tylko umo\u017cliwi wymian\u0119 wiedzy i do\u015bwiadcze\u0144, ale tak\u017ce b\u0119dzie inspiracj\u0105 dla uczestnik\u00f3w do prowadzenia dalszych bada\u0144 w dziedzinie przyswajania j\u0119zyka. Dzi\u0119ki swojej wieloletniej tradycji, konferencja ICFSLA sta\u0142a si\u0119 wa\u017cnym forum naukowym nie tylko w Polsce, lecz tak\u017ce w Europie i na ca\u0142ym \u015bwiecie.<\/p>\n<p>Wi\u0119cej informacji na stronie wydarzenia <a href=\"http:\/\/www.icfsla.us.edu.pl\/\">www.icfsla.us.edu.pl<\/a><\/p>\n<\/div>\r\n                    <\/div>\r\n                <\/div>[\/vc_column][vc_column width=&#8221;1\/3&#8243;][\/vc_column][\/vc_row]<\/p>","protected":false},"excerpt":{"rendered":"<p>[vc_row][vc_column width=&#8221;2\/3&#8243;][\/vc_column][vc_column width=&#8221;1\/3&#8243;][\/vc_column][\/vc_row] [&#8230;]<\/p>\n<p><a class=\"btn btn-secondary understrap-read-more-link\" href=\"https:\/\/us.edu.pl\/wydzial\/wh\/event\/36-miedzynarodowa-konferencja-na-temat-przyswajania-jezyka-obcego-drugiego\/\">Read More&#8230;<\/a><\/p>\n","protected":false},"author":1,"featured_media":0,"template":"","meta":{"_expiration-date-status":"","_expiration-date":0,"_expiration-date-type":"","_expiration-date-categories":[],"_expiration-date-options":[]},"acf":[],"_links":{"self":[{"href":"https:\/\/us.edu.pl\/wydzial\/wh\/wp-json\/wp\/v2\/event\/188354"}],"collection":[{"href":"https:\/\/us.edu.pl\/wydzial\/wh\/wp-json\/wp\/v2\/event"}],"about":[{"href":"https:\/\/us.edu.pl\/wydzial\/wh\/wp-json\/wp\/v2\/types\/event"}],"author":[{"embeddable":true,"href":"https:\/\/us.edu.pl\/wydzial\/wh\/wp-json\/wp\/v2\/users\/1"}],"version-history":[{"count":6,"href":"https:\/\/us.edu.pl\/wydzial\/wh\/wp-json\/wp\/v2\/event\/188354\/revisions"}],"predecessor-version":[{"id":188368,"href":"https:\/\/us.edu.pl\/wydzial\/wh\/wp-json\/wp\/v2\/event\/188354\/revisions\/188368"}],"wp:attachment":[{"href":"https:\/\/us.edu.pl\/wydzial\/wh\/wp-json\/wp\/v2\/media?parent=188354"}],"curies":[{"name":"wp","href":"https:\/\/api.w.org\/{rel}","templated":true}]}}

36. Międzynarodowa Konferencja na Temat Przyswajania Języka Obcego/Drugiego

<p>[vc_row][vc_column width=&#8221;2/3&#8243;]
                <div class="text-modules">
                    <div class="container">
                        
                        <div class="text-modules__content"></p>
<h3 style="text-align: center;">36th International Conference on Foreign/Second<br />
Language Acquisition (ICFSLA)</h3>
<h4 style="text-align: center;"><em>Artificial Intelligence in Second Language Acquisition and Foreign Language Learning and Teaching</em></h4>
<hr />
<p>W dniach <strong>22-24 maja 2025 roku</strong> odbędzie się 36. Międzynarodowa Konferencja na Temat Przyswajania Języka Obcego i Drugiego (<strong>International Conference on Foreign/Second Language Acquisition, </strong>ICFSLA), organizowana przez <a href="https://us.edu.pl/instytut/ij">Instytut Językoznawstwa</a> Uniwersytetu Śląskiego w Katowicach. Miejscem konferencji będzie malowniczy Szczyrk i Hotel <em>Meta</em>.</p>
<p>Konferencja ma charakter cykliczny i od ponad 30 lat organizowana jest przez Instytut Językoznawstwa (dawniej Instytut Języka Angielskiego). Tematem tegorocznej edycji jest: „Artificial Intelligence in Second Language Acquisition and Foreign Language Learning and Teaching”. Temat ten odnosi się do wpływu sztucznej inteligencji na współczesną edukację językową, obejmujący zarówno jej zastosowania, jak i potencjalne zagrożenia oraz przyszły rozwój technologii.</p>
<p>Jako mówcy plenarni wystąpią wybitni eksperci z zakresu przyswajania języka, m.in. <strong>Christopher Alexander</strong> (Uniwersytet w Nikozji, Cypr), <strong>Gessica De Angelis</strong> (Norweski Uniwersytet Naukowo-Techniczny, Norwegia), <strong>Marina Dodigović</strong> (Uniwersytet w Slavonskim Brodzie, Chorwacja), <strong>Blanka Klímová</strong> (Uniwersytet w Hradcu Králové, Czechy), <strong>Robert Oliwa</strong> (Państwowa Akademia Nauk Stosowanych w Przemyślu, Polska) oraz <strong>Torben Schmidt</strong> (Uniwersytet Leuphana w Lüneburgu, Niemcy).</p>
<p>Wydarzenie nie tylko umożliwi wymianę wiedzy i doświadczeń, ale także będzie inspiracją dla uczestników do prowadzenia dalszych badań w dziedzinie przyswajania języka. Dzięki swojej wieloletniej tradycji, konferencja ICFSLA stała się ważnym forum naukowym nie tylko w Polsce, lecz także w Europie i na całym świecie.</p>
<p>Więcej informacji na stronie wydarzenia <a href="http://www.icfsla.us.edu.pl/">www.icfsla.us.edu.pl</a></p>
</div>
                    </div>
                </div>[/vc_column][vc_column width=&#8221;1/3&#8243;][/vc_column][/vc_row]</p>
