{"id":197115,"date":"2026-04-27T14:50:50","date_gmt":"2026-04-27T12:50:50","guid":{"rendered":"https:\/\/us.edu.pl\/wydzial\/wh\/?post_type=event&#038;p=197115"},"modified":"2026-04-27T14:51:55","modified_gmt":"2026-04-27T12:51:55","slug":"przenosny-festiwal-literacki-druga-edycja","status":"publish","type":"event","link":"https:\/\/us.edu.pl\/wydzial\/wh\/event\/przenosny-festiwal-literacki-druga-edycja\/","title":{"rendered":"Przeno\u015bny festiwal literacki &#8211; druga edycja"},"content":{"rendered":"<p>[vc_row][vc_column width=&#8221;2\/3&#8243;]\r\n                <div class=\"text-modules\">\r\n                    <div class=\"container\">\r\n                        \r\n                        <div class=\"text-modules__content\"><p>Zapraszamy na kolejne wydarzenie w ramach drugiej edycji <strong>PRZENO\u015aNEGO FESTIWALU LITERACKIEGO<\/strong> \u2013 spotkanie i warsztaty z poet\u0105, projektantem, performerem Marcinem Mokrym!<\/p>\n<p>Spotkanie z Marcinem Mokrym odb\u0119dzie si\u0119 w najbli\u017csz\u0105 \u015brod\u0119, <strong>29 kwietnia, o godzinie 11.30<\/strong> w sali B.1.18 na Wydziale Humanistycznym Uniwersytetu \u015al\u0105skiego (ul. Uniwersytecka 4 w Katowicach), a poprowadz\u0105 je Marta Baron-Milian i Piotr Bogalecki. Spotkanie ma charakter otwarty.<\/p>\n<p>Po spotkaniu nasz go\u015b\u0107 poprowadzi warsztaty literackie, kt\u00f3re rozpoczn\u0105 si\u0119 o godzinie 13.00 w sali A2.13. Zapraszamy przede wszystkim student\u00f3w i studentki kierunk\u00f3w sztuka pisania oraz tw\u00f3rcze pisanie i marketing wydawniczy.<\/p>\n<p>Marcin Mokry \u2013 poeta, projektant i UX designer. Urodzony w Gliwicach, mieszka w Rachelanach. Kurator sceny literackiej i festiwalowego Zina na Slot Art Festival\u2019u. Wsp\u00f3\u0142tworzy projekt spo\u0142eczno-edukacyjny \u201eDings\u201d, prezentowany m.in. w Museum of Contemporary Art Los Angeles. Autor czterech tom\u00f3w poetyckich\u00a0nagradzanych i nominowanych m.in. do Nagrody Literackiej Gdynia. Jego tw\u00f3rczo\u015b\u0107 \u0142\u0105czy formalny rygor z eksperymentem j\u0119zykowym i refleksj\u0105 nad pami\u0119ci\u0105, przemoc\u0105 i histori\u0105. Znany z sugestywnych czyta\u0144 performatywnych. Za opublikowany w 2025 roku tom \u201eSolarysze&#8221; otrzyma\u0142 Nagrod\u0119 Literack\u0105\u00a0im. Wies\u0142awa Kazaneckiego.<\/p>\n<\/div>\r\n                    <\/div>\r\n                <\/div>[\/vc_column][vc_column width=&#8221;1\/3&#8243;]\r\n                <div class=\"text-modules\">\r\n                    <div class=\"container\">\r\n                        \r\n                        <div class=\"text-modules__content\"><p><img class=\"wp-image-197116 size-full\" src=\"https:\/\/us.edu.pl\/wydzial\/wh\/wp-content\/uploads\/sites\/15\/Bez-kategorii\/autor_Lukasz-Zuterek-scaled.jpg\" alt=\"Marcin Mokry\" width=\"2560\" height=\"1707\" srcset=\"https:\/\/us.edu.pl\/wydzial\/wh\/wp-content\/uploads\/sites\/15\/Bez-kategorii\/autor_Lukasz-Zuterek-scaled.jpg 2560w, https:\/\/us.edu.pl\/wydzial\/wh\/wp-content\/uploads\/sites\/15\/Bez-kategorii\/autor_Lukasz-Zuterek-300x200.jpg 300w, https:\/\/us.edu.pl\/wydzial\/wh\/wp-content\/uploads\/sites\/15\/Bez-kategorii\/autor_Lukasz-Zuterek-1024x683.jpg 1024w, https:\/\/us.edu.pl\/wydzial\/wh\/wp-content\/uploads\/sites\/15\/Bez-kategorii\/autor_Lukasz-Zuterek-768x512.jpg 768w, https:\/\/us.edu.pl\/wydzial\/wh\/wp-content\/uploads\/sites\/15\/Bez-kategorii\/autor_Lukasz-Zuterek-1536x1024.jpg 1536w, https:\/\/us.edu.pl\/wydzial\/wh\/wp-content\/uploads\/sites\/15\/Bez-kategorii\/autor_Lukasz-Zuterek-2048x1365.jpg 2048w, https:\/\/us.edu.pl\/wydzial\/wh\/wp-content\/uploads\/sites\/15\/Bez-kategorii\/autor_Lukasz-Zuterek-575x383.jpg 575w\" sizes=\"(max-width: 2560px) 100vw, 2560px\" \/><\/p>\n<p>fot. \u0141ukasz Zuterek<\/p>\n<\/div>\r\n                    <\/div>\r\n                <\/div>[\/vc_column][\/vc_row]<\/p>","protected":false},"excerpt":{"rendered":"<p>[vc_row][vc_column width=&#8221;2\/3&#8243;][\/vc_column][vc_column width=&#8221;1\/3&#8243;][\/vc_column][\/vc_row] [&#8230;]<\/p>\n<p><a class=\"btn btn-secondary understrap-read-more-link\" href=\"https:\/\/us.edu.pl\/wydzial\/wh\/event\/przenosny-festiwal-literacki-druga-edycja\/\">Read More&#8230;<\/a><\/p>\n","protected":false},"author":7254,"featured_media":0,"template":"","meta":{"_expiration-date-status":"","_expiration-date":0,"_expiration-date-type":"","_expiration-date-categories":[],"_expiration-date-options":[]},"acf":[],"_links":{"self":[{"href":"https:\/\/us.edu.pl\/wydzial\/wh\/wp-json\/wp\/v2\/event\/197115"}],"collection":[{"href":"https:\/\/us.edu.pl\/wydzial\/wh\/wp-json\/wp\/v2\/event"}],"about":[{"href":"https:\/\/us.edu.pl\/wydzial\/wh\/wp-json\/wp\/v2\/types\/event"}],"author":[{"embeddable":true,"href":"https:\/\/us.edu.pl\/wydzial\/wh\/wp-json\/wp\/v2\/users\/7254"}],"version-history":[{"count":2,"href":"https:\/\/us.edu.pl\/wydzial\/wh\/wp-json\/wp\/v2\/event\/197115\/revisions"}],"predecessor-version":[{"id":197118,"href":"https:\/\/us.edu.pl\/wydzial\/wh\/wp-json\/wp\/v2\/event\/197115\/revisions\/197118"}],"wp:attachment":[{"href":"https:\/\/us.edu.pl\/wydzial\/wh\/wp-json\/wp\/v2\/media?parent=197115"}],"curies":[{"name":"wp","href":"https:\/\/api.w.org\/{rel}","templated":true}]}}

Przenośny festiwal literacki &#8211; druga edycja

<p>[vc_row][vc_column width=&#8221;2/3&#8243;]
                <div class="text-modules">
                    <div class="container">
                        
                        <div class="text-modules__content"><p>Zapraszamy na kolejne wydarzenie w ramach drugiej edycji <strong>PRZENOŚNEGO FESTIWALU LITERACKIEGO</strong> – spotkanie i warsztaty z poetą, projektantem, performerem Marcinem Mokrym!</p>
<p>Spotkanie z Marcinem Mokrym odbędzie się w najbliższą środę, <strong>29 kwietnia, o godzinie 11.30</strong> w sali B.1.18 na Wydziale Humanistycznym Uniwersytetu Śląskiego (ul. Uniwersytecka 4 w Katowicach), a poprowadzą je Marta Baron-Milian i Piotr Bogalecki. Spotkanie ma charakter otwarty.</p>
<p>Po spotkaniu nasz gość poprowadzi warsztaty literackie, które rozpoczną się o godzinie 13.00 w sali A2.13. Zapraszamy przede wszystkim studentów i studentki kierunków sztuka pisania oraz twórcze pisanie i marketing wydawniczy.</p>
<p>Marcin Mokry – poeta, projektant i UX designer. Urodzony w Gliwicach, mieszka w Rachelanach. Kurator sceny literackiej i festiwalowego Zina na Slot Art Festival’u. Współtworzy projekt społeczno-edukacyjny „Dings”, prezentowany m.in. w Museum of Contemporary Art Los Angeles. Autor czterech tomów poetyckich nagradzanych i nominowanych m.in. do Nagrody Literackiej Gdynia. Jego twórczość łączy formalny rygor z eksperymentem językowym i refleksją nad pamięcią, przemocą i historią. Znany z sugestywnych czytań performatywnych. Za opublikowany w 2025 roku tom „Solarysze&#8221; otrzymał Nagrodę Literacką im. Wiesława Kazaneckiego.</p>
</div>
                    </div>
                </div>[/vc_column][vc_column width=&#8221;1/3&#8243;]
                <div class="text-modules">
                    <div class="container">
                        
                        <div class="text-modules__content"><p><img class="wp-image-197116 size-full" src="https://us.edu.pl/wydzial/wh/wp-content/uploads/sites/15/Bez-kategorii/autor_Lukasz-Zuterek-scaled.jpg" alt="Marcin Mokry" width="2560" height="1707" srcset="https://us.edu.pl/wydzial/wh/wp-content/uploads/sites/15/Bez-kategorii/autor_Lukasz-Zuterek-scaled.jpg 2560w, https://us.edu.pl/wydzial/wh/wp-content/uploads/sites/15/Bez-kategorii/autor_Lukasz-Zuterek-300x200.jpg 300w, https://us.edu.pl/wydzial/wh/wp-content/uploads/sites/15/Bez-kategorii/autor_Lukasz-Zuterek-1024x683.jpg 1024w, https://us.edu.pl/wydzial/wh/wp-content/uploads/sites/15/Bez-kategorii/autor_Lukasz-Zuterek-768x512.jpg 768w, https://us.edu.pl/wydzial/wh/wp-content/uploads/sites/15/Bez-kategorii/autor_Lukasz-Zuterek-1536x1024.jpg 1536w, https://us.edu.pl/wydzial/wh/wp-content/uploads/sites/15/Bez-kategorii/autor_Lukasz-Zuterek-2048x1365.jpg 2048w, https://us.edu.pl/wydzial/wh/wp-content/uploads/sites/15/Bez-kategorii/autor_Lukasz-Zuterek-575x383.jpg 575w" sizes="(max-width: 2560px) 100vw, 2560px" /></p>
<p>fot. Łukasz Zuterek</p>
</div>
                    </div>
                </div>[/vc_column][/vc_row]</p>
