{"id":20012,"date":"2022-05-05T12:48:24","date_gmt":"2022-05-05T10:48:24","guid":{"rendered":"https:\/\/us.edu.pl\/wydzial\/wh\/?post_type=event&#038;p=20012"},"modified":"2022-05-16T09:58:44","modified_gmt":"2022-05-16T07:58:44","slug":"miedzynarodowa-interdyscyplinarna-konferencja-naukowa-horyzonty-slowacystyki-dawne-inspiracje-i-nowe-wyzwania","status":"publish","type":"event","link":"https:\/\/us.edu.pl\/wydzial\/wh\/event\/miedzynarodowa-interdyscyplinarna-konferencja-naukowa-horyzonty-slowacystyki-dawne-inspiracje-i-nowe-wyzwania\/","title":{"rendered":"Mi\u0119dzynarodowa Interdyscyplinarna Konferencja Naukowa \u201eHoryzonty s\u0142owacystyki: dawne inspiracje i nowe wyzwania\u201d"},"content":{"rendered":"<p>[vc_row][vc_column width=&#8221;2\/3&#8243;]\r\n                <div class=\"text-modules\">\r\n                    <div class=\"container\">\r\n                        \r\n                        <div class=\"text-modules__content\"><p>Z okazji przypadaj\u0105cego jubileuszu 45-lecia kszta\u0142cenia s\u0142owacystycznego na Uniwersytecie \u015al\u0105skim,<br \/>\n<strong>17\u201318 maja 2022 roku <\/strong>na Wydziale Humanistycznym U\u015a w Sosnowcu (ul. Grota-Roweckiego 5) odb\u0119dzie si\u0119 Mi\u0119dzynarodowa Interdyscyplinarna Konferencja Naukowa<\/p>\n<p style=\"text-align: left;\"><strong>Horyzonty s\u0142owacystyki: dawne inspiracje i nowe wyzwania<\/strong><\/p>\n<p>Konferencja po\u015bwi\u0119cona b\u0119dzie problematyce j\u0119zyka, literatury oraz kultury s\u0142owackiej, zagadnieniom przek\u0142adu, kwestiom nauczania j\u0119zyka s\u0142owackiego jako obcego, wzajemnych kontakt\u00f3w s\u0142owacko-polskich i polsko-s\u0142owackich (mi\u0119dzyj\u0119zykowych, mi\u0119dzyliterackich, mi\u0119dzykulturowych).<\/p>\n<p>Podczas konferencji poddamy naukowej refleksji nast\u0119puj\u0105ce zagadnienia:<\/p>\n<ol>\n<li>j\u0119zyk s\u0142owacki w XXI wieku; tendencje i perspektywy rozwojowe; relacje mi\u0119dzy j\u0119zykiem a\u00a0spo\u0142ecze\u0144stwem, mi\u0119dzy j\u0119zykiem a kultur\u0105; metodologie badawcze w j\u0119zykoznawstwie s\u0142owacystycznym;<\/li>\n<li>literatura s\u0142owacka w kontek\u015bcie bada\u0144 literaturoznawczych, komparatystycznych; jej\u00a0pozycja, rola i znaczenie w Polsce oraz na \u015bwiecie; literaturoznawcze badania s\u0142owacystyczne;<\/li>\n<li>przek\u0142ady literatury s\u0142owackiej; praktyczny i teoretyczny wymiar refleksji nad przek\u0142adami literatury s\u0142owackiej; literatura przek\u0142adana i jej miejsce w kulturze przyjmuj\u0105cej;<\/li>\n<li>kultura s\u0142owacka w Polsce i w \u015bwiecie; rola instytucji w nawi\u0105zywaniu dialogu mi\u0119dzykulturowego; propagatorzy kultury s\u0142owackiej w Polsce i na \u015bwiecie;<\/li>\n<li>dydaktyka j\u0119zyka s\u0142owackiego jako j\u0119zyka obcego; innowacyjne trendy i koncepcje w\u00a0nauczaniu j\u0119zyka s\u0142owackiego jako obcego; przek\u0142ad w nauczaniu j\u0119zyka s\u0142owackiego jako\u00a0obcego;<\/li>\n<li>historia s\u0142owacystyki \u015bl\u0105skiej; polskie o\u015brodki s\u0142owacystyczne; s\u0142owacystyka za granic\u0105; wyzwania wsp\u00f3\u0142czesnej s\u0142owacystyki.<\/li>\n<\/ol>\n<p>W konferencji wezm\u0105 udzia\u0142 s\u0142owacy\u015bci, slawi\u015bci, specjali\u015bci zajmuj\u0105cy si\u0119 s\u0142owack\u0105 kultur\u0105, literatur\u0105 i j\u0119zykiem, j\u0119zykoznawcy, literaturoznawcy, przek\u0142adoznawcy, kulturoznawcy, dydaktycy oraz lektorzy j\u0119zyka s\u0142owackiego jako obcego.<\/p>\n<\/div>\r\n                    <\/div>\r\n                <\/div>\r\n                <div class=\"text-modules\">\r\n                    <div class=\"container\">\r\n                        \r\n                        <div class=\"text-modules__content\"><p><a href=\"https:\/\/us.edu.pl\/wydzial\/wh\/wp-content\/uploads\/sites\/15\/Bez-kategorii\/PROGRAM-KONFERENCJI-HORYZONTY-17-18.05.2022_linki-1.pdf\" class=\"mtli_attachment mtli_pdf\" data-mtli=\"mtli_filesize641,63kB\" class=\"mtli_attachment mtli_pdf\" data-mtli=\"mtli_filesize641,63kB\">PROGRAM WYDARZENIA WRAZ Z LINKAMI MS TEAMS<\/a><\/p>\n<style type=\"text\/css\">a[data-mtli~=\"mtli_filesize641,63kB\"]:after {content:\" (641,63 kB)\"}<\/style><\/div>\r\n                    <\/div>\r\n                <\/div>[\/vc_column][vc_column width=&#8221;1\/3&#8243;][vc_images_carousel images=&#8221;20166,20167&#8243; img_size=&#8221;full&#8221; onclick=&#8221;link_no&#8221; speed=&#8221;4000&#8243; autoplay=&#8221;yes&#8221; wrap=&#8221;yes&#8221;][\/vc_column][\/vc_row][vc_row][vc_column width=&#8221;1\/2&#8243;]\r\n                <div class=\"text-modules\">\r\n                    <div class=\"container\">\r\n                        \r\n                        <div class=\"text-modules__content\"><\/p>\n<div style=\"width: 640px;\" class=\"wp-video\"><!--[if lt IE 9]><script>document.createElement('video');<\/script><![endif]-->\n<video class=\"wp-video-shortcode\" id=\"video-20012-1\" width=\"640\" height=\"360\" preload=\"metadata\" controls=\"controls\"><source type=\"video\/mp4\" src=\"https:\/\/us.edu.pl\/wydzial\/wh\/wp-content\/uploads\/sites\/15\/Bez-kategorii\/video-konferencja2-PL-1-1.mp4?_=1\" \/><a href=\"https:\/\/us.edu.pl\/wydzial\/wh\/wp-content\/uploads\/sites\/15\/Bez-kategorii\/video-konferencja2-PL-1-1.mp4\">https:\/\/us.edu.pl\/wydzial\/wh\/wp-content\/uploads\/sites\/15\/Bez-kategorii\/video-konferencja2-PL-1-1.mp4<\/a><\/video><\/div>\n<p>\n<\/div>\r\n                    <\/div>\r\n                <\/div>[\/vc_column][vc_column width=&#8221;1\/2&#8243;]\r\n                <div class=\"text-modules\">\r\n                    <div class=\"container\">\r\n                        \r\n                        <div class=\"text-modules__content\"><\/p>\n<div style=\"width: 640px;\" class=\"wp-video\"><video class=\"wp-video-shortcode\" id=\"video-20012-2\" width=\"640\" height=\"360\" preload=\"metadata\" controls=\"controls\"><source type=\"video\/mp4\" src=\"https:\/\/us.edu.pl\/wydzial\/wh\/wp-content\/uploads\/sites\/15\/Bez-kategorii\/video-konferencja2-sk_poprawiony.mp4?_=2\" \/><a href=\"https:\/\/us.edu.pl\/wydzial\/wh\/wp-content\/uploads\/sites\/15\/Bez-kategorii\/video-konferencja2-sk_poprawiony.mp4\">https:\/\/us.edu.pl\/wydzial\/wh\/wp-content\/uploads\/sites\/15\/Bez-kategorii\/video-konferencja2-sk_poprawiony.mp4<\/a><\/video><\/div>\n<p>\n<\/div>\r\n                    <\/div>\r\n                <\/div>[\/vc_column][\/vc_row]<\/p>\n<style type=\"text\/css\">a[data-mtli~=\"mtli_filesize641,63kB\"]:after {content:\" (641,63 kB)\"}<\/style>","protected":false},"excerpt":{"rendered":"<p>[vc_row][vc_column width=&#8221;2\/3&#8243;][\/vc_column][vc_column width=&#8221;1\/3&#8243;][vc_images_carousel images=&#8221;20166,20167&#8243; img_size=&#8221;full&#8221; onclick=&#8221;link_no&#8221; speed=&#8221;4000&#8243; autoplay=&#8221;yes&#8221; wrap=&#8221;yes&#8221;][\/vc_column][\/vc_row][vc_row][vc_column width=&#8221;1\/2&#8243;][\/vc_column][vc_column width=&#8221;1\/2&#8243;][\/vc_column][\/vc_row] [&#8230;]<\/p>\n<p><a class=\"btn btn-secondary understrap-read-more-link\" href=\"https:\/\/us.edu.pl\/wydzial\/wh\/event\/miedzynarodowa-interdyscyplinarna-konferencja-naukowa-horyzonty-slowacystyki-dawne-inspiracje-i-nowe-wyzwania\/\">Read More&#8230;<\/a><\/p>\n","protected":false},"author":1,"featured_media":0,"template":"","meta":{"_expiration-date-status":"","_expiration-date":0,"_expiration-date-type":"","_expiration-date-categories":[],"_expiration-date-options":[]},"acf":[],"_links":{"self":[{"href":"https:\/\/us.edu.pl\/wydzial\/wh\/wp-json\/wp\/v2\/event\/20012"}],"collection":[{"href":"https:\/\/us.edu.pl\/wydzial\/wh\/wp-json\/wp\/v2\/event"}],"about":[{"href":"https:\/\/us.edu.pl\/wydzial\/wh\/wp-json\/wp\/v2\/types\/event"}],"author":[{"embeddable":true,"href":"https:\/\/us.edu.pl\/wydzial\/wh\/wp-json\/wp\/v2\/users\/1"}],"version-history":[{"count":10,"href":"https:\/\/us.edu.pl\/wydzial\/wh\/wp-json\/wp\/v2\/event\/20012\/revisions"}],"predecessor-version":[{"id":20258,"href":"https:\/\/us.edu.pl\/wydzial\/wh\/wp-json\/wp\/v2\/event\/20012\/revisions\/20258"}],"wp:attachment":[{"href":"https:\/\/us.edu.pl\/wydzial\/wh\/wp-json\/wp\/v2\/media?parent=20012"}],"curies":[{"name":"wp","href":"https:\/\/api.w.org\/{rel}","templated":true}]}}

Międzynarodowa Interdyscyplinarna Konferencja Naukowa „Horyzonty słowacystyki: dawne inspiracje i nowe wyzwania”

<p>[vc_row][vc_column width=&#8221;2/3&#8243;]
                <div class="text-modules">
                    <div class="container">
                        
                        <div class="text-modules__content"><p>Z okazji przypadającego jubileuszu 45-lecia kształcenia słowacystycznego na Uniwersytecie Śląskim,<br />
<strong>17–18 maja 2022 roku </strong>na Wydziale Humanistycznym UŚ w Sosnowcu (ul. Grota-Roweckiego 5) odbędzie się Międzynarodowa Interdyscyplinarna Konferencja Naukowa</p>
<p style="text-align: left;"><strong>Horyzonty słowacystyki: dawne inspiracje i nowe wyzwania</strong></p>
<p>Konferencja poświęcona będzie problematyce języka, literatury oraz kultury słowackiej, zagadnieniom przekładu, kwestiom nauczania języka słowackiego jako obcego, wzajemnych kontaktów słowacko-polskich i polsko-słowackich (międzyjęzykowych, międzyliterackich, międzykulturowych).</p>
<p>Podczas konferencji poddamy naukowej refleksji następujące zagadnienia:</p>
<ol>
<li>język słowacki w XXI wieku; tendencje i perspektywy rozwojowe; relacje między językiem a społeczeństwem, między językiem a kulturą; metodologie badawcze w językoznawstwie słowacystycznym;</li>
<li>literatura słowacka w kontekście badań literaturoznawczych, komparatystycznych; jej pozycja, rola i znaczenie w Polsce oraz na świecie; literaturoznawcze badania słowacystyczne;</li>
<li>przekłady literatury słowackiej; praktyczny i teoretyczny wymiar refleksji nad przekładami literatury słowackiej; literatura przekładana i jej miejsce w kulturze przyjmującej;</li>
<li>kultura słowacka w Polsce i w świecie; rola instytucji w nawiązywaniu dialogu międzykulturowego; propagatorzy kultury słowackiej w Polsce i na świecie;</li>
<li>dydaktyka języka słowackiego jako języka obcego; innowacyjne trendy i koncepcje w nauczaniu języka słowackiego jako obcego; przekład w nauczaniu języka słowackiego jako obcego;</li>
<li>historia słowacystyki śląskiej; polskie ośrodki słowacystyczne; słowacystyka za granicą; wyzwania współczesnej słowacystyki.</li>
</ol>
<p>W konferencji wezmą udział słowacyści, slawiści, specjaliści zajmujący się słowacką kulturą, literaturą i językiem, językoznawcy, literaturoznawcy, przekładoznawcy, kulturoznawcy, dydaktycy oraz lektorzy języka słowackiego jako obcego.</p>
</div>
                    </div>
                </div>
                <div class="text-modules">
                    <div class="container">
                        
                        <div class="text-modules__content"><p><a href="https://us.edu.pl/wydzial/wh/wp-content/uploads/sites/15/Bez-kategorii/PROGRAM-KONFERENCJI-HORYZONTY-17-18.05.2022_linki-1.pdf" class="mtli_attachment mtli_pdf" data-mtli="mtli_filesize641,63kB" class="mtli_attachment mtli_pdf" data-mtli="mtli_filesize641,63kB">PROGRAM WYDARZENIA WRAZ Z LINKAMI MS TEAMS</a></p>
<style type="text/css">a[data-mtli~="mtli_filesize641,63kB"]:after {content:" (641,63 kB)"}</style></div>
                    </div>
                </div>[/vc_column][vc_column width=&#8221;1/3&#8243;][vc_images_carousel images=&#8221;20166,20167&#8243; img_size=&#8221;full&#8221; onclick=&#8221;link_no&#8221; speed=&#8221;4000&#8243; autoplay=&#8221;yes&#8221; wrap=&#8221;yes&#8221;][/vc_column][/vc_row][vc_row][vc_column width=&#8221;1/2&#8243;]
                <div class="text-modules">
                    <div class="container">
                        
                        <div class="text-modules__content"></p>
<div style="width: 640px;" class="wp-video"><!--[if lt IE 9]><script>document.createElement('video');</script><![endif]-->
<video class="wp-video-shortcode" id="video-20012-1" width="640" height="360" preload="metadata" controls="controls"><source type="video/mp4" src="https://us.edu.pl/wydzial/wh/wp-content/uploads/sites/15/Bez-kategorii/video-konferencja2-PL-1-1.mp4?_=1" /><a href="https://us.edu.pl/wydzial/wh/wp-content/uploads/sites/15/Bez-kategorii/video-konferencja2-PL-1-1.mp4">https://us.edu.pl/wydzial/wh/wp-content/uploads/sites/15/Bez-kategorii/video-konferencja2-PL-1-1.mp4</a></video></div>
<p>
</div>
                    </div>
                </div>[/vc_column][vc_column width=&#8221;1/2&#8243;]
                <div class="text-modules">
                    <div class="container">
                        
                        <div class="text-modules__content"></p>
<div style="width: 640px;" class="wp-video"><video class="wp-video-shortcode" id="video-20012-2" width="640" height="360" preload="metadata" controls="controls"><source type="video/mp4" src="https://us.edu.pl/wydzial/wh/wp-content/uploads/sites/15/Bez-kategorii/video-konferencja2-sk_poprawiony.mp4?_=2" /><a href="https://us.edu.pl/wydzial/wh/wp-content/uploads/sites/15/Bez-kategorii/video-konferencja2-sk_poprawiony.mp4">https://us.edu.pl/wydzial/wh/wp-content/uploads/sites/15/Bez-kategorii/video-konferencja2-sk_poprawiony.mp4</a></video></div>
<p>
</div>
                    </div>
                </div>[/vc_column][/vc_row]</p>
<style type="text/css">a[data-mtli~="mtli_filesize641,63kB"]:after {content:" (641,63 kB)"}</style>
