{"id":20471,"date":"2022-05-25T10:32:09","date_gmt":"2022-05-25T08:32:09","guid":{"rendered":"https:\/\/us.edu.pl\/wydzial\/wh\/?post_type=event&#038;p=20471"},"modified":"2022-06-09T09:23:27","modified_gmt":"2022-06-09T07:23:27","slug":"obywatele-swiata-sztuki-sztuka-w-dzialaniach-artystow-naukowcow","status":"publish","type":"event","link":"https:\/\/us.edu.pl\/wydzial\/wh\/event\/obywatele-swiata-sztuki-sztuka-w-dzialaniach-artystow-naukowcow\/","title":{"rendered":"Obywatele \u015bwiata sztuki. Sztuka w dzia\u0142aniach artyst\u00f3w-naukowc\u00f3w"},"content":{"rendered":"<p>[vc_row][vc_column width=&#8221;2\/3&#8243;]\r\n                <div class=\"text-modules\">\r\n                    <div class=\"container\">\r\n                        \r\n                        <div class=\"text-modules__content\"><p>Istniej\u0105 Arty\u015bci, kt\u00f3rzy na widok kodu binarnego zamykaj\u0105 oczy. Istniej\u0105 Naukowcy, kt\u00f3rzy na widok obrazu abstrakcyjnego odwracaj\u0105 wzrok. Ale jest te\u017c grupa, kt\u00f3ra swoje pasje realizuje z powodzeniem w obydwu tych \u015bwiatach. Jej przedstawiciele \u2013 tw\u00f3rcy, filozofowie, kognitywi\u015bci \u2013 spotkali si\u0119, porozmawiali i postanowili zorganizowa\u0107 wydarzenie performatywne o charakterze naukowo-dydaktyczno-artystycznym.<\/p>\n<p>Wydarzenie b\u0119dzie mia\u0142o trzy wymiary. Pierwszym \u2013 naukowym \u2013 b\u0119dzie konferencja, na kt\u00f3rej wyg\u0142osz\u0105 referaty eksperci (Universidad Anahuac, Universidad Nacional Autonoma de Maxico Illinois University, Uniwersytet \u015al\u0105ski) oraz studenci i doktoranci Wydzia\u0142u Humanistycznego. Drugi \u2013 dydaktyczny \u2013 utworz\u0105 warsztaty z zakresu designu, gamifikacji, improwizacji aktorskiej i muzyki. Trzeciemu \u2013 artystycznemu \u2013 nada kszta\u0142t wystawa i plenerowy koncert (w ramach XXIII Festiwalu Sztuki Wysokiej) przygotowany przez uczestnik\u00f3w projektu.<\/p>\n<p><strong>Miejsce:<\/strong><\/p>\n<p>Medusa Group, ul. J\u00f3zefczaka 35, Bytom<\/p>\n<p>CSW Kronika, Rynek 26, Bytom (cz\u0119\u015b\u0107 warsztat\u00f3w)<\/p>\n<p>Ze wzgl\u0119du na ograniczon\u0105\u00a0ilo\u015b\u0107\u00a0miejsc prosimy o zg\u0142oszenie ch\u0119ci udzia\u0142u pod adresem: <a href=\"mailto:obywateleswiatasztuki@outlook.com\">obywateleswiatasztuki@outlook.com<\/a><\/p>\n<\/div>\r\n                    <\/div>\r\n                <\/div>\r\n                <div class=\"text-modules\">\r\n                    <div class=\"container\">\r\n                        \r\n                        <div class=\"text-modules__content\"><p><img class=\"alignnone wp-image-20474 size-full\" src=\"https:\/\/us.edu.pl\/wydzial\/wh\/wp-content\/uploads\/sites\/15\/Bez-kategorii\/afisz_druk3_malyA.jpg\" alt=\"Obywatele \u015awiata Sztuki. Sztuka w dzia\u0142aniach artyst\u00f3w-naukowc\u00f3w - afisz\" width=\"827\" height=\"1168\" srcset=\"https:\/\/us.edu.pl\/wydzial\/wh\/wp-content\/uploads\/sites\/15\/Bez-kategorii\/afisz_druk3_malyA.jpg 827w, https:\/\/us.edu.pl\/wydzial\/wh\/wp-content\/uploads\/sites\/15\/Bez-kategorii\/afisz_druk3_malyA-212x300.jpg 212w, https:\/\/us.edu.pl\/wydzial\/wh\/wp-content\/uploads\/sites\/15\/Bez-kategorii\/afisz_druk3_malyA-725x1024.jpg 725w, https:\/\/us.edu.pl\/wydzial\/wh\/wp-content\/uploads\/sites\/15\/Bez-kategorii\/afisz_druk3_malyA-768x1085.jpg 768w, https:\/\/us.edu.pl\/wydzial\/wh\/wp-content\/uploads\/sites\/15\/Bez-kategorii\/afisz_druk3_malyA-407x575.jpg 407w\" sizes=\"(max-width: 827px) 100vw, 827px\" \/><\/p>\n<\/div>\r\n                    <\/div>\r\n                <\/div>\r\n                <div class=\"text-modules\">\r\n                    <div class=\"container\">\r\n                        \r\n                        <div class=\"text-modules__content\"><p><a href=\"https:\/\/us.edu.pl\/wydzial\/wh\/wp-content\/uploads\/sites\/15\/Bez-kategorii\/Obywatele-s\u0301wiata-sztuki-afisz-aktualny.pdf\" class=\"mtli_attachment mtli_pdf\" data-mtli=\"mtli_filesize195,49kB\" class=\"mtli_attachment mtli_pdf\" data-mtli=\"mtli_filesize195,49kB\"><strong>Afisz w wersji pdf.<\/strong><\/a><\/p>\n<style type=\"text\/css\">a[data-mtli~=\"mtli_filesize195,49kB\"]:after {content:\" (195,49 kB)\"}<\/style><\/div>\r\n                    <\/div>\r\n                <\/div>[\/vc_column][vc_column width=&#8221;1\/3&#8243;]\r\n                <div class=\"text-modules\">\r\n                    <div class=\"container\">\r\n                        \r\n                        <div class=\"text-modules__content\"><p><img class=\"alignnone wp-image-20473\" src=\"https:\/\/us.edu.pl\/wydzial\/wh\/wp-content\/uploads\/sites\/15\/Bez-kategorii\/a.jpg\" alt=\"Obywatele \u015awiata Sztuki. Sztuka w dzia\u0142aniach artyst\u00f3w-naukowc\u00f3w - plakat\" width=\"827\" height=\"1168\" \/><\/p>\n<\/div>\r\n                    <\/div>\r\n                <\/div>[\/vc_column][\/vc_row][vc_row][vc_column][vc_column_text]<\/p>\n<style type=\"text\/css\">a[data-mtli~=\"mtli_filesize195,49kB\"]:after {content:\" (195,49 kB)\"}<\/style>","protected":false},"excerpt":{"rendered":"<p>[vc_row][vc_column width=&#8221;2\/3&#8243;][\/vc_column][vc_column width=&#8221;1\/3&#8243;][\/vc_column][\/vc_row][vc_row][vc_column][vc_column_text] [&#8230;]<\/p>\n<p><a class=\"btn btn-secondary understrap-read-more-link\" href=\"https:\/\/us.edu.pl\/wydzial\/wh\/event\/obywatele-swiata-sztuki-sztuka-w-dzialaniach-artystow-naukowcow\/\">Read More&#8230;<\/a><\/p>\n","protected":false},"author":2430,"featured_media":0,"template":"","meta":{"_expiration-date-status":"","_expiration-date":0,"_expiration-date-type":"","_expiration-date-categories":[],"_expiration-date-options":[]},"acf":[],"_links":{"self":[{"href":"https:\/\/us.edu.pl\/wydzial\/wh\/wp-json\/wp\/v2\/event\/20471"}],"collection":[{"href":"https:\/\/us.edu.pl\/wydzial\/wh\/wp-json\/wp\/v2\/event"}],"about":[{"href":"https:\/\/us.edu.pl\/wydzial\/wh\/wp-json\/wp\/v2\/types\/event"}],"author":[{"embeddable":true,"href":"https:\/\/us.edu.pl\/wydzial\/wh\/wp-json\/wp\/v2\/users\/2430"}],"version-history":[{"count":10,"href":"https:\/\/us.edu.pl\/wydzial\/wh\/wp-json\/wp\/v2\/event\/20471\/revisions"}],"predecessor-version":[{"id":21584,"href":"https:\/\/us.edu.pl\/wydzial\/wh\/wp-json\/wp\/v2\/event\/20471\/revisions\/21584"}],"wp:attachment":[{"href":"https:\/\/us.edu.pl\/wydzial\/wh\/wp-json\/wp\/v2\/media?parent=20471"}],"curies":[{"name":"wp","href":"https:\/\/api.w.org\/{rel}","templated":true}]}}

Obywatele świata sztuki. Sztuka w działaniach artystów-naukowców

<p>[vc_row][vc_column width=&#8221;2/3&#8243;]
                <div class="text-modules">
                    <div class="container">
                        
                        <div class="text-modules__content"><p>Istnieją Artyści, którzy na widok kodu binarnego zamykają oczy. Istnieją Naukowcy, którzy na widok obrazu abstrakcyjnego odwracają wzrok. Ale jest też grupa, która swoje pasje realizuje z powodzeniem w obydwu tych światach. Jej przedstawiciele – twórcy, filozofowie, kognitywiści – spotkali się, porozmawiali i postanowili zorganizować wydarzenie performatywne o charakterze naukowo-dydaktyczno-artystycznym.</p>
<p>Wydarzenie będzie miało trzy wymiary. Pierwszym – naukowym – będzie konferencja, na której wygłoszą referaty eksperci (Universidad Anahuac, Universidad Nacional Autonoma de Maxico Illinois University, Uniwersytet Śląski) oraz studenci i doktoranci Wydziału Humanistycznego. Drugi – dydaktyczny – utworzą warsztaty z zakresu designu, gamifikacji, improwizacji aktorskiej i muzyki. Trzeciemu – artystycznemu – nada kształt wystawa i plenerowy koncert (w ramach XXIII Festiwalu Sztuki Wysokiej) przygotowany przez uczestników projektu.</p>
<p><strong>Miejsce:</strong></p>
<p>Medusa Group, ul. Józefczaka 35, Bytom</p>
<p>CSW Kronika, Rynek 26, Bytom (część warsztatów)</p>
<p>Ze względu na ograniczoną ilość miejsc prosimy o zgłoszenie chęci udziału pod adresem: <a href="mailto:obywateleswiatasztuki@outlook.com">obywateleswiatasztuki@outlook.com</a></p>
</div>
                    </div>
                </div>
                <div class="text-modules">
                    <div class="container">
                        
                        <div class="text-modules__content"><p><img class="alignnone wp-image-20474 size-full" src="https://us.edu.pl/wydzial/wh/wp-content/uploads/sites/15/Bez-kategorii/afisz_druk3_malyA.jpg" alt="Obywatele Świata Sztuki. Sztuka w działaniach artystów-naukowców - afisz" width="827" height="1168" srcset="https://us.edu.pl/wydzial/wh/wp-content/uploads/sites/15/Bez-kategorii/afisz_druk3_malyA.jpg 827w, https://us.edu.pl/wydzial/wh/wp-content/uploads/sites/15/Bez-kategorii/afisz_druk3_malyA-212x300.jpg 212w, https://us.edu.pl/wydzial/wh/wp-content/uploads/sites/15/Bez-kategorii/afisz_druk3_malyA-725x1024.jpg 725w, https://us.edu.pl/wydzial/wh/wp-content/uploads/sites/15/Bez-kategorii/afisz_druk3_malyA-768x1085.jpg 768w, https://us.edu.pl/wydzial/wh/wp-content/uploads/sites/15/Bez-kategorii/afisz_druk3_malyA-407x575.jpg 407w" sizes="(max-width: 827px) 100vw, 827px" /></p>
</div>
                    </div>
                </div>
                <div class="text-modules">
                    <div class="container">
                        
                        <div class="text-modules__content"><p><a href="https://us.edu.pl/wydzial/wh/wp-content/uploads/sites/15/Bez-kategorii/Obywatele-świata-sztuki-afisz-aktualny.pdf" class="mtli_attachment mtli_pdf" data-mtli="mtli_filesize195,49kB" class="mtli_attachment mtli_pdf" data-mtli="mtli_filesize195,49kB"><strong>Afisz w wersji pdf.</strong></a></p>
<style type="text/css">a[data-mtli~="mtli_filesize195,49kB"]:after {content:" (195,49 kB)"}</style></div>
                    </div>
                </div>[/vc_column][vc_column width=&#8221;1/3&#8243;]
                <div class="text-modules">
                    <div class="container">
                        
                        <div class="text-modules__content"><p><img class="alignnone wp-image-20473" src="https://us.edu.pl/wydzial/wh/wp-content/uploads/sites/15/Bez-kategorii/a.jpg" alt="Obywatele Świata Sztuki. Sztuka w działaniach artystów-naukowców - plakat" width="827" height="1168" /></p>
</div>
                    </div>
                </div>[/vc_column][/vc_row][vc_row][vc_column][vc_column_text]</p>
<style type="text/css">a[data-mtli~="mtli_filesize195,49kB"]:after {content:" (195,49 kB)"}</style>
