{"id":20619,"date":"2022-05-26T11:17:28","date_gmt":"2022-05-26T09:17:28","guid":{"rendered":"https:\/\/us.edu.pl\/wydzial\/wh\/?post_type=event&#038;p=20619"},"modified":"2022-06-10T14:13:01","modified_gmt":"2022-06-10T12:13:01","slug":"konferencja-naukowa-historia-zofii-kossak-doswiadczenia-i-konteksty","status":"publish","type":"event","link":"https:\/\/us.edu.pl\/wydzial\/wh\/event\/konferencja-naukowa-historia-zofii-kossak-doswiadczenia-i-konteksty\/","title":{"rendered":"Konferencja naukowa: Historia Zofii Kossak. Do\u015bwiadczenia i konteksty"},"content":{"rendered":"<p>[vc_row][vc_column width=&#8221;2\/3&#8243;]\r\n                <div class=\"text-modules\">\r\n                    <div class=\"container\">\r\n                        \r\n                        <div class=\"text-modules__content\"><\/p>\n<h3>PROGRAM<\/h3>\n<hr \/>\n<p><strong>9.00-9.20<\/strong><\/p>\n<p>otwarcie konferencji<\/p>\n<hr \/>\n<p><strong>9.20-9.40<\/strong><\/p>\n<p>prof. Fran\u00e7ois Rosset: Do kogo nale\u017c\u0105 dzie\u0142a literackie? Na przyk\u0142adzie tw\u00f3rczo\u015bci Zofii Kossak<\/p>\n<hr \/>\n<p><strong>9.40-10.00<\/strong><\/p>\n<p>prof. dr hab. Dariusz Kulesza: Zofia Kossak. Stan bada\u0144 i antyautorski model prozy<\/p>\n<hr \/>\n<p><strong>10.00-10.20<\/strong><\/p>\n<p>prof. dr hab. S\u0142awomir Bury\u0142a: Zofia Kossak w centrum krytyki<\/p>\n<hr \/>\n<p><strong>10.20-10.40<\/strong><\/p>\n<p>prof. dr hab. Tadeusz Bujnicki: Z\u0142ota wolno\u015b\u0107 w sanacyjnym kontek\u015bcie<\/p>\n<hr \/>\n<p><strong>10.40-11.10<\/strong><\/p>\n<p>dyskusja i przerwa<\/p>\n<hr \/>\n<p><strong>11.10-11.30<\/strong><\/p>\n<p>dr hab. Pawe\u0142 Tomczok, prof. U\u015a: Narracje Krzy\u017cowc\u00f3w<\/p>\n<hr \/>\n<p><strong>11.30-11.50<\/strong><\/p>\n<p>dr hab. Marta Tomczok, prof. U\u015a: Refleksja \u015brodowiskowa w tw\u00f3rczo\u015bci Zofii Kossak (wybrane przyk\u0142ady)<\/p>\n<hr \/>\n<p><strong>11.50-12.10<\/strong><\/p>\n<p>dr hab. Dariusz Pachocki, prof. KUL: Prywatne oblicze pisarki. Listy Zofii Kossak<\/p>\n<hr \/>\n<p><strong>12.10-12.30<\/strong><\/p>\n<p>dr hab. Lucyna Sadzikowska, prof. U\u015a: Debiut przed debiutem. M\u0142odzie\u0144cza tw\u00f3rczo\u015b\u0107 Zofii Kossak<\/p>\n<hr \/>\n<p><strong>12.30-12.45<\/strong><\/p>\n<p>dyskusja<\/p>\n<hr \/>\n<p><strong>12.45-14.00<\/strong><\/p>\n<p>przerwa obiadowa<\/p>\n<hr \/>\n<p><strong>14.00-15.15<\/strong><\/p>\n<p>debata edukacyjna<\/p>\n<p>moderator: prof. dr hab. Ryszard Kozio\u0142ek<\/p>\n<p>uczestnicy: prof. dr hab. Krystyna Heska-Kwa\u015bniewicz, prof. dr hab. El\u017cbieta Hurnik, dr Joanna Jurga\u0142a-Jureczka, dr hab. El\u017cbieta M. Kur, prof. UPH, dr Tomasz Pawlus<\/p>\n<hr \/>\n<p><strong>15.15-15.30<\/strong><\/p>\n<p>przerwa<\/p>\n<hr \/>\n<p><strong>15.30-16.45<\/strong><\/p>\n<p>debata translatorsko-wydawniczo-czytelniczo-muzealna<\/p>\n<p>moderatorka: dr hab. Renata Dampc-Jarosz, prof. U\u015a<\/p>\n<p>uczestnicy: dr hab. Zbigniew Kad\u0142ubek, prof. U\u015a, dr Krzysztof K\u0142osowicz, prof. dr hab. Zdzis\u0142awa Mokranowska, Higinio J. Paterna Sanchez, Diana Pieczonka-Giec, Anna Zalewska<\/p>\n<hr \/>\n<p><strong>16.45-17.00<\/strong><\/p>\n<p>zako\u0144czenie konferencji<\/p>\n<\/div>\r\n                    <\/div>\r\n                <\/div>\r\n                <div class=\"text-modules\">\r\n                    <div class=\"container\">\r\n                        \r\n                        <div class=\"text-modules__content\"><p>Zapraszamy na konferencj\u0119 naukow\u0105 \u201eHistoria Zofii Kossak. Do\u015bwiadczenia i konteksty\u201d organizowan\u0105 w zwi\u0105zku z jubileuszem 100. rocznicy debiutu literackiego Zofii Kossak.<\/p>\n<p>Wydarzenie odb\u0119dzie si\u0119 13 czerwca 2022 r. (poniedzia\u0142ek) o godz. 9.00 w auli im. Andrzeja Pawlikowskiego w budynku Wydzia\u0142u Humanistycznego Uniwersytetu \u015al\u0105skiego w Katowicach przy ul. Uniwersytecka 4.<\/p>\n<\/div>\r\n                    <\/div>\r\n                <\/div>[vc_separator][\/vc_column][vc_column width=&#8221;1\/3&#8243;]\r\n                <div class=\"text-modules\">\r\n                    <div class=\"container\">\r\n                        \r\n                        <div class=\"text-modules__content\"><p><a href=\"https:\/\/us.edu.pl\/wydzial\/wh\/wp-content\/uploads\/sites\/15\/Bez-kategorii\/plakat_Kossak.jpg\"><img class=\"alignnone wp-image-20621 size-large\" src=\"https:\/\/us.edu.pl\/wydzial\/wh\/wp-content\/uploads\/sites\/15\/Bez-kategorii\/plakat_Kossak-717x1024.jpg\" alt=\"Plakat przedstawiaj\u0105cy wizerunek Zofii Kossak z profilu. Na dole logotypy: PATRONAT HONOROWY: Honorowy Patronat Rektora Uniwersytetu \u015al\u0105skiego w Katowicach, Wojew\u00f3dztwo \u015al\u0105skie | Honorowy patronat Marsza\u0142ka Wojew\u00f3dztwa \u015al\u0105skiego Jakuba Che\u0142stowskiego; prof. Francois Rosset. Organizator Uniwersytet \u015al\u0105ski w Katowicach, WSP\u00d3\u0141ORGANIZATOR: Biblioteka \u015al\u0105ska, PARTNER Muzeum Zofii Kossak-Szatkowskiej, Towarzystwo Literackie im. Teodora Parnickiego PATRONAT MEDIALNY gazeta uniwersytecka U\u015a miesi\u0119cznik Uniwersytetu \u015al\u0105skiego w Katowicach, FORUM AKADEMICKIE\" width=\"640\" height=\"914\" srcset=\"https:\/\/us.edu.pl\/wydzial\/wh\/wp-content\/uploads\/sites\/15\/Bez-kategorii\/plakat_Kossak-717x1024.jpg 717w, https:\/\/us.edu.pl\/wydzial\/wh\/wp-content\/uploads\/sites\/15\/Bez-kategorii\/plakat_Kossak-210x300.jpg 210w, https:\/\/us.edu.pl\/wydzial\/wh\/wp-content\/uploads\/sites\/15\/Bez-kategorii\/plakat_Kossak-768x1097.jpg 768w, https:\/\/us.edu.pl\/wydzial\/wh\/wp-content\/uploads\/sites\/15\/Bez-kategorii\/plakat_Kossak-403x575.jpg 403w, https:\/\/us.edu.pl\/wydzial\/wh\/wp-content\/uploads\/sites\/15\/Bez-kategorii\/plakat_Kossak.jpg 864w\" sizes=\"(max-width: 640px) 100vw, 640px\" \/><\/a><\/p>\n<\/div>\r\n                    <\/div>\r\n                <\/div>[vc_separator][\/vc_column][\/vc_row][vc_row][vc_column width=&#8221;2\/3&#8243;]\r\n                <div class=\"text-modules\">\r\n                    <div class=\"container\">\r\n                        \r\n                        <div class=\"text-modules__content\"><p>Konferencji towarzyszy\u0107 b\u0119dzie <strong>wystawa pierwodruk\u00f3w, t\u0142umacze\u0144 oraz wyda\u0144 zagranicznych ksi\u0105\u017cek Zofii Kossak ze zbior\u00f3w Biblioteki \u015al\u0105skiej<\/strong>. Ekspozycje ogl\u0105da\u0107 mo\u017cna od 13 czerwca 2022 r. przy Auli im. Andrzeja Pawlikowskiego (B1.1).<\/p>\n<\/div>\r\n                    <\/div>\r\n                <\/div>[\/vc_column][vc_column width=&#8221;1\/3&#8243;][\/vc_column][\/vc_row][vc_row][vc_column]            \r\n                \r\n                <div class=\"container\">\r\n                     <div class=\"gallery-big \">\r\n                        \r\n                        <div class=\"row m-0\">\r\n                        <a data-fancybox=\"4963\" href=\"https:\/\/us.edu.pl\/wydzial\/wh\/wp-content\/uploads\/sites\/15\/Bez-kategorii\/IMG_0343_Easy-Resize.com_.jpg\"\r\n                        title=\"\" \r\n                        class=\"gallery-big__item gallery-big__item_big thumbnail\"\r\n                        style=\"background-image: url(https:\/\/us.edu.pl\/wydzial\/wh\/wp-content\/uploads\/sites\/15\/Bez-kategorii\/IMG_0343_Easy-Resize.com_-1024x682.jpg)\"><span class=\"d-none\">https:\/\/us.edu.pl\/wydzial\/wh\/wp-content\/uploads\/sites\/15\/Bez-kategorii\/IMG_0343_Easy-Resize.com_.jpg<\/span><\/a><div class=\"gallery-big__small-items\">\r\n                        <a data-fancybox=\"4963\" href=\"https:\/\/us.edu.pl\/wydzial\/wh\/wp-content\/uploads\/sites\/15\/Bez-kategorii\/IMG_0341_Easy-Resize.com_.jpg\"\r\n                        title=\"\" \r\n                        class=\"gallery-big__item  thumbnail\"\r\n                        style=\"background-image: url(https:\/\/us.edu.pl\/wydzial\/wh\/wp-content\/uploads\/sites\/15\/Bez-kategorii\/IMG_0341_Easy-Resize.com_-682x1024.jpg)\"><span class=\"d-none\">https:\/\/us.edu.pl\/wydzial\/wh\/wp-content\/uploads\/sites\/15\/Bez-kategorii\/IMG_0341_Easy-Resize.com_.jpg<\/span><\/a>\r\n                        <a data-fancybox=\"4963\" href=\"https:\/\/us.edu.pl\/wydzial\/wh\/wp-content\/uploads\/sites\/15\/Bez-kategorii\/IMG_0344_Easy-Resize.com_.jpg\"\r\n                        title=\"\" \r\n                        class=\"gallery-big__item  thumbnail\"\r\n                        style=\"background-image: url(https:\/\/us.edu.pl\/wydzial\/wh\/wp-content\/uploads\/sites\/15\/Bez-kategorii\/IMG_0344_Easy-Resize.com_-682x1024.jpg)\"><span class=\"d-none\">https:\/\/us.edu.pl\/wydzial\/wh\/wp-content\/uploads\/sites\/15\/Bez-kategorii\/IMG_0344_Easy-Resize.com_.jpg<\/span><\/a><\/div><\/div><div class=\"row m-0\">\r\n                        <a data-fancybox=\"4963\" href=\"https:\/\/us.edu.pl\/wydzial\/wh\/wp-content\/uploads\/sites\/15\/Bez-kategorii\/IMG_0347_Easy-Resize.com_.jpg\"\r\n                        title=\"\" \r\n                        class=\"gallery-big__item gallery-big__item_big thumbnail\"\r\n                        style=\"background-image: url(https:\/\/us.edu.pl\/wydzial\/wh\/wp-content\/uploads\/sites\/15\/Bez-kategorii\/IMG_0347_Easy-Resize.com_-1024x682.jpg)\"><span class=\"d-none\">https:\/\/us.edu.pl\/wydzial\/wh\/wp-content\/uploads\/sites\/15\/Bez-kategorii\/IMG_0347_Easy-Resize.com_.jpg<\/span><\/a><div class=\"gallery-big__small-items\">\r\n                        <a data-fancybox=\"4963\" href=\"https:\/\/us.edu.pl\/wydzial\/wh\/wp-content\/uploads\/sites\/15\/Bez-kategorii\/IMG_0342_Easy-Resize.com_.jpg\"\r\n                        title=\"\" \r\n                        class=\"gallery-big__item  thumbnail\"\r\n                        style=\"background-image: url(https:\/\/us.edu.pl\/wydzial\/wh\/wp-content\/uploads\/sites\/15\/Bez-kategorii\/IMG_0342_Easy-Resize.com_-682x1024.jpg)\"><span class=\"d-none\">https:\/\/us.edu.pl\/wydzial\/wh\/wp-content\/uploads\/sites\/15\/Bez-kategorii\/IMG_0342_Easy-Resize.com_.jpg<\/span><\/a>\r\n                        <a data-fancybox=\"4963\" href=\"https:\/\/us.edu.pl\/wydzial\/wh\/wp-content\/uploads\/sites\/15\/Bez-kategorii\/IMG_0345_Easy-Resize.com_.jpg\"\r\n                        title=\"\" \r\n                        class=\"gallery-big__item  thumbnail\"\r\n                        style=\"background-image: url(https:\/\/us.edu.pl\/wydzial\/wh\/wp-content\/uploads\/sites\/15\/Bez-kategorii\/IMG_0345_Easy-Resize.com_-682x1024.jpg)\"><span class=\"d-none\">https:\/\/us.edu.pl\/wydzial\/wh\/wp-content\/uploads\/sites\/15\/Bez-kategorii\/IMG_0345_Easy-Resize.com_.jpg<\/span><\/a><\/div><\/div>\r\n                    <\/div>\r\n                <\/div>[\/vc_column][\/vc_row]<\/p>","protected":false},"excerpt":{"rendered":"<p>[vc_row][vc_column width=&#8221;2\/3&#8243;][vc_separator][\/vc_column][vc_column width=&#8221;1\/3&#8243;][vc_separator][\/vc_column][\/vc_row][vc_row][vc_column width=&#8221;2\/3&#8243;][\/vc_column][vc_column width=&#8221;1\/3&#8243;][\/vc_column][\/vc_row][vc_row][vc_column][\/vc_column][\/vc_row] [&#8230;]<\/p>\n<p><a class=\"btn btn-secondary understrap-read-more-link\" href=\"https:\/\/us.edu.pl\/wydzial\/wh\/event\/konferencja-naukowa-historia-zofii-kossak-doswiadczenia-i-konteksty\/\">Read More&#8230;<\/a><\/p>\n","protected":false},"author":1,"featured_media":0,"template":"","meta":{"_expiration-date-status":"","_expiration-date":0,"_expiration-date-type":"","_expiration-date-categories":[],"_expiration-date-options":[]},"acf":[],"_links":{"self":[{"href":"https:\/\/us.edu.pl\/wydzial\/wh\/wp-json\/wp\/v2\/event\/20619"}],"collection":[{"href":"https:\/\/us.edu.pl\/wydzial\/wh\/wp-json\/wp\/v2\/event"}],"about":[{"href":"https:\/\/us.edu.pl\/wydzial\/wh\/wp-json\/wp\/v2\/types\/event"}],"author":[{"embeddable":true,"href":"https:\/\/us.edu.pl\/wydzial\/wh\/wp-json\/wp\/v2\/users\/1"}],"version-history":[{"count":10,"href":"https:\/\/us.edu.pl\/wydzial\/wh\/wp-json\/wp\/v2\/event\/20619\/revisions"}],"predecessor-version":[{"id":21707,"href":"https:\/\/us.edu.pl\/wydzial\/wh\/wp-json\/wp\/v2\/event\/20619\/revisions\/21707"}],"wp:attachment":[{"href":"https:\/\/us.edu.pl\/wydzial\/wh\/wp-json\/wp\/v2\/media?parent=20619"}],"curies":[{"name":"wp","href":"https:\/\/api.w.org\/{rel}","templated":true}]}}

Konferencja naukowa: Historia Zofii Kossak. Doświadczenia i konteksty

<p>[vc_row][vc_column width=&#8221;2/3&#8243;]
                <div class="text-modules">
                    <div class="container">
                        
                        <div class="text-modules__content"></p>
<h3>PROGRAM</h3>
<hr />
<p><strong>9.00-9.20</strong></p>
<p>otwarcie konferencji</p>
<hr />
<p><strong>9.20-9.40</strong></p>
<p>prof. François Rosset: Do kogo należą dzieła literackie? Na przykładzie twórczości Zofii Kossak</p>
<hr />
<p><strong>9.40-10.00</strong></p>
<p>prof. dr hab. Dariusz Kulesza: Zofia Kossak. Stan badań i antyautorski model prozy</p>
<hr />
<p><strong>10.00-10.20</strong></p>
<p>prof. dr hab. Sławomir Buryła: Zofia Kossak w centrum krytyki</p>
<hr />
<p><strong>10.20-10.40</strong></p>
<p>prof. dr hab. Tadeusz Bujnicki: Złota wolność w sanacyjnym kontekście</p>
<hr />
<p><strong>10.40-11.10</strong></p>
<p>dyskusja i przerwa</p>
<hr />
<p><strong>11.10-11.30</strong></p>
<p>dr hab. Paweł Tomczok, prof. UŚ: Narracje Krzyżowców</p>
<hr />
<p><strong>11.30-11.50</strong></p>
<p>dr hab. Marta Tomczok, prof. UŚ: Refleksja środowiskowa w twórczości Zofii Kossak (wybrane przykłady)</p>
<hr />
<p><strong>11.50-12.10</strong></p>
<p>dr hab. Dariusz Pachocki, prof. KUL: Prywatne oblicze pisarki. Listy Zofii Kossak</p>
<hr />
<p><strong>12.10-12.30</strong></p>
<p>dr hab. Lucyna Sadzikowska, prof. UŚ: Debiut przed debiutem. Młodzieńcza twórczość Zofii Kossak</p>
<hr />
<p><strong>12.30-12.45</strong></p>
<p>dyskusja</p>
<hr />
<p><strong>12.45-14.00</strong></p>
<p>przerwa obiadowa</p>
<hr />
<p><strong>14.00-15.15</strong></p>
<p>debata edukacyjna</p>
<p>moderator: prof. dr hab. Ryszard Koziołek</p>
<p>uczestnicy: prof. dr hab. Krystyna Heska-Kwaśniewicz, prof. dr hab. Elżbieta Hurnik, dr Joanna Jurgała-Jureczka, dr hab. Elżbieta M. Kur, prof. UPH, dr Tomasz Pawlus</p>
<hr />
<p><strong>15.15-15.30</strong></p>
<p>przerwa</p>
<hr />
<p><strong>15.30-16.45</strong></p>
<p>debata translatorsko-wydawniczo-czytelniczo-muzealna</p>
<p>moderatorka: dr hab. Renata Dampc-Jarosz, prof. UŚ</p>
<p>uczestnicy: dr hab. Zbigniew Kadłubek, prof. UŚ, dr Krzysztof Kłosowicz, prof. dr hab. Zdzisława Mokranowska, Higinio J. Paterna Sanchez, Diana Pieczonka-Giec, Anna Zalewska</p>
<hr />
<p><strong>16.45-17.00</strong></p>
<p>zakończenie konferencji</p>
</div>
                    </div>
                </div>
                <div class="text-modules">
                    <div class="container">
                        
                        <div class="text-modules__content"><p>Zapraszamy na konferencję naukową „Historia Zofii Kossak. Doświadczenia i konteksty” organizowaną w związku z jubileuszem 100. rocznicy debiutu literackiego Zofii Kossak.</p>
<p>Wydarzenie odbędzie się 13 czerwca 2022 r. (poniedziałek) o godz. 9.00 w auli im. Andrzeja Pawlikowskiego w budynku Wydziału Humanistycznego Uniwersytetu Śląskiego w Katowicach przy ul. Uniwersytecka 4.</p>
</div>
                    </div>
                </div>[vc_separator][/vc_column][vc_column width=&#8221;1/3&#8243;]
                <div class="text-modules">
                    <div class="container">
                        
                        <div class="text-modules__content"><p><a href="https://us.edu.pl/wydzial/wh/wp-content/uploads/sites/15/Bez-kategorii/plakat_Kossak.jpg"><img class="alignnone wp-image-20621 size-large" src="https://us.edu.pl/wydzial/wh/wp-content/uploads/sites/15/Bez-kategorii/plakat_Kossak-717x1024.jpg" alt="Plakat przedstawiający wizerunek Zofii Kossak z profilu. Na dole logotypy: PATRONAT HONOROWY: Honorowy Patronat Rektora Uniwersytetu Śląskiego w Katowicach, Województwo Śląskie | Honorowy patronat Marszałka Województwa Śląskiego Jakuba Chełstowskiego; prof. Francois Rosset. Organizator Uniwersytet Śląski w Katowicach, WSPÓŁORGANIZATOR: Biblioteka Śląska, PARTNER Muzeum Zofii Kossak-Szatkowskiej, Towarzystwo Literackie im. Teodora Parnickiego PATRONAT MEDIALNY gazeta uniwersytecka UŚ miesięcznik Uniwersytetu Śląskiego w Katowicach, FORUM AKADEMICKIE" width="640" height="914" srcset="https://us.edu.pl/wydzial/wh/wp-content/uploads/sites/15/Bez-kategorii/plakat_Kossak-717x1024.jpg 717w, https://us.edu.pl/wydzial/wh/wp-content/uploads/sites/15/Bez-kategorii/plakat_Kossak-210x300.jpg 210w, https://us.edu.pl/wydzial/wh/wp-content/uploads/sites/15/Bez-kategorii/plakat_Kossak-768x1097.jpg 768w, https://us.edu.pl/wydzial/wh/wp-content/uploads/sites/15/Bez-kategorii/plakat_Kossak-403x575.jpg 403w, https://us.edu.pl/wydzial/wh/wp-content/uploads/sites/15/Bez-kategorii/plakat_Kossak.jpg 864w" sizes="(max-width: 640px) 100vw, 640px" /></a></p>
</div>
                    </div>
                </div>[vc_separator][/vc_column][/vc_row][vc_row][vc_column width=&#8221;2/3&#8243;]
                <div class="text-modules">
                    <div class="container">
                        
                        <div class="text-modules__content"><p>Konferencji towarzyszyć będzie <strong>wystawa pierwodruków, tłumaczeń oraz wydań zagranicznych książek Zofii Kossak ze zbiorów Biblioteki Śląskiej</strong>. Ekspozycje oglądać można od 13 czerwca 2022 r. przy Auli im. Andrzeja Pawlikowskiego (B1.1).</p>
</div>
                    </div>
                </div>[/vc_column][vc_column width=&#8221;1/3&#8243;][/vc_column][/vc_row][vc_row][vc_column]            
                
                <div class="container">
                     <div class="gallery-big ">
                        
                        <div class="row m-0">
                        <a data-fancybox="4963" href="https://us.edu.pl/wydzial/wh/wp-content/uploads/sites/15/Bez-kategorii/IMG_0343_Easy-Resize.com_.jpg"
                        title="" 
                        class="gallery-big__item gallery-big__item_big thumbnail"
                        style="background-image: url(https://us.edu.pl/wydzial/wh/wp-content/uploads/sites/15/Bez-kategorii/IMG_0343_Easy-Resize.com_-1024x682.jpg)"><span class="d-none">https://us.edu.pl/wydzial/wh/wp-content/uploads/sites/15/Bez-kategorii/IMG_0343_Easy-Resize.com_.jpg</span></a><div class="gallery-big__small-items">
                        <a data-fancybox="4963" href="https://us.edu.pl/wydzial/wh/wp-content/uploads/sites/15/Bez-kategorii/IMG_0341_Easy-Resize.com_.jpg"
                        title="" 
                        class="gallery-big__item  thumbnail"
                        style="background-image: url(https://us.edu.pl/wydzial/wh/wp-content/uploads/sites/15/Bez-kategorii/IMG_0341_Easy-Resize.com_-682x1024.jpg)"><span class="d-none">https://us.edu.pl/wydzial/wh/wp-content/uploads/sites/15/Bez-kategorii/IMG_0341_Easy-Resize.com_.jpg</span></a>
                        <a data-fancybox="4963" href="https://us.edu.pl/wydzial/wh/wp-content/uploads/sites/15/Bez-kategorii/IMG_0344_Easy-Resize.com_.jpg"
                        title="" 
                        class="gallery-big__item  thumbnail"
                        style="background-image: url(https://us.edu.pl/wydzial/wh/wp-content/uploads/sites/15/Bez-kategorii/IMG_0344_Easy-Resize.com_-682x1024.jpg)"><span class="d-none">https://us.edu.pl/wydzial/wh/wp-content/uploads/sites/15/Bez-kategorii/IMG_0344_Easy-Resize.com_.jpg</span></a></div></div><div class="row m-0">
                        <a data-fancybox="4963" href="https://us.edu.pl/wydzial/wh/wp-content/uploads/sites/15/Bez-kategorii/IMG_0347_Easy-Resize.com_.jpg"
                        title="" 
                        class="gallery-big__item gallery-big__item_big thumbnail"
                        style="background-image: url(https://us.edu.pl/wydzial/wh/wp-content/uploads/sites/15/Bez-kategorii/IMG_0347_Easy-Resize.com_-1024x682.jpg)"><span class="d-none">https://us.edu.pl/wydzial/wh/wp-content/uploads/sites/15/Bez-kategorii/IMG_0347_Easy-Resize.com_.jpg</span></a><div class="gallery-big__small-items">
                        <a data-fancybox="4963" href="https://us.edu.pl/wydzial/wh/wp-content/uploads/sites/15/Bez-kategorii/IMG_0342_Easy-Resize.com_.jpg"
                        title="" 
                        class="gallery-big__item  thumbnail"
                        style="background-image: url(https://us.edu.pl/wydzial/wh/wp-content/uploads/sites/15/Bez-kategorii/IMG_0342_Easy-Resize.com_-682x1024.jpg)"><span class="d-none">https://us.edu.pl/wydzial/wh/wp-content/uploads/sites/15/Bez-kategorii/IMG_0342_Easy-Resize.com_.jpg</span></a>
                        <a data-fancybox="4963" href="https://us.edu.pl/wydzial/wh/wp-content/uploads/sites/15/Bez-kategorii/IMG_0345_Easy-Resize.com_.jpg"
                        title="" 
                        class="gallery-big__item  thumbnail"
                        style="background-image: url(https://us.edu.pl/wydzial/wh/wp-content/uploads/sites/15/Bez-kategorii/IMG_0345_Easy-Resize.com_-682x1024.jpg)"><span class="d-none">https://us.edu.pl/wydzial/wh/wp-content/uploads/sites/15/Bez-kategorii/IMG_0345_Easy-Resize.com_.jpg</span></a></div></div>
                    </div>
                </div>[/vc_column][/vc_row]</p>
