{"id":5622,"date":"2020-10-28T10:46:57","date_gmt":"2020-10-28T09:46:57","guid":{"rendered":"https:\/\/us.edu.pl\/wydzial\/wh\/?post_type=event&#038;p=5622"},"modified":"2020-10-28T10:46:57","modified_gmt":"2020-10-28T09:46:57","slug":"2nd-jomsborg-conference-gesta-hammaburgensis-pontificum-origins-reception-and-significance-of-adam-of-bremens-account-online","status":"publish","type":"event","link":"https:\/\/us.edu.pl\/wydzial\/wh\/event\/2nd-jomsborg-conference-gesta-hammaburgensis-pontificum-origins-reception-and-significance-of-adam-of-bremens-account-online\/","title":{"rendered":"2nd J\u00f3msborg Conference: Gesta Hammaburgensis Pontificum. Origins, reception and significance of Adam of Bremen\u2019s account (online)"},"content":{"rendered":"<p>[vc_row][vc_column width=&#8221;2\/3&#8243;]\r\n                <div class=\"text-modules\">\r\n                    <div class=\"container\">\r\n                        \r\n                        <div class=\"text-modules__content\"><p>Konferencja to druga edycja z cyklu the <strong>J\u00f3msborg Conference<\/strong>, wsp\u00f3\u0142tworzonego przez <a href=\"https:\/\/us.edu.pl\/instytut\/ih\/\">Instytut Historii U\u015a<\/a>, <a href=\"https:\/\/us.edu.pl\/nauka-i-badania\/centra-badawcze\/centrum-badan-nordystycznych-i-staroangielskich\">Centrum Bada\u0144 Nordystycznych i Staroangielskich U\u015a<\/a> oraz <a href=\"https:\/\/muzeumwolin.pl\/pl\/\">Muzeum Regionalne im. Andrzeja Kaubego w Wolinie<\/a>. Tegoroczna edycja, <strong>&#8222;Gesta Hammaburgensis Pontificum. Origins, reception and significance of Adam of Bremen\u2019s account&#8221;<\/strong>, kt\u00f3rej dodatkowym partnerem naukowym jest Katedra Historii Skandynawii i Europy \u015arodkowo-Wschodniej UMK, po\u015bwi\u0119cona jest jednemu z najwa\u017cniejszych przekaz\u00f3w dotycz\u0105cych dziej\u00f3w S\u0142owia\u0144szczyzny Zachodniej i Skandynawii we wczesnym \u015bredniowieczu, jakim by\u0142o dzie\u0142o Adama z Bremy.<\/p>\n<p>Konferencja zgromadzi ponad 20 badaczy z kraju i zagranicy, kt\u00f3rzy b\u0119d\u0105 debatowa\u0107 na temat specyfiki, recepcji oraz znaczenia tego przekazu.<\/p>\n<\/div>\r\n                    <\/div>\r\n                <\/div>[\/vc_column][vc_column width=&#8221;1\/3&#8243;][\/vc_column][\/vc_row][vc_row][vc_column]<div class=\"container\"><div class=\"separator\" style=\"background-color: #EBEBEB\"><\/div><\/div>[\/vc_column][\/vc_row][vc_row][vc_column width=&#8221;1\/2&#8243;]\r\n                <div class=\"text-modules\">\r\n                    <div class=\"container\">\r\n                        \r\n                        <div class=\"text-modules__content\"><p><img class=\"alignnone wp-image-5625 size-large\" src=\"https:\/\/us.edu.pl\/wydzial\/wh\/wp-content\/uploads\/sites\/15\/Nieprzypisane\/program-1-728x1024.png\" alt=\"program drugiej edycji J\u00f3msborg Conference\" width=\"640\" height=\"900\" srcset=\"https:\/\/us.edu.pl\/wydzial\/wh\/wp-content\/uploads\/sites\/15\/Nieprzypisane\/program-1-728x1024.png 728w, https:\/\/us.edu.pl\/wydzial\/wh\/wp-content\/uploads\/sites\/15\/Nieprzypisane\/program-1-213x300.png 213w, https:\/\/us.edu.pl\/wydzial\/wh\/wp-content\/uploads\/sites\/15\/Nieprzypisane\/program-1-768x1081.png 768w, https:\/\/us.edu.pl\/wydzial\/wh\/wp-content\/uploads\/sites\/15\/Nieprzypisane\/program-1-409x575.png 409w, https:\/\/us.edu.pl\/wydzial\/wh\/wp-content\/uploads\/sites\/15\/Nieprzypisane\/program-1.png 1080w\" sizes=\"(max-width: 640px) 100vw, 640px\" \/><\/p>\n<\/div>\r\n                    <\/div>\r\n                <\/div>[\/vc_column][vc_column width=&#8221;1\/2&#8243;]\r\n                <div class=\"text-modules\">\r\n                    <div class=\"container\">\r\n                        \r\n                        <div class=\"text-modules__content\"><p><img class=\"alignnone wp-image-5626 size-large\" src=\"https:\/\/us.edu.pl\/wydzial\/wh\/wp-content\/uploads\/sites\/15\/Nieprzypisane\/program-2-727x1024.png\" alt=\"program drugiej edycji J\u00f3msborg Conference - strona 2\" width=\"640\" height=\"901\" srcset=\"https:\/\/us.edu.pl\/wydzial\/wh\/wp-content\/uploads\/sites\/15\/Nieprzypisane\/program-2-727x1024.png 727w, https:\/\/us.edu.pl\/wydzial\/wh\/wp-content\/uploads\/sites\/15\/Nieprzypisane\/program-2-213x300.png 213w, https:\/\/us.edu.pl\/wydzial\/wh\/wp-content\/uploads\/sites\/15\/Nieprzypisane\/program-2-768x1082.png 768w, https:\/\/us.edu.pl\/wydzial\/wh\/wp-content\/uploads\/sites\/15\/Nieprzypisane\/program-2-408x575.png 408w, https:\/\/us.edu.pl\/wydzial\/wh\/wp-content\/uploads\/sites\/15\/Nieprzypisane\/program-2.png 1080w\" sizes=\"(max-width: 640px) 100vw, 640px\" \/><\/p>\n<\/div>\r\n                    <\/div>\r\n                <\/div>[\/vc_column][\/vc_row]<\/p>","protected":false},"excerpt":{"rendered":"<p>[vc_row][vc_column width=&#8221;2\/3&#8243;][\/vc_column][vc_column width=&#8221;1\/3&#8243;][\/vc_column][\/vc_row][vc_row][vc_column][\/vc_column][\/vc_row][vc_row][vc_column width=&#8221;1\/2&#8243;][\/vc_column][vc_column width=&#8221;1\/2&#8243;][\/vc_column][\/vc_row] [&#8230;]<\/p>\n<p><a class=\"btn btn-secondary understrap-read-more-link\" href=\"https:\/\/us.edu.pl\/wydzial\/wh\/event\/2nd-jomsborg-conference-gesta-hammaburgensis-pontificum-origins-reception-and-significance-of-adam-of-bremens-account-online\/\">Read More&#8230;<\/a><\/p>\n","protected":false},"author":1,"featured_media":0,"template":"","meta":{"_expiration-date-status":"saved","_expiration-date":0,"_expiration-date-type":"","_expiration-date-categories":[],"_expiration-date-options":[]},"acf":[],"_links":{"self":[{"href":"https:\/\/us.edu.pl\/wydzial\/wh\/wp-json\/wp\/v2\/event\/5622"}],"collection":[{"href":"https:\/\/us.edu.pl\/wydzial\/wh\/wp-json\/wp\/v2\/event"}],"about":[{"href":"https:\/\/us.edu.pl\/wydzial\/wh\/wp-json\/wp\/v2\/types\/event"}],"author":[{"embeddable":true,"href":"https:\/\/us.edu.pl\/wydzial\/wh\/wp-json\/wp\/v2\/users\/1"}],"version-history":[{"count":6,"href":"https:\/\/us.edu.pl\/wydzial\/wh\/wp-json\/wp\/v2\/event\/5622\/revisions"}],"predecessor-version":[{"id":5631,"href":"https:\/\/us.edu.pl\/wydzial\/wh\/wp-json\/wp\/v2\/event\/5622\/revisions\/5631"}],"wp:attachment":[{"href":"https:\/\/us.edu.pl\/wydzial\/wh\/wp-json\/wp\/v2\/media?parent=5622"}],"curies":[{"name":"wp","href":"https:\/\/api.w.org\/{rel}","templated":true}]}}

2nd Jómsborg Conference: Gesta Hammaburgensis Pontificum. Origins, reception and significance of Adam of Bremen’s account (online)

<p>[vc_row][vc_column width=&#8221;2/3&#8243;]
                <div class="text-modules">
                    <div class="container">
                        
                        <div class="text-modules__content"><p>Konferencja to druga edycja z cyklu the <strong>Jómsborg Conference</strong>, współtworzonego przez <a href="https://us.edu.pl/instytut/ih/">Instytut Historii UŚ</a>, <a href="https://us.edu.pl/nauka-i-badania/centra-badawcze/centrum-badan-nordystycznych-i-staroangielskich">Centrum Badań Nordystycznych i Staroangielskich UŚ</a> oraz <a href="https://muzeumwolin.pl/pl/">Muzeum Regionalne im. Andrzeja Kaubego w Wolinie</a>. Tegoroczna edycja, <strong>&#8222;Gesta Hammaburgensis Pontificum. Origins, reception and significance of Adam of Bremen’s account&#8221;</strong>, której dodatkowym partnerem naukowym jest Katedra Historii Skandynawii i Europy Środkowo-Wschodniej UMK, poświęcona jest jednemu z najważniejszych przekazów dotyczących dziejów Słowiańszczyzny Zachodniej i Skandynawii we wczesnym średniowieczu, jakim było dzieło Adama z Bremy.</p>
<p>Konferencja zgromadzi ponad 20 badaczy z kraju i zagranicy, którzy będą debatować na temat specyfiki, recepcji oraz znaczenia tego przekazu.</p>
</div>
                    </div>
                </div>[/vc_column][vc_column width=&#8221;1/3&#8243;][/vc_column][/vc_row][vc_row][vc_column]<div class="container"><div class="separator" style="background-color: #EBEBEB"></div></div>[/vc_column][/vc_row][vc_row][vc_column width=&#8221;1/2&#8243;]
                <div class="text-modules">
                    <div class="container">
                        
                        <div class="text-modules__content"><p><img class="alignnone wp-image-5625 size-large" src="https://us.edu.pl/wydzial/wh/wp-content/uploads/sites/15/Nieprzypisane/program-1-728x1024.png" alt="program drugiej edycji Jómsborg Conference" width="640" height="900" srcset="https://us.edu.pl/wydzial/wh/wp-content/uploads/sites/15/Nieprzypisane/program-1-728x1024.png 728w, https://us.edu.pl/wydzial/wh/wp-content/uploads/sites/15/Nieprzypisane/program-1-213x300.png 213w, https://us.edu.pl/wydzial/wh/wp-content/uploads/sites/15/Nieprzypisane/program-1-768x1081.png 768w, https://us.edu.pl/wydzial/wh/wp-content/uploads/sites/15/Nieprzypisane/program-1-409x575.png 409w, https://us.edu.pl/wydzial/wh/wp-content/uploads/sites/15/Nieprzypisane/program-1.png 1080w" sizes="(max-width: 640px) 100vw, 640px" /></p>
</div>
                    </div>
                </div>[/vc_column][vc_column width=&#8221;1/2&#8243;]
                <div class="text-modules">
                    <div class="container">
                        
                        <div class="text-modules__content"><p><img class="alignnone wp-image-5626 size-large" src="https://us.edu.pl/wydzial/wh/wp-content/uploads/sites/15/Nieprzypisane/program-2-727x1024.png" alt="program drugiej edycji Jómsborg Conference - strona 2" width="640" height="901" srcset="https://us.edu.pl/wydzial/wh/wp-content/uploads/sites/15/Nieprzypisane/program-2-727x1024.png 727w, https://us.edu.pl/wydzial/wh/wp-content/uploads/sites/15/Nieprzypisane/program-2-213x300.png 213w, https://us.edu.pl/wydzial/wh/wp-content/uploads/sites/15/Nieprzypisane/program-2-768x1082.png 768w, https://us.edu.pl/wydzial/wh/wp-content/uploads/sites/15/Nieprzypisane/program-2-408x575.png 408w, https://us.edu.pl/wydzial/wh/wp-content/uploads/sites/15/Nieprzypisane/program-2.png 1080w" sizes="(max-width: 640px) 100vw, 640px" /></p>
</div>
                    </div>
                </div>[/vc_column][/vc_row]</p>
