{"id":156345,"date":"2022-06-21T14:13:48","date_gmt":"2022-06-21T12:13:48","guid":{"rendered":"https:\/\/us.edu.pl\/wydzial\/wh\/?post_type=multimedia&#038;p=156345"},"modified":"2022-06-21T16:16:12","modified_gmt":"2022-06-21T14:16:12","slug":"konferencja-naukowa-historia-zofii-kossak-doswiadczenia-i-konteksty-fotorelacja","status":"publish","type":"multimedia","link":"https:\/\/us.edu.pl\/wydzial\/wh\/multimedia\/konferencja-naukowa-historia-zofii-kossak-doswiadczenia-i-konteksty-fotorelacja\/","title":{"rendered":"Konferencja naukowa: Historia Zofii Kossak. Do\u015bwiadczenia i konteksty &#8211; fotorelacja"},"content":{"rendered":"<p>[vc_row][vc_column width=&#8221;2\/3&#8243;]\r\n                <div class=\"text-modules\">\r\n                    <div class=\"container\">\r\n                        \r\n                        <div class=\"text-modules__content\"><p>Konferencja naukowa pt. \u201eHistoria Zofii Kossak. Do\u015bwiadczenia i konteksty\u201d mia\u0142a miejsce 13 czerwca 2022 r. o godz. 9.00 w auli im. Andrzeja Pawlikowskiego w budynku Wydzia\u0142u Humanistycznego Uniwersytetu \u015al\u0105skiego w Katowicach przy ul. Uniwersyteckiej 4. Zosta\u0142a zorganizowana w zwi\u0105zku z jubileuszem 100. rocznicy debiutu literackiego Zofii Kossak.<\/p>\n<p>\n<\/div>\r\n                    <\/div>\r\n                <\/div>[\/vc_column][vc_column width=&#8221;1\/3&#8243;][\/vc_column][\/vc_row]<\/p>","protected":false},"excerpt":{"rendered":"<p>[vc_row][vc_column width=&#8221;2\/3&#8243;][\/vc_column][vc_column width=&#8221;1\/3&#8243;][\/vc_column][\/vc_row] [&#8230;]<\/p>\n<p><a class=\"btn btn-secondary understrap-read-more-link\" href=\"https:\/\/us.edu.pl\/wydzial\/wh\/multimedia\/konferencja-naukowa-historia-zofii-kossak-doswiadczenia-i-konteksty-fotorelacja\/\">Read More&#8230;<\/a><\/p>\n","protected":false},"author":2430,"featured_media":156258,"template":"","meta":{"_expiration-date-status":"","_expiration-date":0,"_expiration-date-type":"","_expiration-date-categories":[],"_expiration-date-options":[]},"acf":[],"_links":{"self":[{"href":"https:\/\/us.edu.pl\/wydzial\/wh\/wp-json\/wp\/v2\/multimedia\/156345"}],"collection":[{"href":"https:\/\/us.edu.pl\/wydzial\/wh\/wp-json\/wp\/v2\/multimedia"}],"about":[{"href":"https:\/\/us.edu.pl\/wydzial\/wh\/wp-json\/wp\/v2\/types\/multimedia"}],"author":[{"embeddable":true,"href":"https:\/\/us.edu.pl\/wydzial\/wh\/wp-json\/wp\/v2\/users\/2430"}],"version-history":[{"count":7,"href":"https:\/\/us.edu.pl\/wydzial\/wh\/wp-json\/wp\/v2\/multimedia\/156345\/revisions"}],"predecessor-version":[{"id":156450,"href":"https:\/\/us.edu.pl\/wydzial\/wh\/wp-json\/wp\/v2\/multimedia\/156345\/revisions\/156450"}],"wp:featuredmedia":[{"embeddable":true,"href":"https:\/\/us.edu.pl\/wydzial\/wh\/wp-json\/wp\/v2\/media\/156258"}],"wp:attachment":[{"href":"https:\/\/us.edu.pl\/wydzial\/wh\/wp-json\/wp\/v2\/media?parent=156345"}],"curies":[{"name":"wp","href":"https:\/\/api.w.org\/{rel}","templated":true}]}}

Konferencja naukowa: Historia Zofii Kossak. Doświadczenia i konteksty &#8211; fotorelacja

<p>[vc_row][vc_column width=&#8221;2/3&#8243;]
                <div class="text-modules">
                    <div class="container">
                        
                        <div class="text-modules__content"><p>Konferencja naukowa pt. „Historia Zofii Kossak. Doświadczenia i konteksty” miała miejsce 13 czerwca 2022 r. o godz. 9.00 w auli im. Andrzeja Pawlikowskiego w budynku Wydziału Humanistycznego Uniwersytetu Śląskiego w Katowicach przy ul. Uniwersyteckiej 4. Została zorganizowana w związku z jubileuszem 100. rocznicy debiutu literackiego Zofii Kossak.</p>
<p>
</div>
                    </div>
                </div>[/vc_column][vc_column width=&#8221;1/3&#8243;][/vc_column][/vc_row]</p>
