{"id":168986,"date":"2023-11-15T13:48:27","date_gmt":"2023-11-15T12:48:27","guid":{"rendered":"https:\/\/us.edu.pl\/wydzial\/wh\/?post_type=multimedia&#038;p=168986"},"modified":"2023-11-15T13:57:02","modified_gmt":"2023-11-15T12:57:02","slug":"fotorelacja-z-wystawy-rozkwit-mysli-muzulmanskiej-dziedzictwo-kulturowe-narodu-marokanskiego","status":"publish","type":"multimedia","link":"https:\/\/us.edu.pl\/wydzial\/wh\/multimedia\/fotorelacja-z-wystawy-rozkwit-mysli-muzulmanskiej-dziedzictwo-kulturowe-narodu-marokanskiego\/","title":{"rendered":"Fotorelacja z wystawy \u201eRozkwit my\u015bli muzu\u0142ma\u0144skiej. Dziedzictwo kulturowe narodu maroka\u0144skiego\u201d"},"content":{"rendered":"<p>[vc_row][vc_column][vc_column_text][\/vc_column_text][\/vc_column][\/vc_row][vc_row el_class=&#8221;container&#8221;][vc_column width=&#8221;2\/3&#8243; css=&#8221;.vc_custom_1700052496945{background-color: #f2f2f2 !important;}&#8221;]\r\n                <div class=\"text-modules\">\r\n                    <div class=\"container\">\r\n                        \r\n                        <div class=\"text-modules__content\"><\/p>\n<p style=\"text-align: justify;\">Jeszcze do pi\u0105tku, 17 listopada, w holu g\u0142\u00f3wnym Wydzia\u0142u Humanistycznego w Sosnowcu, mo\u017cna zwiedza\u0107 wystaw\u0119 fotograficzn\u0105 zatytu\u0142owan\u0105 <strong>\u201eRozkwit my\u015bli muzu\u0142ma\u0144skiej. Dziedzictwo kulturowe narodu maroka\u0144skiego<\/strong><strong>\u201d. <\/strong>Prezentuje ona muzu\u0142ma\u0144skich uczonych, kt\u00f3rzy wnie\u015bli olbrzymi wk\u0142ad w nauk\u0119 mi\u0119dzy IX a XIV wiekiem. Wystaw\u0119 udost\u0119pni\u0142 Imam Pan Dr Abdul Jabbar Koubaisy, Dyrektor Centrum Kultury i Dialogu \u201eDoha\u201d w Katowicach, piastuj\u0105cy r\u00f3wnocze\u015bnie funkcj\u0119 Prezesa Muzu\u0142ma\u0144skiej Fundacji Pomocy oraz Wiceprzewodnicz\u0105cego Ligi Muzu\u0142ma\u0144skiej w Polsce.<\/p>\n<p style=\"text-align: justify;\">Wystawa fotograficzna po\u0142\u0105czona jest z barwn\u0105 i orientaln\u0105 ekspozycj\u0105 maroka\u0144skich przedmiot\u00f3w u\u017cytku codziennego, tradycyjnych stroj\u00f3w i bi\u017cuterii. Ekspozycj\u0119, zatytu\u0142owan\u0105 <strong>\u201eDziedzictwo kulturowe narodu maroka\u0144skiego\u201d<\/strong>, mo\u017cna podziwia\u0107 dzi\u0119ki Pani Hassnie Ezzara, Prezesce i za\u0142o\u017cycielce Fundacji polsko- maroka\u0144skiej ARGAN <a href=\"https:\/\/fundacjaargan.pl\/\">https:\/\/fundacjaargan.pl\/.<\/a><\/p>\n<p style=\"text-align: justify;\">Zorganizowanie wystawy oraz ekspozycji by\u0142o mo\u017cliwe dzi\u0119ki wsp\u00f3\u0142pracy Kierunku Filologia Roma\u0144ska Wydzia\u0142u Humanistycznego Uniwersytetu \u015al\u0105skiego z\u00a0 Muzu\u0142ma\u0144sk\u0105 Fundacj\u0105 Pomocy oraz Fundacj\u0105 polsko-maroka\u0144sk\u0105 ARGAN.<\/p>\n<p style=\"text-align: justify;\">Pomys\u0142odawczyni\u0105 i koordynatork\u0105 wystawy jest dr Aniela Kucharska, b\u0119d\u0105ca r\u00f3wnocze\u015bnie organizatork\u0105 Tygodnia Trzech Kultur, kt\u00f3ry odb\u0119dzie si\u0119 w dniach 26 lutego- 3 marca 2024 roku, w ramach wydarzenia Katowice Europejskie Miasto Nauki 2024.<\/p>\n<p>\n<\/div>\r\n                    <\/div>\r\n                <\/div>[\/vc_column][vc_column width=&#8221;1\/3&#8243;]\r\n                <div class=\"text-modules\">\r\n                    <div class=\"container\">\r\n                        \r\n                        <div class=\"text-modules__content\"><p><img class=\"wp-image-168992 size-full\" src=\"https:\/\/us.edu.pl\/wydzial\/wh\/wp-content\/uploads\/sites\/15\/Bez-kategorii\/1699792057099.jpg\" alt=\"\" width=\"768\" height=\"1024\" srcset=\"https:\/\/us.edu.pl\/wydzial\/wh\/wp-content\/uploads\/sites\/15\/Bez-kategorii\/1699792057099.jpg 768w, https:\/\/us.edu.pl\/wydzial\/wh\/wp-content\/uploads\/sites\/15\/Bez-kategorii\/1699792057099-225x300.jpg 225w, https:\/\/us.edu.pl\/wydzial\/wh\/wp-content\/uploads\/sites\/15\/Bez-kategorii\/1699792057099-431x575.jpg 431w\" sizes=\"(max-width: 768px) 100vw, 768px\" \/><\/p>\n<p>\n<\/div>\r\n                    <\/div>\r\n                <\/div>[\/vc_column][\/vc_row][vc_row][vc_column][vc_column_text][\/vc_column_text][\/vc_column][\/vc_row]<\/p>","protected":false},"excerpt":{"rendered":"<p>[vc_row][vc_column][vc_column_text][\/vc_column_text][\/vc_column][\/vc_row][vc_row el_class=&#8221;container&#8221;][vc_column width=&#8221;2\/3&#8243; css=&#8221;.vc_custom_1700052496945{background-color: #f2f2f2 !important;}&#8221;][\/vc_column][vc_column width=&#8221;1\/3&#8243;][\/vc_column][\/vc_row][vc_row][vc_column][vc_column_text][\/vc_column_text][\/vc_column][\/vc_row] [&#8230;]<\/p>\n<p><a class=\"btn btn-secondary understrap-read-more-link\" href=\"https:\/\/us.edu.pl\/wydzial\/wh\/multimedia\/fotorelacja-z-wystawy-rozkwit-mysli-muzulmanskiej-dziedzictwo-kulturowe-narodu-marokanskiego\/\">Read More&#8230;<\/a><\/p>\n","protected":false},"author":2430,"featured_media":168987,"template":"","meta":{"_expiration-date-status":"","_expiration-date":0,"_expiration-date-type":"","_expiration-date-categories":[],"_expiration-date-options":[]},"acf":[],"_links":{"self":[{"href":"https:\/\/us.edu.pl\/wydzial\/wh\/wp-json\/wp\/v2\/multimedia\/168986"}],"collection":[{"href":"https:\/\/us.edu.pl\/wydzial\/wh\/wp-json\/wp\/v2\/multimedia"}],"about":[{"href":"https:\/\/us.edu.pl\/wydzial\/wh\/wp-json\/wp\/v2\/types\/multimedia"}],"author":[{"embeddable":true,"href":"https:\/\/us.edu.pl\/wydzial\/wh\/wp-json\/wp\/v2\/users\/2430"}],"version-history":[{"count":3,"href":"https:\/\/us.edu.pl\/wydzial\/wh\/wp-json\/wp\/v2\/multimedia\/168986\/revisions"}],"predecessor-version":[{"id":169006,"href":"https:\/\/us.edu.pl\/wydzial\/wh\/wp-json\/wp\/v2\/multimedia\/168986\/revisions\/169006"}],"wp:featuredmedia":[{"embeddable":true,"href":"https:\/\/us.edu.pl\/wydzial\/wh\/wp-json\/wp\/v2\/media\/168987"}],"wp:attachment":[{"href":"https:\/\/us.edu.pl\/wydzial\/wh\/wp-json\/wp\/v2\/media?parent=168986"}],"curies":[{"name":"wp","href":"https:\/\/api.w.org\/{rel}","templated":true}]}}

Fotorelacja z wystawy „Rozkwit myśli muzułmańskiej. Dziedzictwo kulturowe narodu marokańskiego”

<p>[vc_row][vc_column][vc_column_text][/vc_column_text][/vc_column][/vc_row][vc_row el_class=&#8221;container&#8221;][vc_column width=&#8221;2/3&#8243; css=&#8221;.vc_custom_1700052496945{background-color: #f2f2f2 !important;}&#8221;]
                <div class="text-modules">
                    <div class="container">
                        
                        <div class="text-modules__content"></p>
<p style="text-align: justify;">Jeszcze do piątku, 17 listopada, w holu głównym Wydziału Humanistycznego w Sosnowcu, można zwiedzać wystawę fotograficzną zatytułowaną <strong>„Rozkwit myśli muzułmańskiej. Dziedzictwo kulturowe narodu marokańskiego</strong><strong>”. </strong>Prezentuje ona muzułmańskich uczonych, którzy wnieśli olbrzymi wkład w naukę między IX a XIV wiekiem. Wystawę udostępnił Imam Pan Dr Abdul Jabbar Koubaisy, Dyrektor Centrum Kultury i Dialogu „Doha” w Katowicach, piastujący równocześnie funkcję Prezesa Muzułmańskiej Fundacji Pomocy oraz Wiceprzewodniczącego Ligi Muzułmańskiej w Polsce.</p>
<p style="text-align: justify;">Wystawa fotograficzna połączona jest z barwną i orientalną ekspozycją marokańskich przedmiotów użytku codziennego, tradycyjnych strojów i biżuterii. Ekspozycję, zatytułowaną <strong>„Dziedzictwo kulturowe narodu marokańskiego”</strong>, można podziwiać dzięki Pani Hassnie Ezzara, Prezesce i założycielce Fundacji polsko- marokańskiej ARGAN <a href="https://fundacjaargan.pl/">https://fundacjaargan.pl/.</a></p>
<p style="text-align: justify;">Zorganizowanie wystawy oraz ekspozycji było możliwe dzięki współpracy Kierunku Filologia Romańska Wydziału Humanistycznego Uniwersytetu Śląskiego z  Muzułmańską Fundacją Pomocy oraz Fundacją polsko-marokańską ARGAN.</p>
<p style="text-align: justify;">Pomysłodawczynią i koordynatorką wystawy jest dr Aniela Kucharska, będąca równocześnie organizatorką Tygodnia Trzech Kultur, który odbędzie się w dniach 26 lutego- 3 marca 2024 roku, w ramach wydarzenia Katowice Europejskie Miasto Nauki 2024.</p>
<p>
</div>
                    </div>
                </div>[/vc_column][vc_column width=&#8221;1/3&#8243;]
                <div class="text-modules">
                    <div class="container">
                        
                        <div class="text-modules__content"><p><img class="wp-image-168992 size-full" src="https://us.edu.pl/wydzial/wh/wp-content/uploads/sites/15/Bez-kategorii/1699792057099.jpg" alt="" width="768" height="1024" srcset="https://us.edu.pl/wydzial/wh/wp-content/uploads/sites/15/Bez-kategorii/1699792057099.jpg 768w, https://us.edu.pl/wydzial/wh/wp-content/uploads/sites/15/Bez-kategorii/1699792057099-225x300.jpg 225w, https://us.edu.pl/wydzial/wh/wp-content/uploads/sites/15/Bez-kategorii/1699792057099-431x575.jpg 431w" sizes="(max-width: 768px) 100vw, 768px" /></p>
<p>
</div>
                    </div>
                </div>[/vc_column][/vc_row][vc_row][vc_column][vc_column_text][/vc_column_text][/vc_column][/vc_row]</p>
