{"id":169071,"date":"2023-11-20T12:01:50","date_gmt":"2023-11-20T11:01:50","guid":{"rendered":"https:\/\/us.edu.pl\/wydzial\/wh\/?post_type=multimedia&#038;p=169071"},"modified":"2023-11-20T12:55:25","modified_gmt":"2023-11-20T11:55:25","slug":"fotorelacja-z-wykladu-rozkwit-mysli-muzulmanskiej-oraz-prezentacji-dziedzictwo-kulturowe-narodu-marokanskiego","status":"publish","type":"multimedia","link":"https:\/\/us.edu.pl\/wydzial\/wh\/multimedia\/fotorelacja-z-wykladu-rozkwit-mysli-muzulmanskiej-oraz-prezentacji-dziedzictwo-kulturowe-narodu-marokanskiego\/","title":{"rendered":"Fotorelacja z wyk\u0142adu \u201eRozkwit my\u015bli muzu\u0142ma\u0144skiej\u201d oraz prezentacji \u201eDziedzictwo kulturowe narodu maroka\u0144skiego\u201d"},"content":{"rendered":"<p>[vc_row][vc_column width=&#8221;2\/3&#8243; css=&#8221;.vc_custom_1700480787209{border-right-width: 3px !important;background-color: #eaeaea !important;border-right-color: #dd9933 !important;border-right-style: solid !important;border-radius: 3px !important;}&#8221;]\r\n                <div class=\"text-modules\">\r\n                    <div class=\"container\">\r\n                        \r\n                        <div class=\"text-modules__content\"><\/p>\n<p style=\"text-align: justify;\">Zapraszamy do zapoznania si\u0119 z fotorelacji\u0105 z wyk\u0142adu <strong>\u201eRozkwit my\u015bli muzu\u0142ma\u0144skiej\u201d<\/strong> oraz prezentacji <strong>\u201eDziedzictwo kulturowe narodu maroka\u0144skiego\u201d<\/strong>, kt\u00f3re mia\u0142y miejsce 8 listopada br. na Wydziale Humanistycznym w Sosnowcu.<\/p>\n<p style=\"text-align: justify;\">W tematyk\u0119 \u201eRozkwitu my\u015bli muzu\u0142ma\u0144skiej\u201d wprowadzi\u0142 Imam Pan Dr Abdul Jabbar Koubaisy Dyrektor Centrum Kultury i Dialogu w Katowicach, Prezes Muzu\u0142ma\u0144skiej Fundacji Pomocy i Wiceprzewodnicz\u0105cy Ligi Muzu\u0142ma\u0144skiej w Polsce, oraz Pani Teresa Koubaisy, Cz\u0142onek Rady Naczelnej Ligii Muzu\u0142ma\u0144skiej RP. Uczestnicy mogli dowiedzie\u0107 si\u0119 nieco bli\u017cej o muzu\u0142ma\u0144skich uczonych, kt\u00f3rzy na przestrzeni IX i XIV wieku, wnie\u015bli olbrzymi wk\u0142ad w nauk\u0119. Prelegenci przypomnieli tak\u017ce o kobietach-muzu\u0142mankach, kt\u00f3re zajmowa\u0142y wysok\u0105 pozycj\u0119 w \u015bwiecie nauki.<\/p>\n<p style=\"text-align: justify;\">Druga cz\u0119\u015b\u0107 spotkania by\u0142a po\u015bwi\u0119cona pa\u0144stwu Maroko. Dzi\u0119ki prezentacji Pani Hassny Ezzara (Prezeska i za\u0142o\u017cycielka Fundacji polsko- maroka\u0144skiej ARGAN) uczestnicy spotkania poznali g\u0142\u00f3wne atrakcje turystyczne, us\u0142yszeli o ciekawych miastach i zr\u00f3\u017cnicowanych krajobrazach oraz zapoznali si\u0119 z maroka\u0144skimi smakami i symbolem go\u015bcinno\u015bci- maroka\u0144sk\u0105 herbat\u0105 mi\u0119tow\u0105.<\/p>\n<p style=\"text-align: justify;\">Serdecznie dzi\u0119kujemy za udzia\u0142 w spotkaniu i liczymy na dalsz\u0105 wsp\u00f3\u0142prac\u0119!<\/p>\n<p style=\"text-align: justify;\">Pomys\u0142odawczyni\u0105 i koordynatork\u0105 spotkania by\u0142a \u00a0dr Aniela Kucharska, b\u0119d\u0105ca r\u00f3wnocze\u015bnie organizatork\u0105 Tygodnia Trzech Kultur, kt\u00f3ry odb\u0119dzie si\u0119 w dniach 26 lutego- 3 marca 2024 roku, w ramach wydarzenia Katowice Europejskie Miasto Nauki 2024.<\/p>\n<p style=\"text-align: justify;\">Zdj\u0119cia udost\u0119pnione przez Pani\u0105 Hassn\u0119 Ezzara z fundacji ARGAN<\/p>\n<p style=\"text-align: justify;\"><a href=\"https:\/\/fundacjaargan.pl\/\">https:\/\/fundacjaargan.pl\/<\/a><\/p>\n<p>\n<\/div>\r\n                    <\/div>\r\n                <\/div>[\/vc_column][vc_column width=&#8221;1\/3&#8243;][vc_images_carousel images=&#8221;169081,169094,169093,169092&#8243; img_size=&#8221;full&#8221; speed=&#8221;3000&#8243; autoplay=&#8221;yes&#8221; hide_pagination_control=&#8221;yes&#8221; wrap=&#8221;yes&#8221;][\/vc_column][\/vc_row][vc_row][vc_column][vc_column_text][\/vc_column_text][\/vc_column][\/vc_row]<\/p>","protected":false},"excerpt":{"rendered":"<p>[vc_row][vc_column width=&#8221;2\/3&#8243; css=&#8221;.vc_custom_1700480787209{border-right-width: 3px !important;background-color: #eaeaea !important;border-right-color: #dd9933 !important;border-right-style: solid !important;border-radius: 3px !important;}&#8221;][\/vc_column][vc_column width=&#8221;1\/3&#8243;][vc_images_carousel images=&#8221;169081,169094,169093,169092&#8243; img_size=&#8221;full&#8221; speed=&#8221;3000&#8243; autoplay=&#8221;yes&#8221; hide_pagination_control=&#8221;yes&#8221; wrap=&#8221;yes&#8221;][\/vc_column][\/vc_row][vc_row][vc_column][vc_column_text][\/vc_column_text][\/vc_column][\/vc_row] [&#8230;]<\/p>\n<p><a class=\"btn btn-secondary understrap-read-more-link\" href=\"https:\/\/us.edu.pl\/wydzial\/wh\/multimedia\/fotorelacja-z-wykladu-rozkwit-mysli-muzulmanskiej-oraz-prezentacji-dziedzictwo-kulturowe-narodu-marokanskiego\/\">Read More&#8230;<\/a><\/p>\n","protected":false},"author":2430,"featured_media":169072,"template":"","meta":{"_expiration-date-status":"","_expiration-date":0,"_expiration-date-type":"","_expiration-date-categories":[],"_expiration-date-options":[]},"acf":[],"_links":{"self":[{"href":"https:\/\/us.edu.pl\/wydzial\/wh\/wp-json\/wp\/v2\/multimedia\/169071"}],"collection":[{"href":"https:\/\/us.edu.pl\/wydzial\/wh\/wp-json\/wp\/v2\/multimedia"}],"about":[{"href":"https:\/\/us.edu.pl\/wydzial\/wh\/wp-json\/wp\/v2\/types\/multimedia"}],"author":[{"embeddable":true,"href":"https:\/\/us.edu.pl\/wydzial\/wh\/wp-json\/wp\/v2\/users\/2430"}],"version-history":[{"count":4,"href":"https:\/\/us.edu.pl\/wydzial\/wh\/wp-json\/wp\/v2\/multimedia\/169071\/revisions"}],"predecessor-version":[{"id":169095,"href":"https:\/\/us.edu.pl\/wydzial\/wh\/wp-json\/wp\/v2\/multimedia\/169071\/revisions\/169095"}],"wp:featuredmedia":[{"embeddable":true,"href":"https:\/\/us.edu.pl\/wydzial\/wh\/wp-json\/wp\/v2\/media\/169072"}],"wp:attachment":[{"href":"https:\/\/us.edu.pl\/wydzial\/wh\/wp-json\/wp\/v2\/media?parent=169071"}],"curies":[{"name":"wp","href":"https:\/\/api.w.org\/{rel}","templated":true}]}}

Fotorelacja z wykładu „Rozkwit myśli muzułmańskiej” oraz prezentacji „Dziedzictwo kulturowe narodu marokańskiego”

<p>[vc_row][vc_column width=&#8221;2/3&#8243; css=&#8221;.vc_custom_1700480787209{border-right-width: 3px !important;background-color: #eaeaea !important;border-right-color: #dd9933 !important;border-right-style: solid !important;border-radius: 3px !important;}&#8221;]
                <div class="text-modules">
                    <div class="container">
                        
                        <div class="text-modules__content"></p>
<p style="text-align: justify;">Zapraszamy do zapoznania się z fotorelacjią z wykładu <strong>„Rozkwit myśli muzułmańskiej”</strong> oraz prezentacji <strong>„Dziedzictwo kulturowe narodu marokańskiego”</strong>, które miały miejsce 8 listopada br. na Wydziale Humanistycznym w Sosnowcu.</p>
<p style="text-align: justify;">W tematykę „Rozkwitu myśli muzułmańskiej” wprowadził Imam Pan Dr Abdul Jabbar Koubaisy Dyrektor Centrum Kultury i Dialogu w Katowicach, Prezes Muzułmańskiej Fundacji Pomocy i Wiceprzewodniczący Ligi Muzułmańskiej w Polsce, oraz Pani Teresa Koubaisy, Członek Rady Naczelnej Ligii Muzułmańskiej RP. Uczestnicy mogli dowiedzieć się nieco bliżej o muzułmańskich uczonych, którzy na przestrzeni IX i XIV wieku, wnieśli olbrzymi wkład w naukę. Prelegenci przypomnieli także o kobietach-muzułmankach, które zajmowały wysoką pozycję w świecie nauki.</p>
<p style="text-align: justify;">Druga część spotkania była poświęcona państwu Maroko. Dzięki prezentacji Pani Hassny Ezzara (Prezeska i założycielka Fundacji polsko- marokańskiej ARGAN) uczestnicy spotkania poznali główne atrakcje turystyczne, usłyszeli o ciekawych miastach i zróżnicowanych krajobrazach oraz zapoznali się z marokańskimi smakami i symbolem gościnności- marokańską herbatą miętową.</p>
<p style="text-align: justify;">Serdecznie dziękujemy za udział w spotkaniu i liczymy na dalszą współpracę!</p>
<p style="text-align: justify;">Pomysłodawczynią i koordynatorką spotkania była  dr Aniela Kucharska, będąca równocześnie organizatorką Tygodnia Trzech Kultur, który odbędzie się w dniach 26 lutego- 3 marca 2024 roku, w ramach wydarzenia Katowice Europejskie Miasto Nauki 2024.</p>
<p style="text-align: justify;">Zdjęcia udostępnione przez Panią Hassnę Ezzara z fundacji ARGAN</p>
<p style="text-align: justify;"><a href="https://fundacjaargan.pl/">https://fundacjaargan.pl/</a></p>
<p>
</div>
                    </div>
                </div>[/vc_column][vc_column width=&#8221;1/3&#8243;][vc_images_carousel images=&#8221;169081,169094,169093,169092&#8243; img_size=&#8221;full&#8221; speed=&#8221;3000&#8243; autoplay=&#8221;yes&#8221; hide_pagination_control=&#8221;yes&#8221; wrap=&#8221;yes&#8221;][/vc_column][/vc_row][vc_row][vc_column][vc_column_text][/vc_column_text][/vc_column][/vc_row]</p>
