{"id":188080,"date":"2025-05-08T17:14:38","date_gmt":"2025-05-08T15:14:38","guid":{"rendered":"https:\/\/us.edu.pl\/wydzial\/wh\/?post_type=multimedia&#038;p=188080"},"modified":"2025-05-08T17:18:44","modified_gmt":"2025-05-08T15:18:44","slug":"slavdan-2025","status":"publish","type":"multimedia","link":"https:\/\/us.edu.pl\/wydzial\/wh\/multimedia\/slavdan-2025\/","title":{"rendered":"Slavdan 2025"},"content":{"rendered":"<p>[vc_row][vc_column width=&#8221;2\/3&#8243;]\r\n                <div class=\"text-modules\">\r\n                    <div class=\"container\">\r\n                        \r\n                        <div class=\"text-modules__content\"><\/p>\n<div>\n<div>\n<div>\n<p>8 kwietnia w sosnowieckiej cz\u0119\u015bci kampusu U\u015a mia\u0142 miejsce coroczny Slavdan, czyli Dzie\u0144 S\u0142owia\u0144ski. To cykliczne wydarzenie organizowane wsp\u00f3lnie przez pracownik\u00f3w i student\u00f3w kierunku FILOLOGIA S\u0141OWIA\u0143SKA na Wydziale Humanistycznym Uniwersytetu \u015al\u0105skiego.<\/p>\n<p>W tym roku uczniowie szk\u00f3\u0142 ponadpodstawowych wzi\u0119li udzia\u0142 w wyk\u0142adach i warsztatach j\u0119zykowych prowadzonych przez wyk\u0142adowc\u00f3w akademickich oraz w quizie wiedzy o S\u0142owia\u0144szczy\u017anie.<\/p>\n<p>Studenci zrzeszeni w Kole Naukowym Slawist\u00f3w U\u015a \u015awiatowid przygotowali stoiska prezentuj\u0105ce kultur\u0119, literatur\u0119, histori\u0119 i kulinaria siedmiu kraj\u00f3w s\u0142owia\u0144skich: Chorwacji, Czech, S\u0142owacji, Serbii, S\u0142owenii, Macedonii i Bu\u0142garii.<\/p>\n<p>&nbsp;<\/p>\n<p>Wydarzenie dofinansowane ze \u015brodk\u00f3w Samorz\u0105du Studenckiego Uniwersytetu \u015al\u0105skiego.<\/p>\n<\/div>\n<\/div>\n<\/div>\n<div>\n<div>\n<div><\/div>\n<\/div>\n<\/div>\n<p>\n<\/div>\r\n                    <\/div>\r\n                <\/div>[\/vc_column][vc_column width=&#8221;1\/3&#8243;][\/vc_column][\/vc_row]<\/p>","protected":false},"excerpt":{"rendered":"<p>[vc_row][vc_column width=&#8221;2\/3&#8243;][\/vc_column][vc_column width=&#8221;1\/3&#8243;][\/vc_column][\/vc_row] [&#8230;]<\/p>\n<p><a class=\"btn btn-secondary understrap-read-more-link\" href=\"https:\/\/us.edu.pl\/wydzial\/wh\/multimedia\/slavdan-2025\/\">Read More&#8230;<\/a><\/p>\n","protected":false},"author":1,"featured_media":188024,"template":"","meta":{"_expiration-date-status":"","_expiration-date":0,"_expiration-date-type":"","_expiration-date-categories":[],"_expiration-date-options":[]},"acf":[],"_links":{"self":[{"href":"https:\/\/us.edu.pl\/wydzial\/wh\/wp-json\/wp\/v2\/multimedia\/188080"}],"collection":[{"href":"https:\/\/us.edu.pl\/wydzial\/wh\/wp-json\/wp\/v2\/multimedia"}],"about":[{"href":"https:\/\/us.edu.pl\/wydzial\/wh\/wp-json\/wp\/v2\/types\/multimedia"}],"author":[{"embeddable":true,"href":"https:\/\/us.edu.pl\/wydzial\/wh\/wp-json\/wp\/v2\/users\/1"}],"version-history":[{"count":4,"href":"https:\/\/us.edu.pl\/wydzial\/wh\/wp-json\/wp\/v2\/multimedia\/188080\/revisions"}],"predecessor-version":[{"id":188091,"href":"https:\/\/us.edu.pl\/wydzial\/wh\/wp-json\/wp\/v2\/multimedia\/188080\/revisions\/188091"}],"wp:featuredmedia":[{"embeddable":true,"href":"https:\/\/us.edu.pl\/wydzial\/wh\/wp-json\/wp\/v2\/media\/188024"}],"wp:attachment":[{"href":"https:\/\/us.edu.pl\/wydzial\/wh\/wp-json\/wp\/v2\/media?parent=188080"}],"curies":[{"name":"wp","href":"https:\/\/api.w.org\/{rel}","templated":true}]}}

<p>[vc_row][vc_column width=&#8221;2/3&#8243;]
                <div class="text-modules">
                    <div class="container">
                        
                        <div class="text-modules__content"></p>
<div>
<div>
<div>
<p>8 kwietnia w sosnowieckiej części kampusu UŚ miał miejsce coroczny Slavdan, czyli Dzień Słowiański. To cykliczne wydarzenie organizowane wspólnie przez pracowników i studentów kierunku FILOLOGIA SŁOWIAŃSKA na Wydziale Humanistycznym Uniwersytetu Śląskiego.</p>
<p>W tym roku uczniowie szkół ponadpodstawowych wzięli udział w wykładach i warsztatach językowych prowadzonych przez wykładowców akademickich oraz w quizie wiedzy o Słowiańszczyźnie.</p>
<p>Studenci zrzeszeni w Kole Naukowym Slawistów UŚ Światowid przygotowali stoiska prezentujące kulturę, literaturę, historię i kulinaria siedmiu krajów słowiańskich: Chorwacji, Czech, Słowacji, Serbii, Słowenii, Macedonii i Bułgarii.</p>
<p>&nbsp;</p>
<p>Wydarzenie dofinansowane ze środków Samorządu Studenckiego Uniwersytetu Śląskiego.</p>
</div>
</div>
</div>
<div>
<div>
<div></div>
</div>
</div>
<p>
</div>
                    </div>
                </div>[/vc_column][vc_column width=&#8221;1/3&#8243;][/vc_column][/vc_row]</p>
