{"id":196519,"date":"2026-03-19T14:18:03","date_gmt":"2026-03-19T13:18:03","guid":{"rendered":"https:\/\/us.edu.pl\/wydzial\/wh\/?post_type=multimedia&#038;p=196519"},"modified":"2026-03-19T14:18:03","modified_gmt":"2026-03-19T13:18:03","slug":"spotkanie-z-jackiem-leociakiem-i-marta-tomczok","status":"publish","type":"multimedia","link":"https:\/\/us.edu.pl\/wydzial\/wh\/multimedia\/spotkanie-z-jackiem-leociakiem-i-marta-tomczok\/","title":{"rendered":"Spotkanie z Jackiem Leociakiem i Mart\u0105 Tomczok"},"content":{"rendered":"<p>[vc_row][vc_column width=&#8221;2\/3&#8243;]\r\n                <div class=\"text-modules\">\r\n                    <div class=\"container\">\r\n                        \r\n                        <div class=\"text-modules__content\"><p><strong>13 marca<\/strong> na odby\u0142o si\u0119 spotkanie z dr hab. <span class=\"hover:entity-accent entity-underline inline cursor-pointer align-baseline\"><span class=\"whitespace-normal\">Jackiem Leociakiem<\/span><\/span> oraz prof. dr hab. <span class=\"hover:entity-accent entity-underline inline cursor-pointer align-baseline\"><span class=\"whitespace-normal\">Mart\u0105 Tomczok<\/span><\/span>, autorami ksi\u0105\u017cki <em><span class=\"hover:entity-accent entity-underline inline cursor-pointer align-baseline\"><span class=\"whitespace-normal\">Black Friday. O kiczu i innych nadu\u017cyciach w pisaniu o Zag\u0142adzie<\/span><\/span><\/em>.<\/p>\n<p>Rozmow\u0119, po\u015bwi\u0119con\u0105 problematyce przedstawiania Zag\u0142ady we wsp\u00f3\u0142czesnym pi\u015bmiennictwie, poprowadzi\u0142 dr hab. <span class=\"hover:entity-accent entity-underline inline cursor-pointer align-baseline\"><span class=\"whitespace-normal\">Maciej Tramer<\/span><\/span>, prof. U\u015a. Spotkanie zgromadzi\u0142o osoby zainteresowane literatur\u0105, pami\u0119ci\u0105 kulturow\u0105 oraz wsp\u00f3\u0142czesnymi debatami humanistycznymi.<\/p>\n<\/div>\r\n                    <\/div>\r\n                <\/div>[\/vc_column][vc_column width=&#8221;1\/3&#8243;][\/vc_column][\/vc_row]<\/p>","protected":false},"excerpt":{"rendered":"<p>[vc_row][vc_column width=&#8221;2\/3&#8243;][\/vc_column][vc_column width=&#8221;1\/3&#8243;][\/vc_column][\/vc_row] [&#8230;]<\/p>\n<p><a class=\"btn btn-secondary understrap-read-more-link\" href=\"https:\/\/us.edu.pl\/wydzial\/wh\/multimedia\/spotkanie-z-jackiem-leociakiem-i-marta-tomczok\/\">Read More&#8230;<\/a><\/p>\n","protected":false},"author":7256,"featured_media":196520,"template":"","meta":{"_expiration-date-status":"","_expiration-date":0,"_expiration-date-type":"","_expiration-date-categories":[],"_expiration-date-options":[]},"acf":[],"_links":{"self":[{"href":"https:\/\/us.edu.pl\/wydzial\/wh\/wp-json\/wp\/v2\/multimedia\/196519"}],"collection":[{"href":"https:\/\/us.edu.pl\/wydzial\/wh\/wp-json\/wp\/v2\/multimedia"}],"about":[{"href":"https:\/\/us.edu.pl\/wydzial\/wh\/wp-json\/wp\/v2\/types\/multimedia"}],"author":[{"embeddable":true,"href":"https:\/\/us.edu.pl\/wydzial\/wh\/wp-json\/wp\/v2\/users\/7256"}],"version-history":[{"count":1,"href":"https:\/\/us.edu.pl\/wydzial\/wh\/wp-json\/wp\/v2\/multimedia\/196519\/revisions"}],"predecessor-version":[{"id":196526,"href":"https:\/\/us.edu.pl\/wydzial\/wh\/wp-json\/wp\/v2\/multimedia\/196519\/revisions\/196526"}],"wp:featuredmedia":[{"embeddable":true,"href":"https:\/\/us.edu.pl\/wydzial\/wh\/wp-json\/wp\/v2\/media\/196520"}],"wp:attachment":[{"href":"https:\/\/us.edu.pl\/wydzial\/wh\/wp-json\/wp\/v2\/media?parent=196519"}],"curies":[{"name":"wp","href":"https:\/\/api.w.org\/{rel}","templated":true}]}}

Spotkanie z Jackiem Leociakiem i Martą Tomczok

<p>[vc_row][vc_column width=&#8221;2/3&#8243;]
                <div class="text-modules">
                    <div class="container">
                        
                        <div class="text-modules__content"><p><strong>13 marca</strong> na odbyło się spotkanie z dr hab. <span class="hover:entity-accent entity-underline inline cursor-pointer align-baseline"><span class="whitespace-normal">Jackiem Leociakiem</span></span> oraz prof. dr hab. <span class="hover:entity-accent entity-underline inline cursor-pointer align-baseline"><span class="whitespace-normal">Martą Tomczok</span></span>, autorami książki <em><span class="hover:entity-accent entity-underline inline cursor-pointer align-baseline"><span class="whitespace-normal">Black Friday. O kiczu i innych nadużyciach w pisaniu o Zagładzie</span></span></em>.</p>
<p>Rozmowę, poświęconą problematyce przedstawiania Zagłady we współczesnym piśmiennictwie, poprowadził dr hab. <span class="hover:entity-accent entity-underline inline cursor-pointer align-baseline"><span class="whitespace-normal">Maciej Tramer</span></span>, prof. UŚ. Spotkanie zgromadziło osoby zainteresowane literaturą, pamięcią kulturową oraz współczesnymi debatami humanistycznymi.</p>
</div>
                    </div>
                </div>[/vc_column][vc_column width=&#8221;1/3&#8243;][/vc_column][/vc_row]</p>
