{"id":179977,"date":"2024-11-12T12:16:20","date_gmt":"2024-11-12T11:16:20","guid":{"rendered":"https:\/\/us.edu.pl\/wydzial\/wh\/?page_id=179977"},"modified":"2025-10-21T13:48:10","modified_gmt":"2025-10-21T11:48:10","slug":"rada-konsultacyjna","status":"publish","type":"page","link":"https:\/\/us.edu.pl\/wydzial\/wh\/kierunki-studiow\/kulturoznawstwo\/rada-konsultacyjna\/","title":{"rendered":"Rada Konsultacyjna"},"content":{"rendered":"<p>[vc_row el_class=&#8221;container&#8221;][vc_column width=&#8221;3\/4&#8243;]\r\n                <div class=\"text-modules\">\r\n                    <div class=\"container\">\r\n                        \r\n                        <div class=\"text-modules__content\"><\/p>\n<h4>RADA KONSULTACYJNA KIERUNK\u00d3W KULTUROZNAWSTWO, KULTURY MEDI\u00d3W I HISTORIA SZTUKI<\/h4>\n<p>&nbsp;<\/p>\n<h5>Cz\u0142onkinie i Cz\u0142onkowie Rady:<\/h5>\n<hr \/>\n<p>Oskar Adamus &#8211; kierownik dzia\u0142u programowego Katowice Miasto Ogrod\u00f3w, <a href=\"https:\/\/miasto-ogrodow.eu\/\">https:\/\/miasto-ogrodow.eu\/<\/a><\/p>\n<p>Kamila Czaja \u2013 redaktor naczelna dwutygodnika kulturalnego \u201eartPAPIER\u201d, <a href=\"https:\/\/www.artpapier.com\/\">https:\/\/www.artpapier.com\/<\/a><\/p>\n<p>Adam Kowalski \u2013 koordynator projektu \u201eWielki Piec Huty Pok\u00f3j Centrum Transformacji w Rudzie \u015al\u0105skiej\u201d<\/p>\n<p>Aleksandra Matuszczyk \u2013 dyrektor Muzeum w Rybniku, <a href=\"https:\/\/www.muzeum.rybnik.pl\/\">https:\/\/www.muzeum.rybnik.pl\/<\/a><\/p>\n<p>Ewa Sadkowska \u2013 dyrektor Instytucji Silesia Film, <a href=\"https:\/\/silesiafilm.com\/\">https:\/\/silesiafilm.com\/<\/a><\/p>\n<p>Anna Syska &#8211; dyrektor Muzeum Miejskiego w Tychach, <a href=\"https:\/\/muzeum.tychy.pl\">https:\/\/muzeum.tychy.pl<\/a>\/<\/p>\n<p>Paulina \u015awita\u0142a &#8211; koordynatorka i producentka \u015al\u0105skiego Festiwalu Nauki, <a href=\"https:\/\/slaskifestiwalnauki.pl\/\">https:\/\/slaskifestiwalnauki.pl\/<\/a><\/p>\n<p>\u0141ucja Zawadzka \u2013 z-ca dyrektora ds. rozwoju Muzeum G\u00f3rnictwa W\u0119glowego w Zabrzu, <a href=\"https:\/\/nowastrona.muzeumgornictwa.pl\/\">https:\/\/nowastrona.muzeumgornictwa.pl\/<\/a><\/p>\n<p>&nbsp;<\/p>\n<h5>Uniwersytet \u015al\u0105ski reprezentuj\u0105:<\/h5>\n<hr \/>\n<p><a href=\"https:\/\/us.edu.pl\/instytut\/inok\/osoby\/magdalena-kempna-pieniazek\/\">dr hab. Magdalena Kempna-Pieni\u0105\u017cek, prof. U\u015a<\/a> \u2013 dyrektorka kierunk\u00f3w kulturoznawstwo, kultury medi\u00f3w i historia sztuki<\/p>\n<p><a href=\"https:\/\/us.edu.pl\/instytut\/inok\/osoby\/julia-legomska\/\">dr Julia Legomska, prof. U\u015a<\/a> \u2013 zast\u0119pczyni dyrektorki kierunk\u00f3w kulturoznawstwo, kultury medi\u00f3w i historia sztuki<\/p>\n<p><a href=\"https:\/\/us.edu.pl\/instytut\/inos\/osoby\/marta-ostrowska-bies\/\">dr Marta Ostrowska-Bies<\/a> &#8211;\u00a0zast\u0119pczyni dyrektorki kierunk\u00f3w kulturoznawstwo, kultury medi\u00f3w i historia sztuki<\/p>\n<p><a href=\"https:\/\/us.edu.pl\/instytut\/inok\/osoby\/adam-pisarek\/\">dr Adam Pisarek<\/a> \u2013 cz\u0142onek rady dydaktycznej kierunk\u00f3w kulturoznawstwo, kultury medi\u00f3w i historia sztuki<\/p>\n<\/div>\r\n                    <\/div>\r\n                <\/div>[\/vc_column][vc_column width=&#8221;1\/4&#8243;][vc_empty_space height=&#8221;20px&#8221;][vc_btn title=&#8221;Strategia wsp\u00f3\u0142pracy&#8221; style=&#8221;custom&#8221; custom_background=&#8221;#002e5a&#8221; custom_text=&#8221;#ffffff&#8221; shape=&#8221;square&#8221; i_icon_fontawesome=&#8221;fas fa-angle-right&#8221; add_icon=&#8221;true&#8221; link=&#8221;url:https%3A%2F%2Fus.edu.pl%2Fwydzial%2Fwh%2Fwp-content%2Fuploads%2Fsites%2F15%2FKIERUNKI%2Fkulturoznawstwo%2FRada-Konsultacyjna-strategia.pdf|target:_blank&#8221; css=&#8221;.vc_custom_1731409986790{border-left-width: 5px !important;border-left-color: #9b132a !important;border-left-style: solid !important;}&#8221;][\/vc_column][\/vc_row]<\/p>","protected":false},"excerpt":{"rendered":"<p>[vc_row el_class=&#8221;container&#8221;][vc_column width=&#8221;3\/4&#8243;][\/vc_column][vc_column width=&#8221;1\/4&#8243;][vc_empty_space height=&#8221;20px&#8221;][vc_btn title=&#8221;Strategia wsp\u00f3\u0142pracy&#8221; style=&#8221;custom&#8221; custom_background=&#8221;#002e5a&#8221; custom_text=&#8221;#ffffff&#8221; shape=&#8221;square&#8221; i_icon_fontawesome=&#8221;fas fa-angle-right&#8221; add_icon=&#8221;true&#8221; link=&#8221;url:https%3A%2F%2Fus.edu.pl%2Fwydzial%2Fwh%2Fwp-content%2Fuploads%2Fsites%2F15%2FKIERUNKI%2Fkulturoznawstwo%2FRada-Konsultacyjna-strategia.pdf|target:_blank&#8221; css=&#8221;.vc_custom_1731409986790{border-left-width: 5px !important;border-left-color: #9b132a !important;border-left-style: solid !important;}&#8221;][\/vc_column][\/vc_row] [&#8230;]<\/p>\n<p><a class=\"btn btn-secondary understrap-read-more-link\" href=\"https:\/\/us.edu.pl\/wydzial\/wh\/kierunki-studiow\/kulturoznawstwo\/rada-konsultacyjna\/\">Read More&#8230;<\/a><\/p>\n","protected":false},"author":1,"featured_media":0,"parent":174886,"menu_order":0,"comment_status":"closed","ping_status":"closed","template":"","meta":{"_expiration-date-status":"","_expiration-date":0,"_expiration-date-type":"","_expiration-date-categories":[],"_expiration-date-options":[]},"acf":[],"_links":{"self":[{"href":"https:\/\/us.edu.pl\/wydzial\/wh\/wp-json\/wp\/v2\/pages\/179977"}],"collection":[{"href":"https:\/\/us.edu.pl\/wydzial\/wh\/wp-json\/wp\/v2\/pages"}],"about":[{"href":"https:\/\/us.edu.pl\/wydzial\/wh\/wp-json\/wp\/v2\/types\/page"}],"author":[{"embeddable":true,"href":"https:\/\/us.edu.pl\/wydzial\/wh\/wp-json\/wp\/v2\/users\/1"}],"replies":[{"embeddable":true,"href":"https:\/\/us.edu.pl\/wydzial\/wh\/wp-json\/wp\/v2\/comments?post=179977"}],"version-history":[{"count":10,"href":"https:\/\/us.edu.pl\/wydzial\/wh\/wp-json\/wp\/v2\/pages\/179977\/revisions"}],"predecessor-version":[{"id":193122,"href":"https:\/\/us.edu.pl\/wydzial\/wh\/wp-json\/wp\/v2\/pages\/179977\/revisions\/193122"}],"up":[{"embeddable":true,"href":"https:\/\/us.edu.pl\/wydzial\/wh\/wp-json\/wp\/v2\/pages\/174886"}],"wp:attachment":[{"href":"https:\/\/us.edu.pl\/wydzial\/wh\/wp-json\/wp\/v2\/media?parent=179977"}],"curies":[{"name":"wp","href":"https:\/\/api.w.org\/{rel}","templated":true}]}}

<p>[vc_row el_class=&#8221;container&#8221;][vc_column width=&#8221;3/4&#8243;]
                <div class="text-modules">
                    <div class="container">
                        
                        <div class="text-modules__content"></p>
<h4>RADA KONSULTACYJNA KIERUNKÓW KULTUROZNAWSTWO, KULTURY MEDIÓW I HISTORIA SZTUKI</h4>
<p>&nbsp;</p>
<h5>Członkinie i Członkowie Rady:</h5>
<hr />
<p>Oskar Adamus &#8211; kierownik działu programowego Katowice Miasto Ogrodów, <a href="https://miasto-ogrodow.eu/">https://miasto-ogrodow.eu/</a></p>
<p>Kamila Czaja – redaktor naczelna dwutygodnika kulturalnego „artPAPIER”, <a href="https://www.artpapier.com/">https://www.artpapier.com/</a></p>
<p>Adam Kowalski – koordynator projektu „Wielki Piec Huty Pokój Centrum Transformacji w Rudzie Śląskiej”</p>
<p>Aleksandra Matuszczyk – dyrektor Muzeum w Rybniku, <a href="https://www.muzeum.rybnik.pl/">https://www.muzeum.rybnik.pl/</a></p>
<p>Ewa Sadkowska – dyrektor Instytucji Silesia Film, <a href="https://silesiafilm.com/">https://silesiafilm.com/</a></p>
<p>Anna Syska &#8211; dyrektor Muzeum Miejskiego w Tychach, <a href="https://muzeum.tychy.pl">https://muzeum.tychy.pl</a>/</p>
<p>Paulina Świtała &#8211; koordynatorka i producentka Śląskiego Festiwalu Nauki, <a href="https://slaskifestiwalnauki.pl/">https://slaskifestiwalnauki.pl/</a></p>
<p>Łucja Zawadzka – z-ca dyrektora ds. rozwoju Muzeum Górnictwa Węglowego w Zabrzu, <a href="https://nowastrona.muzeumgornictwa.pl/">https://nowastrona.muzeumgornictwa.pl/</a></p>
<p>&nbsp;</p>
<h5>Uniwersytet Śląski reprezentują:</h5>
<hr />
<p><a href="https://us.edu.pl/instytut/inok/osoby/magdalena-kempna-pieniazek/">dr hab. Magdalena Kempna-Pieniążek, prof. UŚ</a> – dyrektorka kierunków kulturoznawstwo, kultury mediów i historia sztuki</p>
<p><a href="https://us.edu.pl/instytut/inok/osoby/julia-legomska/">dr Julia Legomska, prof. UŚ</a> – zastępczyni dyrektorki kierunków kulturoznawstwo, kultury mediów i historia sztuki</p>
<p><a href="https://us.edu.pl/instytut/inos/osoby/marta-ostrowska-bies/">dr Marta Ostrowska-Bies</a> &#8211; zastępczyni dyrektorki kierunków kulturoznawstwo, kultury mediów i historia sztuki</p>
<p><a href="https://us.edu.pl/instytut/inok/osoby/adam-pisarek/">dr Adam Pisarek</a> – członek rady dydaktycznej kierunków kulturoznawstwo, kultury mediów i historia sztuki</p>
</div>
                    </div>
                </div>[/vc_column][vc_column width=&#8221;1/4&#8243;][vc_empty_space height=&#8221;20px&#8221;][vc_btn title=&#8221;Strategia współpracy&#8221; style=&#8221;custom&#8221; custom_background=&#8221;#002e5a&#8221; custom_text=&#8221;#ffffff&#8221; shape=&#8221;square&#8221; i_icon_fontawesome=&#8221;fas fa-angle-right&#8221; add_icon=&#8221;true&#8221; link=&#8221;url:https%3A%2F%2Fus.edu.pl%2Fwydzial%2Fwh%2Fwp-content%2Fuploads%2Fsites%2F15%2FKIERUNKI%2Fkulturoznawstwo%2FRada-Konsultacyjna-strategia.pdf|target:_blank&#8221; css=&#8221;.vc_custom_1731409986790{border-left-width: 5px !important;border-left-color: #9b132a !important;border-left-style: solid !important;}&#8221;][/vc_column][/vc_row]</p>

<p>[vc_row el_class=&#8221;container&#8221;][vc_column width=&#8221;3/4&#8243;][/vc_column][vc_column width=&#8221;1/4&#8243;][vc_empty_space height=&#8221;20px&#8221;][vc_btn title=&#8221;Strategia współpracy&#8221; style=&#8221;custom&#8221; custom_background=&#8221;#002e5a&#8221; custom_text=&#8221;#ffffff&#8221; shape=&#8221;square&#8221; i_icon_fontawesome=&#8221;fas fa-angle-right&#8221; add_icon=&#8221;true&#8221; link=&#8221;url:https%3A%2F%2Fus.edu.pl%2Fwydzial%2Fwh%2Fwp-content%2Fuploads%2Fsites%2F15%2FKIERUNKI%2Fkulturoznawstwo%2FRada-Konsultacyjna-strategia.pdf|target:_blank&#8221; css=&#8221;.vc_custom_1731409986790{border-left-width: 5px !important;border-left-color: #9b132a !important;border-left-style: solid !important;}&#8221;][/vc_column][/vc_row] [&#8230;]</p>
<p><a class="btn btn-secondary understrap-read-more-link" href="https://us.edu.pl/wydzial/wh/kierunki-studiow/kulturoznawstwo/rada-konsultacyjna/">Read More&#8230;</a></p>
