{"id":412,"date":"2019-10-03T12:34:36","date_gmt":"2019-10-03T10:34:36","guid":{"rendered":"https:\/\/us.edu.pl\/wydzial\/wh\/?page_id=412"},"modified":"2019-10-04T12:29:06","modified_gmt":"2019-10-04T10:29:06","slug":"eugene-ionesco","status":"publish","type":"page","link":"https:\/\/us.edu.pl\/wydzial\/wh\/strona-glowna\/wydzial-dawniej-i-dzis\/doktorzy-honoris-causa\/eugene-ionesco\/","title":{"rendered":"Eug\u00e9ne Ionesco"},"content":{"rendered":"<p>[vc_row el_class=&#8221;container&#8221;][vc_column el_class=&#8221;container&#8221;]\r\n                <div class=\"text-modules\">\r\n                    <div class=\"container\">\r\n                        <h3 class=\"page-title text__title\">Eug\u00e9ne Ionesco<\/h3>\r\n                        <div class=\"text-modules__content\"><p><b>Data promocji:<\/b>\u00a0<span class=\"date-display-single\">27. 11. 1992<\/span><\/p>\n<p><b>Data uchwa\u0142y Senatu U\u015a:<\/b>\u00a0<span class=\"date-display-single\">6. 03. 1990<\/span><\/p>\n<p><b>Jednostka sk\u0142adaj\u0105ca wniosek:<\/b>\u00a0Rada Wydzia\u0142u Filologicznego<\/p>\n<p>Cz\u0142onek Akademii Francuskiej, humanista, sceptyk i\u00a0analityk wsp\u00f3\u0142czesnej kultury cywilizacji i\u00a0spo\u0142ecze\u0144stwa. Pisarz (powie\u015b\u0107\u00a0<em>Samotnik<\/em>), dramatopisarz (<em>Amadeusz, czyli jak si\u0119 tego pozby\u0107<\/em>;\u00a0<em>Cz\u0142owiek z\u00a0walizk\u0105<\/em>,\u00a0<em>G\u0142\u00f3d i\u00a0pragnienie<\/em>,\u00a0<em>Gra w\u00a0zabijanego<\/em>,\u00a0<em>Improwizacja<\/em>,\u00a0<em>Kr\u00f3l umiera, czyli Ceremonie<\/em>,\u00a0<em>Krzes\u0142a<\/em>,\u00a0<em>Lekcja<\/em>,\u00a0<em>\u0141ysa \u015bpiewaczka<\/em>,\u00a0<em>Macbett<\/em>,\u00a0<em>Nosoro\u017cec<\/em>,\u00a0<em>Nowy lokator<\/em>,\u00a0<em>Ofiary obowi\u0105zku<\/em>,\u00a0<em>Pieszo w\u00a0powietrzu<\/em>,\u00a0<em>Szale\u0144stwo we\u00a0dwoje<\/em>) i\u00a0autor libretta opery (<em>Maksymilian Kolbe<\/em>). Jeden z\u00a0tw\u00f3rc\u00f3w teatru absurdu i\u00a0kreator nowych \u015bwiat\u00f3w.<\/p>\n<\/div>\r\n                    <\/div>\r\n                <\/div>[\/vc_column][\/vc_row]<\/p>","protected":false},"excerpt":{"rendered":"<p>[vc_row el_class=&#8221;container&#8221;][vc_column el_class=&#8221;container&#8221;][\/vc_column][\/vc_row] [&#8230;]<\/p>\n<p><a class=\"btn btn-secondary understrap-read-more-link\" href=\"https:\/\/us.edu.pl\/wydzial\/wh\/strona-glowna\/wydzial-dawniej-i-dzis\/doktorzy-honoris-causa\/eugene-ionesco\/\">Read More&#8230;<\/a><\/p>\n","protected":false},"author":1,"featured_media":249,"parent":187,"menu_order":0,"comment_status":"closed","ping_status":"closed","template":"","meta":{"_expiration-date-status":"","_expiration-date":0,"_expiration-date-type":"","_expiration-date-categories":[],"_expiration-date-options":[]},"acf":[],"_links":{"self":[{"href":"https:\/\/us.edu.pl\/wydzial\/wh\/wp-json\/wp\/v2\/pages\/412"}],"collection":[{"href":"https:\/\/us.edu.pl\/wydzial\/wh\/wp-json\/wp\/v2\/pages"}],"about":[{"href":"https:\/\/us.edu.pl\/wydzial\/wh\/wp-json\/wp\/v2\/types\/page"}],"author":[{"embeddable":true,"href":"https:\/\/us.edu.pl\/wydzial\/wh\/wp-json\/wp\/v2\/users\/1"}],"replies":[{"embeddable":true,"href":"https:\/\/us.edu.pl\/wydzial\/wh\/wp-json\/wp\/v2\/comments?post=412"}],"version-history":[{"count":3,"href":"https:\/\/us.edu.pl\/wydzial\/wh\/wp-json\/wp\/v2\/pages\/412\/revisions"}],"predecessor-version":[{"id":744,"href":"https:\/\/us.edu.pl\/wydzial\/wh\/wp-json\/wp\/v2\/pages\/412\/revisions\/744"}],"up":[{"embeddable":true,"href":"https:\/\/us.edu.pl\/wydzial\/wh\/wp-json\/wp\/v2\/pages\/187"}],"wp:featuredmedia":[{"embeddable":true,"href":"https:\/\/us.edu.pl\/wydzial\/wh\/wp-json\/wp\/v2\/media\/249"}],"wp:attachment":[{"href":"https:\/\/us.edu.pl\/wydzial\/wh\/wp-json\/wp\/v2\/media?parent=412"}],"curies":[{"name":"wp","href":"https:\/\/api.w.org\/{rel}","templated":true}]}}

Eugéne Ionesco

<p>[vc_row el_class=&#8221;container&#8221;][vc_column el_class=&#8221;container&#8221;]
                <div class="text-modules">
                    <div class="container">
                        <h3 class="page-title text__title">Eugéne Ionesco</h3>
                        <div class="text-modules__content"><p><b>Data promocji:</b> <span class="date-display-single">27. 11. 1992</span></p>
<p><b>Data uchwały Senatu UŚ:</b> <span class="date-display-single">6. 03. 1990</span></p>
<p><b>Jednostka składająca wniosek:</b> Rada Wydziału Filologicznego</p>
<p>Członek Akademii Francuskiej, humanista, sceptyk i analityk współczesnej kultury cywilizacji i społeczeństwa. Pisarz (powieść <em>Samotnik</em>), dramatopisarz (<em>Amadeusz, czyli jak się tego pozbyć</em>; <em>Człowiek z walizką</em>, <em>Głód i pragnienie</em>, <em>Gra w zabijanego</em>, <em>Improwizacja</em>, <em>Król umiera, czyli Ceremonie</em>, <em>Krzesła</em>, <em>Lekcja</em>, <em>Łysa śpiewaczka</em>, <em>Macbett</em>, <em>Nosorożec</em>, <em>Nowy lokator</em>, <em>Ofiary obowiązku</em>, <em>Pieszo w powietrzu</em>, <em>Szaleństwo we dwoje</em>) i autor libretta opery (<em>Maksymilian Kolbe</em>). Jeden z twórców teatru absurdu i kreator nowych światów.</p>
</div>
                    </div>
                </div>[/vc_column][/vc_row]</p>
