{"id":465,"date":"2019-10-03T13:01:00","date_gmt":"2019-10-03T11:01:00","guid":{"rendered":"https:\/\/us.edu.pl\/wydzial\/wh\/?page_id=465"},"modified":"2019-10-04T12:40:20","modified_gmt":"2019-10-04T10:40:20","slug":"prof-zw-dr-hab-irena-bajerowa","status":"publish","type":"page","link":"https:\/\/us.edu.pl\/wydzial\/wh\/strona-glowna\/wydzial-dawniej-i-dzis\/doktorzy-honoris-causa\/prof-zw-dr-hab-irena-bajerowa\/","title":{"rendered":"Prof. zw. dr hab. Irena Bajerowa"},"content":{"rendered":"<p>[vc_row el_class=&#8221;container&#8221;][vc_column el_class=&#8221;container&#8221;]\r\n                <div class=\"text-modules\">\r\n                    <div class=\"container\">\r\n                        <h3 class=\"page-title text__title\">Prof. zw. dr hab. Irena Bajerowa<\/h3>\r\n                        <div class=\"text-modules__content\"><p><b>Data promocji:<\/b>\u00a0<span class=\"date-display-single\">4. 12. 2008<\/span><\/p>\n<p><b>Data uchwa\u0142y Senatu U\u015a:<\/b>\u00a0<span class=\"date-display-single\">24. 06. 2008<\/span><\/p>\n<p><b>Jednostka sk\u0142adaj\u0105ca wniosek:<\/b>\u00a0Rada Wydzia\u0142u Filologicznego<\/p>\n<p>Wybitna badaczka dziej\u00f3w j\u0119zyka polskiego, wsp\u00f3\u0142organizatorka katowickiej polonistyki. D\u0142ugoletni profesor Uniwersytetu \u015al\u0105skiego, doskona\u0142y dydaktyk i\u00a0wychowawca pokole\u0144 polonist\u00f3w. Krzewicielka idei mi\u0142o\u015bci do\u00a0j\u0119zyka i\u00a0ziemi ojczystej jako warto\u015bci podstawowych, niez\u0142omna patriotka walcz\u0105ca o\u00a0wolno\u015b\u0107 ojczyzny i\u00a0prawa cz\u0142owieka.<\/p>\n<\/div>\r\n                    <\/div>\r\n                <\/div>[myprefix_functional_icons print_icon=&#8221;yes&#8221;][\/vc_column][\/vc_row]<\/p>","protected":false},"excerpt":{"rendered":"<p>[vc_row el_class=&#8221;container&#8221;][vc_column el_class=&#8221;container&#8221;][myprefix_functional_icons print_icon=&#8221;yes&#8221;][\/vc_column][\/vc_row] [&#8230;]<\/p>\n<p><a class=\"btn btn-secondary understrap-read-more-link\" href=\"https:\/\/us.edu.pl\/wydzial\/wh\/strona-glowna\/wydzial-dawniej-i-dzis\/doktorzy-honoris-causa\/prof-zw-dr-hab-irena-bajerowa\/\">Read More&#8230;<\/a><\/p>\n","protected":false},"author":1,"featured_media":304,"parent":187,"menu_order":0,"comment_status":"closed","ping_status":"closed","template":"","meta":{"_expiration-date-status":"","_expiration-date":0,"_expiration-date-type":"","_expiration-date-categories":[],"_expiration-date-options":[]},"acf":[],"_links":{"self":[{"href":"https:\/\/us.edu.pl\/wydzial\/wh\/wp-json\/wp\/v2\/pages\/465"}],"collection":[{"href":"https:\/\/us.edu.pl\/wydzial\/wh\/wp-json\/wp\/v2\/pages"}],"about":[{"href":"https:\/\/us.edu.pl\/wydzial\/wh\/wp-json\/wp\/v2\/types\/page"}],"author":[{"embeddable":true,"href":"https:\/\/us.edu.pl\/wydzial\/wh\/wp-json\/wp\/v2\/users\/1"}],"replies":[{"embeddable":true,"href":"https:\/\/us.edu.pl\/wydzial\/wh\/wp-json\/wp\/v2\/comments?post=465"}],"version-history":[{"count":3,"href":"https:\/\/us.edu.pl\/wydzial\/wh\/wp-json\/wp\/v2\/pages\/465\/revisions"}],"predecessor-version":[{"id":761,"href":"https:\/\/us.edu.pl\/wydzial\/wh\/wp-json\/wp\/v2\/pages\/465\/revisions\/761"}],"up":[{"embeddable":true,"href":"https:\/\/us.edu.pl\/wydzial\/wh\/wp-json\/wp\/v2\/pages\/187"}],"wp:featuredmedia":[{"embeddable":true,"href":"https:\/\/us.edu.pl\/wydzial\/wh\/wp-json\/wp\/v2\/media\/304"}],"wp:attachment":[{"href":"https:\/\/us.edu.pl\/wydzial\/wh\/wp-json\/wp\/v2\/media?parent=465"}],"curies":[{"name":"wp","href":"https:\/\/api.w.org\/{rel}","templated":true}]}}

<p>[vc_row el_class=&#8221;container&#8221;][vc_column el_class=&#8221;container&#8221;]
                <div class="text-modules">
                    <div class="container">
                        <h3 class="page-title text__title">Prof. zw. dr hab. Irena Bajerowa</h3>
                        <div class="text-modules__content"><p><b>Data promocji:</b> <span class="date-display-single">4. 12. 2008</span></p>
<p><b>Data uchwały Senatu UŚ:</b> <span class="date-display-single">24. 06. 2008</span></p>
<p><b>Jednostka składająca wniosek:</b> Rada Wydziału Filologicznego</p>
<p>Wybitna badaczka dziejów języka polskiego, współorganizatorka katowickiej polonistyki. Długoletni profesor Uniwersytetu Śląskiego, doskonały dydaktyk i wychowawca pokoleń polonistów. Krzewicielka idei miłości do języka i ziemi ojczystej jako wartości podstawowych, niezłomna patriotka walcząca o wolność ojczyzny i prawa człowieka.</p>
</div>
                    </div>
                </div>[myprefix_functional_icons print_icon=&#8221;yes&#8221;][/vc_column][/vc_row]</p>
