{"id":485,"date":"2019-10-03T13:11:21","date_gmt":"2019-10-03T11:11:21","guid":{"rendered":"https:\/\/us.edu.pl\/wydzial\/wh\/?page_id=485"},"modified":"2019-10-04T12:46:43","modified_gmt":"2019-10-04T10:46:43","slug":"prof-maria-delaperriere","status":"publish","type":"page","link":"https:\/\/us.edu.pl\/wydzial\/wh\/strona-glowna\/wydzial-dawniej-i-dzis\/doktorzy-honoris-causa\/prof-maria-delaperriere\/","title":{"rendered":"prof. Maria Delaperri\u00e8re"},"content":{"rendered":"<p>[vc_row el_class=&#8221;container&#8221;][vc_column el_class=&#8221;container&#8221;]\r\n                <div class=\"text-modules\">\r\n                    <div class=\"container\">\r\n                        <h3 class=\"page-title text__title\">prof. Maria Delaperri\u00e8re<\/h3>\r\n                        <div class=\"text-modules__content\"><p><b>Data promocji:<\/b>\u00a0<span class=\"date-display-single\">22. 06. 2016<\/span><\/p>\n<p><b>Data uchwa\u0142y Senatu U\u015a:<\/b>\u00a0<span class=\"date-display-single\">22. 03. 2016<\/span><\/p>\n<p><b>Jednostka sk\u0142adaj\u0105ca wniosek:<\/b>\u00a0Rada Wydzia\u0142u Filologicznego<\/p>\n<p>&nbsp;<\/p>\n<p>Profesor Maria Delaperri\u00e8re\u00a0jest wybitn\u0105 badaczk\u0105 nowoczesnej kultury\u00a0i literatury polskiej, znakomit\u0105 komparatystk\u0105, popularyzatork\u0105 kultury i\u00a0literatury polskiej\u00a0 w\u00a0kr\u0119gach zagranicznych badaczy\u00a0 i\u00a0w\u015br\u00f3d czytelnik\u00f3w, zw\u0142aszcza w\u00a0obszarze recepcji francuskiej, oddana polonistyce \u015bwiatowej, w\u00a0szczeg\u00f3lny spos\u00f3b zwi\u0105zana z\u00a0polonistycznym \u015brodowiskiem Uniwersytetu \u015al\u0105skiego.<\/p>\n<\/div>\r\n                    <\/div>\r\n                <\/div>[myprefix_functional_icons print_icon=&#8221;yes&#8221;][\/vc_column][\/vc_row]<\/p>","protected":false},"excerpt":{"rendered":"<p>[vc_row el_class=&#8221;container&#8221;][vc_column el_class=&#8221;container&#8221;][myprefix_functional_icons print_icon=&#8221;yes&#8221;][\/vc_column][\/vc_row] [&#8230;]<\/p>\n<p><a class=\"btn btn-secondary understrap-read-more-link\" href=\"https:\/\/us.edu.pl\/wydzial\/wh\/strona-glowna\/wydzial-dawniej-i-dzis\/doktorzy-honoris-causa\/prof-maria-delaperriere\/\">Read More&#8230;<\/a><\/p>\n","protected":false},"author":1,"featured_media":298,"parent":187,"menu_order":0,"comment_status":"closed","ping_status":"closed","template":"","meta":{"_expiration-date-status":"","_expiration-date":0,"_expiration-date-type":"","_expiration-date-categories":[],"_expiration-date-options":[]},"acf":[],"_links":{"self":[{"href":"https:\/\/us.edu.pl\/wydzial\/wh\/wp-json\/wp\/v2\/pages\/485"}],"collection":[{"href":"https:\/\/us.edu.pl\/wydzial\/wh\/wp-json\/wp\/v2\/pages"}],"about":[{"href":"https:\/\/us.edu.pl\/wydzial\/wh\/wp-json\/wp\/v2\/types\/page"}],"author":[{"embeddable":true,"href":"https:\/\/us.edu.pl\/wydzial\/wh\/wp-json\/wp\/v2\/users\/1"}],"replies":[{"embeddable":true,"href":"https:\/\/us.edu.pl\/wydzial\/wh\/wp-json\/wp\/v2\/comments?post=485"}],"version-history":[{"count":3,"href":"https:\/\/us.edu.pl\/wydzial\/wh\/wp-json\/wp\/v2\/pages\/485\/revisions"}],"predecessor-version":[{"id":771,"href":"https:\/\/us.edu.pl\/wydzial\/wh\/wp-json\/wp\/v2\/pages\/485\/revisions\/771"}],"up":[{"embeddable":true,"href":"https:\/\/us.edu.pl\/wydzial\/wh\/wp-json\/wp\/v2\/pages\/187"}],"wp:featuredmedia":[{"embeddable":true,"href":"https:\/\/us.edu.pl\/wydzial\/wh\/wp-json\/wp\/v2\/media\/298"}],"wp:attachment":[{"href":"https:\/\/us.edu.pl\/wydzial\/wh\/wp-json\/wp\/v2\/media?parent=485"}],"curies":[{"name":"wp","href":"https:\/\/api.w.org\/{rel}","templated":true}]}}

prof. Maria Delaperrière

<p>[vc_row el_class=&#8221;container&#8221;][vc_column el_class=&#8221;container&#8221;]
                <div class="text-modules">
                    <div class="container">
                        <h3 class="page-title text__title">prof. Maria Delaperrière</h3>
                        <div class="text-modules__content"><p><b>Data promocji:</b> <span class="date-display-single">22. 06. 2016</span></p>
<p><b>Data uchwały Senatu UŚ:</b> <span class="date-display-single">22. 03. 2016</span></p>
<p><b>Jednostka składająca wniosek:</b> Rada Wydziału Filologicznego</p>
<p>&nbsp;</p>
<p>Profesor Maria Delaperrière jest wybitną badaczką nowoczesnej kultury i literatury polskiej, znakomitą komparatystką, popularyzatorką kultury i literatury polskiej  w kręgach zagranicznych badaczy  i wśród czytelników, zwłaszcza w obszarze recepcji francuskiej, oddana polonistyce światowej, w szczególny sposób związana z polonistycznym środowiskiem Uniwersytetu Śląskiego.</p>
</div>
                    </div>
                </div>[myprefix_functional_icons print_icon=&#8221;yes&#8221;][/vc_column][/vc_row]</p>
