{"id":5762,"date":"2020-11-02T16:57:59","date_gmt":"2020-11-02T15:57:59","guid":{"rendered":"https:\/\/us.edu.pl\/wydzial\/wh\/?page_id=5762"},"modified":"2020-11-02T16:57:59","modified_gmt":"2020-11-02T15:57:59","slug":"ananda-devi","status":"publish","type":"page","link":"https:\/\/us.edu.pl\/wydzial\/wh\/strona-glowna\/wydzial-dawniej-i-dzis\/doktorzy-honoris-causa\/ananda-devi\/","title":{"rendered":"Ananda Devi"},"content":{"rendered":"<p>[vc_row el_class=&#8221;container&#8221;][vc_column width=&#8221;2\/3&#8243; el_class=&#8221;container&#8221;]\r\n                <div class=\"text-modules\">\r\n                    <div class=\"container\">\r\n                        <h3 class=\"page-title text__title\">Ananda Devi<\/h3>\r\n                        <div class=\"text-modules__content\"><p><b>Data promocji:<\/b><\/p>\n<p><b>Data uchwa\u0142y Senatu U\u015a:<\/b> 28 stycznia 2020 roku<\/p>\n<p><b>Jednostka sk\u0142adaj\u0105ca wniosek:<\/b>\u00a0Rada Wydzia\u0142u Filologicznego<\/p>\n<p>&nbsp;<\/p>\n<p>Ananda Devi to najwa\u017cniejsza wsp\u00f3\u0142czesna pisarka maurytyjska. Z wykszta\u0142cenia jest antropologiem spo\u0142ecznym. Doktorat uzyska\u0142a w University of London. Devi jest autork\u0105 kilkunastu powie\u015bci, kilku zbior\u00f3w nowel i poezji. Od ko\u0144ca XX wieku wydaje swoje utwory we Francji, najpierw w wydawnictwach L\u2019Harmattan i Dapper, p\u00f3\u017aniej g\u0142\u00f3wnie u Gallimarda.<\/p>\n<\/div>\r\n                    <\/div>\r\n                <\/div>\r\n                <div class=\"text-modules\">\r\n                    <div class=\"container\">\r\n                        \r\n                        <div class=\"text-modules__content\"><p><img class=\"alignnone wp-image-5763 size-large\" src=\"https:\/\/us.edu.pl\/wydzial\/wh\/wp-content\/uploads\/sites\/15\/Zdj\u0119cia-doktor\u00f3w-honoris-causa\/DSC_6457_AD-1024x678.jpg\" alt=\"Ananda Devi\" width=\"640\" height=\"424\" srcset=\"https:\/\/us.edu.pl\/wydzial\/wh\/wp-content\/uploads\/sites\/15\/Zdj\u0119cia-doktor\u00f3w-honoris-causa\/DSC_6457_AD-1024x678.jpg 1024w, https:\/\/us.edu.pl\/wydzial\/wh\/wp-content\/uploads\/sites\/15\/Zdj\u0119cia-doktor\u00f3w-honoris-causa\/DSC_6457_AD-300x199.jpg 300w, https:\/\/us.edu.pl\/wydzial\/wh\/wp-content\/uploads\/sites\/15\/Zdj\u0119cia-doktor\u00f3w-honoris-causa\/DSC_6457_AD-768x509.jpg 768w, https:\/\/us.edu.pl\/wydzial\/wh\/wp-content\/uploads\/sites\/15\/Zdj\u0119cia-doktor\u00f3w-honoris-causa\/DSC_6457_AD-575x381.jpg 575w\" sizes=\"(max-width: 640px) 100vw, 640px\" \/><\/p>\n<\/div>\r\n                    <\/div>\r\n                <\/div>[\/vc_column][vc_column width=&#8221;1\/3&#8243;][\/vc_column][\/vc_row]<\/p>","protected":false},"excerpt":{"rendered":"<p>[vc_row el_class=&#8221;container&#8221;][vc_column width=&#8221;2\/3&#8243; el_class=&#8221;container&#8221;][\/vc_column][vc_column width=&#8221;1\/3&#8243;][\/vc_column][\/vc_row] [&#8230;]<\/p>\n<p><a class=\"btn btn-secondary understrap-read-more-link\" href=\"https:\/\/us.edu.pl\/wydzial\/wh\/strona-glowna\/wydzial-dawniej-i-dzis\/doktorzy-honoris-causa\/ananda-devi\/\">Read More&#8230;<\/a><\/p>\n","protected":false},"author":1,"featured_media":0,"parent":187,"menu_order":0,"comment_status":"closed","ping_status":"closed","template":"","meta":{"_expiration-date-status":"saved","_expiration-date":0,"_expiration-date-type":"","_expiration-date-categories":[],"_expiration-date-options":[]},"acf":[],"_links":{"self":[{"href":"https:\/\/us.edu.pl\/wydzial\/wh\/wp-json\/wp\/v2\/pages\/5762"}],"collection":[{"href":"https:\/\/us.edu.pl\/wydzial\/wh\/wp-json\/wp\/v2\/pages"}],"about":[{"href":"https:\/\/us.edu.pl\/wydzial\/wh\/wp-json\/wp\/v2\/types\/page"}],"author":[{"embeddable":true,"href":"https:\/\/us.edu.pl\/wydzial\/wh\/wp-json\/wp\/v2\/users\/1"}],"replies":[{"embeddable":true,"href":"https:\/\/us.edu.pl\/wydzial\/wh\/wp-json\/wp\/v2\/comments?post=5762"}],"version-history":[{"count":2,"href":"https:\/\/us.edu.pl\/wydzial\/wh\/wp-json\/wp\/v2\/pages\/5762\/revisions"}],"predecessor-version":[{"id":5765,"href":"https:\/\/us.edu.pl\/wydzial\/wh\/wp-json\/wp\/v2\/pages\/5762\/revisions\/5765"}],"up":[{"embeddable":true,"href":"https:\/\/us.edu.pl\/wydzial\/wh\/wp-json\/wp\/v2\/pages\/187"}],"wp:attachment":[{"href":"https:\/\/us.edu.pl\/wydzial\/wh\/wp-json\/wp\/v2\/media?parent=5762"}],"curies":[{"name":"wp","href":"https:\/\/api.w.org\/{rel}","templated":true}]}}

<p>[vc_row el_class=&#8221;container&#8221;][vc_column width=&#8221;2/3&#8243; el_class=&#8221;container&#8221;]
                <div class="text-modules">
                    <div class="container">
                        <h3 class="page-title text__title">Ananda Devi</h3>
                        <div class="text-modules__content"><p><b>Data promocji:</b></p>
<p><b>Data uchwały Senatu UŚ:</b> 28 stycznia 2020 roku</p>
<p><b>Jednostka składająca wniosek:</b> Rada Wydziału Filologicznego</p>
<p>&nbsp;</p>
<p>Ananda Devi to najważniejsza współczesna pisarka maurytyjska. Z wykształcenia jest antropologiem społecznym. Doktorat uzyskała w University of London. Devi jest autorką kilkunastu powieści, kilku zbiorów nowel i poezji. Od końca XX wieku wydaje swoje utwory we Francji, najpierw w wydawnictwach L’Harmattan i Dapper, później głównie u Gallimarda.</p>
</div>
                    </div>
                </div>
                <div class="text-modules">
                    <div class="container">
                        
                        <div class="text-modules__content"><p><img class="alignnone wp-image-5763 size-large" src="https://us.edu.pl/wydzial/wh/wp-content/uploads/sites/15/Zdjęcia-doktorów-honoris-causa/DSC_6457_AD-1024x678.jpg" alt="Ananda Devi" width="640" height="424" srcset="https://us.edu.pl/wydzial/wh/wp-content/uploads/sites/15/Zdjęcia-doktorów-honoris-causa/DSC_6457_AD-1024x678.jpg 1024w, https://us.edu.pl/wydzial/wh/wp-content/uploads/sites/15/Zdjęcia-doktorów-honoris-causa/DSC_6457_AD-300x199.jpg 300w, https://us.edu.pl/wydzial/wh/wp-content/uploads/sites/15/Zdjęcia-doktorów-honoris-causa/DSC_6457_AD-768x509.jpg 768w, https://us.edu.pl/wydzial/wh/wp-content/uploads/sites/15/Zdjęcia-doktorów-honoris-causa/DSC_6457_AD-575x381.jpg 575w" sizes="(max-width: 640px) 100vw, 640px" /></p>
</div>
                    </div>
                </div>[/vc_column][vc_column width=&#8221;1/3&#8243;][/vc_column][/vc_row]</p>
