{"id":7374,"date":"2020-12-17T16:58:17","date_gmt":"2020-12-17T15:58:17","guid":{"rendered":"https:\/\/us.edu.pl\/wydzial\/wh\/?page_id=7374"},"modified":"2026-01-02T14:08:55","modified_gmt":"2026-01-02T13:08:55","slug":"filologia-angielska","status":"publish","type":"page","link":"https:\/\/us.edu.pl\/wydzial\/wh\/rady-dydaktyczne-kierunkow-studiow\/filologia-angielska\/","title":{"rendered":"FILOLOGIA ANGIELSKA"},"content":{"rendered":"<p>[vc_row][vc_column]\r\n                <div class=\"text-modules\">\r\n                    <div class=\"container\">\r\n                        \r\n                        <div class=\"text-modules__content\"><\/p>\n<h3><span style=\"color: #003366;\"><strong>RADA DYDAKTYCZNA KIERUNKU<\/strong><\/span><br \/>\n<span style=\"color: #003366;\">FILOLOGIA ANGIELSKA<\/span><\/h3>\n<p>&nbsp;<\/p>\n<p><strong>dr \u00a0Marcin Sarnek<\/strong> \u00a0\u00a0<strong>\u2013 \u00a0przewodnicz\u0105cy RDKS, dyrektor kierunku filologia angielska<\/strong><\/p>\n<p><strong>dr hab. Iwona Dronia, prof. U\u015a<\/strong> \u00a0\u2013 \u00a0zast\u0119pczyni dyrektora kierunku filologia angielska<\/p>\n<p><strong>dr hab. Agnieszka Solska, prof. U\u015a <\/strong>\u2013 zast\u0119pczyni dyrektora kierunku filologia angielska<\/p>\n<p><strong>dr Magdalena Bednorz<\/strong> \u2013 zast\u0119pczyni dyrektora kierunku filologia angielska<\/p>\n<p>&nbsp;<\/p>\n<p><strong>dr hab. Rafa\u0142 Borys\u0142awski, prof. U\u015a \u00a0<\/strong>\u2013 \u00a0przedstawiciel pracownik\u00f3w badawczo-dydaktycznych, wskazany przez dyrektora Instytutu Literaturoznawstwa<\/p>\n<p><strong>dr Monika Grotek<\/strong> \u00a0\u00a0\u2013 \u00a0przedstawicielka pracownik\u00f3w badawczo-dydaktycznych, wskazana przez dyrektora Instytutu J\u0119zykoznawstwa, specjalistka z \u00a0zakresu kszta\u0142cenia nauczycieli<\/p>\n<p><strong>dr Agnieszka Kli\u015b-Brodowska<\/strong> \u2013 przedstawicielka pracownik\u00f3w badawczo-dydaktycznych, wskazana przez dyrektork\u0119 Instytutu Nauk o Kulturze<\/p>\n<p><strong>dr Katarzyna Knoll<\/strong> \u2013 przedstawicielka pracownik\u00f3w dydaktycznych<\/p>\n<p><strong>dr hab. Jolanta Latkowska <\/strong>\u00a0\u00a0\u2013 \u00a0przedstawicielka pracownik\u00f3w badawczo-dydaktyczny, wskazana przez dyrektora Instytutu J\u0119zykoznawstwa, specjalistka \u00a0z zakresu kszta\u0142cenia nauczycieli<\/p>\n<p><strong>prof. dr hab. Andrzej \u0141yda <\/strong>\u2013 \u00a0przedstawiciel pracownik\u00f3w badawczo-dydaktycznych<\/p>\n<p><strong>dr hab. S\u0142awomir Mas\u0142o\u0144, prof. U\u015a <\/strong>\u2013 \u00a0przedstawiciel pracownik\u00f3w badawczo-dydaktycznych<\/p>\n<p><strong>prof. dr hab. Agnieszka Po\u015bpiech <\/strong>\u00a0\u2013 przedstawicielka pracownik\u00f3w badawczo-dydaktycznych, wskazana przez dyrektora Instytutu Literaturoznawstwa<\/p>\n<p><strong>dr hab. Konrad Szcze\u015bniak <\/strong>\u2013 \u00a0przedstawiciel pracownik\u00f3w badawczo-dydaktycznych<\/p>\n<p><strong>dr Aleksandra Szyma\u0144ska-Tworek <\/strong>\u2013 \u00a0przedstawicielka pracownik\u00f3w badawczo-dydaktycznych<\/p>\n<p><strong>dr Agata Wilczek<\/strong> \u00a0\u2013 przedstawicielka pracownik\u00f3w dydaktycznych<\/p>\n<p><strong>dr hab. Marta Zaj\u0105c-Plutecka, prof. U\u015a<\/strong> \u2013 przedstawicielka pracownik\u00f3w badawczo-dydaktycznych, wskazana przez dyrektork\u0119 Instytutu Nauk o Kulturze<\/p>\n<p><strong>lic. Olga Szulczyk<\/strong> &#8211;\u00a0 przedstawicielka os\u00f3b studiuj\u0105cych \u00a0II stopnia specjalno\u015bci Kultura \u2013 Media \u2013 Translacja<\/p>\n<p><strong>Dagmara Eliasz<\/strong> \u2013 przedstawicielka os\u00f3b studiuj\u0105cych \u00a0I stopnia specjalno\u015bci nauczycielskiej<\/p>\n<p><strong>\u00a0<\/strong><\/p>\n<p><strong>Interesariusze zewn\u0119trzni\/osoby z g\u0142osem doradczym<\/strong><\/p>\n<p>&nbsp;<\/p>\n<p><strong>dr Aleksandra Podg\u00f3rniak-Musil <\/strong>\u00a0\u2013 t\u0142umacz przysi\u0119g\u0142y, przewodnicz\u0105ca sekcji j\u0119zyka angielskiego Polskiego Towarzystwa T\u0142umaczy Przysi\u0119g\u0142ych i Specjalistycznych,<\/p>\n<p><strong>Daniel Wi\u015bniowski<\/strong> \u2013 wiceprezes zarz\u0105du, dyrektor\u00a0generalny firmy ESAB Polska Sp. z o.o.<\/p>\n<p><strong>B\u0142a\u017cej Szaflik<\/strong>\u00a0 \u2013\u00a0 \u00a0prezes zarz\u0105du firmy Carbon Studio,<\/p>\n<p><strong>Marcin Rybi\u0144ski <\/strong>\u00a0\u2013\u00a0 szef dzia\u0142u projektowania w firmie Anshar Studios<\/p>\n<p><strong>Agnieszka Nowak-Gomu\u0142ka<\/strong>\u00a0 \u2013\u00a0 nauczycielka j\u0119zyka angielskiego\u00a0 w III Liceum Uniwersyteckim im. Adama Mickiewicza w Katowicach<\/p>\n<\/div>\r\n                    <\/div>\r\n                <\/div>[\/vc_column][\/vc_row]<\/p>","protected":false},"excerpt":{"rendered":"<p>[vc_row][vc_column][\/vc_column][\/vc_row] [&#8230;]<\/p>\n<p><a class=\"btn btn-secondary understrap-read-more-link\" href=\"https:\/\/us.edu.pl\/wydzial\/wh\/rady-dydaktyczne-kierunkow-studiow\/filologia-angielska\/\">Read More&#8230;<\/a><\/p>\n","protected":false},"author":1,"featured_media":0,"parent":7357,"menu_order":1,"comment_status":"closed","ping_status":"closed","template":"page-templates\/inner-page.php","meta":{"_expiration-date-status":"","_expiration-date":0,"_expiration-date-type":"","_expiration-date-categories":[],"_expiration-date-options":[]},"acf":[],"_links":{"self":[{"href":"https:\/\/us.edu.pl\/wydzial\/wh\/wp-json\/wp\/v2\/pages\/7374"}],"collection":[{"href":"https:\/\/us.edu.pl\/wydzial\/wh\/wp-json\/wp\/v2\/pages"}],"about":[{"href":"https:\/\/us.edu.pl\/wydzial\/wh\/wp-json\/wp\/v2\/types\/page"}],"author":[{"embeddable":true,"href":"https:\/\/us.edu.pl\/wydzial\/wh\/wp-json\/wp\/v2\/users\/1"}],"replies":[{"embeddable":true,"href":"https:\/\/us.edu.pl\/wydzial\/wh\/wp-json\/wp\/v2\/comments?post=7374"}],"version-history":[{"count":10,"href":"https:\/\/us.edu.pl\/wydzial\/wh\/wp-json\/wp\/v2\/pages\/7374\/revisions"}],"predecessor-version":[{"id":194302,"href":"https:\/\/us.edu.pl\/wydzial\/wh\/wp-json\/wp\/v2\/pages\/7374\/revisions\/194302"}],"up":[{"embeddable":true,"href":"https:\/\/us.edu.pl\/wydzial\/wh\/wp-json\/wp\/v2\/pages\/7357"}],"wp:attachment":[{"href":"https:\/\/us.edu.pl\/wydzial\/wh\/wp-json\/wp\/v2\/media?parent=7374"}],"curies":[{"name":"wp","href":"https:\/\/api.w.org\/{rel}","templated":true}]}}

<p>[vc_row][vc_column]
                <div class="text-modules">
                    <div class="container">
                        
                        <div class="text-modules__content"></p>
<h3><span style="color: #003366;"><strong>RADA DYDAKTYCZNA KIERUNKU</strong></span><br />
<span style="color: #003366;">FILOLOGIA ANGIELSKA</span></h3>
<p>&nbsp;</p>
<p><strong>dr  Marcin Sarnek</strong>   <strong>–  przewodniczący RDKS, dyrektor kierunku filologia angielska</strong></p>
<p><strong>dr hab. Iwona Dronia, prof. UŚ</strong>  –  zastępczyni dyrektora kierunku filologia angielska</p>
<p><strong>dr hab. Agnieszka Solska, prof. UŚ </strong>– zastępczyni dyrektora kierunku filologia angielska</p>
<p><strong>dr Magdalena Bednorz</strong> – zastępczyni dyrektora kierunku filologia angielska</p>
<p>&nbsp;</p>
<p><strong>dr hab. Rafał Borysławski, prof. UŚ  </strong>–  przedstawiciel pracowników badawczo-dydaktycznych, wskazany przez dyrektora Instytutu Literaturoznawstwa</p>
<p><strong>dr Monika Grotek</strong>   –  przedstawicielka pracowników badawczo-dydaktycznych, wskazana przez dyrektora Instytutu Językoznawstwa, specjalistka z  zakresu kształcenia nauczycieli</p>
<p><strong>dr Agnieszka Kliś-Brodowska</strong> – przedstawicielka pracowników badawczo-dydaktycznych, wskazana przez dyrektorkę Instytutu Nauk o Kulturze</p>
<p><strong>dr Katarzyna Knoll</strong> – przedstawicielka pracowników dydaktycznych</p>
<p><strong>dr hab. Jolanta Latkowska </strong>  –  przedstawicielka pracowników badawczo-dydaktyczny, wskazana przez dyrektora Instytutu Językoznawstwa, specjalistka  z zakresu kształcenia nauczycieli</p>
<p><strong>prof. dr hab. Andrzej Łyda </strong>–  przedstawiciel pracowników badawczo-dydaktycznych</p>
<p><strong>dr hab. Sławomir Masłoń, prof. UŚ </strong>–  przedstawiciel pracowników badawczo-dydaktycznych</p>
<p><strong>prof. dr hab. Agnieszka Pośpiech </strong> – przedstawicielka pracowników badawczo-dydaktycznych, wskazana przez dyrektora Instytutu Literaturoznawstwa</p>
<p><strong>dr hab. Konrad Szcześniak </strong>–  przedstawiciel pracowników badawczo-dydaktycznych</p>
<p><strong>dr Aleksandra Szymańska-Tworek </strong>–  przedstawicielka pracowników badawczo-dydaktycznych</p>
<p><strong>dr Agata Wilczek</strong>  – przedstawicielka pracowników dydaktycznych</p>
<p><strong>dr hab. Marta Zając-Plutecka, prof. UŚ</strong> – przedstawicielka pracowników badawczo-dydaktycznych, wskazana przez dyrektorkę Instytutu Nauk o Kulturze</p>
<p><strong>lic. Olga Szulczyk</strong> &#8211;  przedstawicielka osób studiujących  II stopnia specjalności Kultura – Media – Translacja</p>
<p><strong>Dagmara Eliasz</strong> – przedstawicielka osób studiujących  I stopnia specjalności nauczycielskiej</p>
<p><strong> </strong></p>
<p><strong>Interesariusze zewnętrzni/osoby z głosem doradczym</strong></p>
<p>&nbsp;</p>
<p><strong>dr Aleksandra Podgórniak-Musil </strong> – tłumacz przysięgły, przewodnicząca sekcji języka angielskiego Polskiego Towarzystwa Tłumaczy Przysięgłych i Specjalistycznych,</p>
<p><strong>Daniel Wiśniowski</strong> – wiceprezes zarządu, dyrektor generalny firmy ESAB Polska Sp. z o.o.</p>
<p><strong>Błażej Szaflik</strong>  –   prezes zarządu firmy Carbon Studio,</p>
<p><strong>Marcin Rybiński </strong> –  szef działu projektowania w firmie Anshar Studios</p>
<p><strong>Agnieszka Nowak-Gomułka</strong>  –  nauczycielka języka angielskiego  w III Liceum Uniwersyteckim im. Adama Mickiewicza w Katowicach</p>
</div>
                    </div>
                </div>[/vc_column][/vc_row]</p>
