{"id":7391,"date":"2020-12-17T17:19:58","date_gmt":"2020-12-17T16:19:58","guid":{"rendered":"https:\/\/us.edu.pl\/wydzial\/wh\/?page_id=7391"},"modified":"2026-02-27T13:06:59","modified_gmt":"2026-02-27T12:06:59","slug":"filologia-polska","status":"publish","type":"page","link":"https:\/\/us.edu.pl\/wydzial\/wh\/rady-dydaktyczne-kierunkow-studiow\/filologia-polska\/","title":{"rendered":"FILOLOGIA POLSKA"},"content":{"rendered":"<p>[vc_row][vc_column]\r\n                <div class=\"text-modules\">\r\n                    <div class=\"container\">\r\n                        \r\n                        <div class=\"text-modules__content\"><\/p>\n<h3><strong><span style=\"color: #003366;\">RADA DYDAKTYCZNA KIERUNKU<\/span><\/strong><br \/>\n<span style=\"color: #003366;\">FILOLOGIA POLSKA<\/span><\/h3>\n<p>&nbsp;<\/p>\n<p><strong>dr hab. Tomasz Bielak <\/strong>\u2013 Przewodnicz\u0105cy Rady Dydaktycznej Kierunku<br \/>\n(Dyrektor kierunku studi\u00f3w)<\/p>\n<p><strong>dr Kinga W\u0105si\u0144ska<\/strong> \u2013 Zast\u0119pca Przewodnicz\u0105cego Rady Dydaktycznej Kierunku (Zast\u0119pca dyrektora kierunku)<\/p>\n<p>&nbsp;<\/p>\n<p><strong>dr hab. Magdalena B\u0105k, prof. U\u015a <\/strong>\u2013 przedstawicielka pracownik\u00f3w badawczo-dydaktycznych, wskazana przez Dyrektora Instytutu Polonistyki<\/p>\n<p><strong>dr hab. Tomasz Kali\u015bciak, prof. U\u015a <\/strong>\u2013 przedstawiciel pracownik\u00f3w badawczo-dydaktycznych, wskazany przez Dyrektora Instytutu Literaturoznawstwa<\/p>\n<p><strong>dr hab. Jaros\u0142aw Pacu\u0142a, prof. U\u015a <\/strong>\u2013 przedstawiciel dyscypliny j\u0119zykoznawstwo, wskazany przez Dyrektora Instytutu J\u0119zykoznawstwa<\/p>\n<p><strong>prof. dr hab. Joanna Dembi\u0144ska-Pawelec <\/strong>\u2013 przedstawicielka pracownik\u00f3w badawczo-dydaktycznych<\/p>\n<p><strong>prof. dr hab. Magdalena Pastuch <\/strong>\u2013 przedstawicielka pracownik\u00f3w badawczo-dydaktycznych<\/p>\n<p><strong>prof. dr hab. Jolanta Tambor<\/strong> \u2013 przedstawicielka pracownik\u00f3w badawczo-dydaktycznych<\/p>\n<p><strong>dr hab. Danuta Krzy\u017cyk, prof. U\u015a<\/strong> \u2013 przedstawicielka pracownik\u00f3w badawczo-dydaktycznych, specjalistka w zakresie kszta\u0142cenia nauczycieli<\/p>\n<p><strong>dr hab. Barbara Mitrenga, prof. U\u015a<\/strong> \u2013 przedstawicielka pracownik\u00f3w badawczo-dydaktycznych<\/p>\n<p><strong>dr hab. Wojciech \u015amieja, prof. U\u015a<\/strong> \u2013 przedstawiciel pracownik\u00f3w badawczo-dydaktycznych<\/p>\n<p><strong>dr Piotr Gorli\u0144ski-Kucik<\/strong> \u2013 przedstawiciel pracownik\u00f3w badawczo-dydaktycznych<\/p>\n<p><strong>dr Marcin Macio\u0142ek<\/strong> \u2013 przedstawiciel pracownik\u00f3w badawczo-dydaktycznych, specjalista w zakresie nauczania j\u0119zyka polskiego jako obcego<\/p>\n<p>&nbsp;<\/p>\n<p><strong>Katarzyna Jele\u0144 <\/strong>\u2013 przedstawicielka os\u00f3b studiuj\u0105cych (I stopie\u0144 LIC)<\/p>\n<p><strong>lic. Patryk Kominek <\/strong>\u2013 przedstawiciel os\u00f3b studiuj\u0105cych (II stopie\u0144 MU)<\/p>\n<p>&nbsp;<\/p>\n<p><span style=\"text-decoration: underline;\">Interesariusze zewn\u0119trzni\/osoby z g\u0142osem doradczym:<\/span><\/p>\n<p><strong>dr Ilona Dudzik-Garstka <\/strong>\u2013 nauczycielka-konsultantka ds. opieki, wychowania i profilaktyki oraz procesowego wspomagania szk\u00f3\u0142, Ma\u0142opolskie Centrum Doskonalenia Nauczycieli \u2013 ODN w O\u015bwi\u0119cimiu<\/p>\n<p><strong>dr Mi\u0142osz Markiewicz <\/strong>\u2013 kierownik literacki Teatru \u015al\u0105skiego im. Stanis\u0142aw Wyspia\u0144skiego, kulturoznawca i historyk sztuki, dramaturg<\/p>\n<p><strong>mgr Iwona Kruszewska-Sto\u0142y <\/strong>\u2013 wicedyrektorka ROD WOM w Katowicach ds. doskonalenia nauczycieli, nauczycielka-konsultantka w Pracowni Informacji Pedagogicznej Regionalnego O\u015brodka Doskonalenia Nauczycieli WOM w Katowicach<\/p>\n<p><strong>mgr Ewa Sadkowska <\/strong>\u2013 mened\u017cerka kultury, dyrektorka Instytucji Filmowej Silesia Film<\/p>\n<p><strong>mgr Iwona Kusak <\/strong>\u2013 kierowniczka Domu Kultury im. Wiktorii Kubisz w Bielsku-Bia\u0142ej<\/p>\n<\/div>\r\n                    <\/div>\r\n                <\/div>[\/vc_column][\/vc_row]<\/p>","protected":false},"excerpt":{"rendered":"<p>[vc_row][vc_column][\/vc_column][\/vc_row] [&#8230;]<\/p>\n<p><a class=\"btn btn-secondary understrap-read-more-link\" href=\"https:\/\/us.edu.pl\/wydzial\/wh\/rady-dydaktyczne-kierunkow-studiow\/filologia-polska\/\">Read More&#8230;<\/a><\/p>\n","protected":false},"author":1,"featured_media":0,"parent":7357,"menu_order":6,"comment_status":"closed","ping_status":"closed","template":"page-templates\/inner-page.php","meta":{"_expiration-date-status":"","_expiration-date":0,"_expiration-date-type":"","_expiration-date-categories":[],"_expiration-date-options":[]},"acf":[],"_links":{"self":[{"href":"https:\/\/us.edu.pl\/wydzial\/wh\/wp-json\/wp\/v2\/pages\/7391"}],"collection":[{"href":"https:\/\/us.edu.pl\/wydzial\/wh\/wp-json\/wp\/v2\/pages"}],"about":[{"href":"https:\/\/us.edu.pl\/wydzial\/wh\/wp-json\/wp\/v2\/types\/page"}],"author":[{"embeddable":true,"href":"https:\/\/us.edu.pl\/wydzial\/wh\/wp-json\/wp\/v2\/users\/1"}],"replies":[{"embeddable":true,"href":"https:\/\/us.edu.pl\/wydzial\/wh\/wp-json\/wp\/v2\/comments?post=7391"}],"version-history":[{"count":10,"href":"https:\/\/us.edu.pl\/wydzial\/wh\/wp-json\/wp\/v2\/pages\/7391\/revisions"}],"predecessor-version":[{"id":196044,"href":"https:\/\/us.edu.pl\/wydzial\/wh\/wp-json\/wp\/v2\/pages\/7391\/revisions\/196044"}],"up":[{"embeddable":true,"href":"https:\/\/us.edu.pl\/wydzial\/wh\/wp-json\/wp\/v2\/pages\/7357"}],"wp:attachment":[{"href":"https:\/\/us.edu.pl\/wydzial\/wh\/wp-json\/wp\/v2\/media?parent=7391"}],"curies":[{"name":"wp","href":"https:\/\/api.w.org\/{rel}","templated":true}]}}

<p>[vc_row][vc_column]
                <div class="text-modules">
                    <div class="container">
                        
                        <div class="text-modules__content"></p>
<h3><strong><span style="color: #003366;">RADA DYDAKTYCZNA KIERUNKU</span></strong><br />
<span style="color: #003366;">FILOLOGIA POLSKA</span></h3>
<p>&nbsp;</p>
<p><strong>dr hab. Tomasz Bielak </strong>– Przewodniczący Rady Dydaktycznej Kierunku<br />
(Dyrektor kierunku studiów)</p>
<p><strong>dr Kinga Wąsińska</strong> – Zastępca Przewodniczącego Rady Dydaktycznej Kierunku (Zastępca dyrektora kierunku)</p>
<p>&nbsp;</p>
<p><strong>dr hab. Magdalena Bąk, prof. UŚ </strong>– przedstawicielka pracowników badawczo-dydaktycznych, wskazana przez Dyrektora Instytutu Polonistyki</p>
<p><strong>dr hab. Tomasz Kaliściak, prof. UŚ </strong>– przedstawiciel pracowników badawczo-dydaktycznych, wskazany przez Dyrektora Instytutu Literaturoznawstwa</p>
<p><strong>dr hab. Jarosław Pacuła, prof. UŚ </strong>– przedstawiciel dyscypliny językoznawstwo, wskazany przez Dyrektora Instytutu Językoznawstwa</p>
<p><strong>prof. dr hab. Joanna Dembińska-Pawelec </strong>– przedstawicielka pracowników badawczo-dydaktycznych</p>
<p><strong>prof. dr hab. Magdalena Pastuch </strong>– przedstawicielka pracowników badawczo-dydaktycznych</p>
<p><strong>prof. dr hab. Jolanta Tambor</strong> – przedstawicielka pracowników badawczo-dydaktycznych</p>
<p><strong>dr hab. Danuta Krzyżyk, prof. UŚ</strong> – przedstawicielka pracowników badawczo-dydaktycznych, specjalistka w zakresie kształcenia nauczycieli</p>
<p><strong>dr hab. Barbara Mitrenga, prof. UŚ</strong> – przedstawicielka pracowników badawczo-dydaktycznych</p>
<p><strong>dr hab. Wojciech Śmieja, prof. UŚ</strong> – przedstawiciel pracowników badawczo-dydaktycznych</p>
<p><strong>dr Piotr Gorliński-Kucik</strong> – przedstawiciel pracowników badawczo-dydaktycznych</p>
<p><strong>dr Marcin Maciołek</strong> – przedstawiciel pracowników badawczo-dydaktycznych, specjalista w zakresie nauczania języka polskiego jako obcego</p>
<p>&nbsp;</p>
<p><strong>Katarzyna Jeleń </strong>– przedstawicielka osób studiujących (I stopień LIC)</p>
<p><strong>lic. Patryk Kominek </strong>– przedstawiciel osób studiujących (II stopień MU)</p>
<p>&nbsp;</p>
<p><span style="text-decoration: underline;">Interesariusze zewnętrzni/osoby z głosem doradczym:</span></p>
<p><strong>dr Ilona Dudzik-Garstka </strong>– nauczycielka-konsultantka ds. opieki, wychowania i profilaktyki oraz procesowego wspomagania szkół, Małopolskie Centrum Doskonalenia Nauczycieli – ODN w Oświęcimiu</p>
<p><strong>dr Miłosz Markiewicz </strong>– kierownik literacki Teatru Śląskiego im. Stanisław Wyspiańskiego, kulturoznawca i historyk sztuki, dramaturg</p>
<p><strong>mgr Iwona Kruszewska-Stoły </strong>– wicedyrektorka ROD WOM w Katowicach ds. doskonalenia nauczycieli, nauczycielka-konsultantka w Pracowni Informacji Pedagogicznej Regionalnego Ośrodka Doskonalenia Nauczycieli WOM w Katowicach</p>
<p><strong>mgr Ewa Sadkowska </strong>– menedżerka kultury, dyrektorka Instytucji Filmowej Silesia Film</p>
<p><strong>mgr Iwona Kusak </strong>– kierowniczka Domu Kultury im. Wiktorii Kubisz w Bielsku-Białej</p>
</div>
                    </div>
                </div>[/vc_column][/vc_row]</p>
