{"id":165708,"date":"2026-04-29T09:56:12","date_gmt":"2026-04-29T07:56:12","guid":{"rendered":"https:\/\/us.edu.pl\/wydzial\/wnp\/?post_type=komunikaty&#038;p=165708"},"modified":"2026-04-29T09:57:14","modified_gmt":"2026-04-29T07:57:14","slug":"godziny-rektorskie","status":"publish","type":"komunikaty","link":"https:\/\/us.edu.pl\/wydzial\/wnp\/komunikaty\/godziny-rektorskie\/","title":{"rendered":"Godziny rektorskie"},"content":{"rendered":"<p>[vc_row][vc_column]\r\n                <div class=\"text-modules\">\r\n                    <div class=\"container\">\r\n                        \r\n                        <div class=\"text-modules__content\"><\/p>\n<p style=\"text-align: center;\"><strong>KOMUNIKAT<\/strong><\/p>\n<p style=\"text-align: center;\"><strong>Rektora Uniwersytetu \u015al\u0105skiego w Katowicach<\/strong><\/p>\n<p style=\"text-align: center;\"><strong>z dnia 27 kwietnia 2026 r.<\/strong><\/p>\n<p style=\"text-align: center;\"><strong>w sprawie ustalenia godzin rektorskich<\/strong><\/p>\n<p style=\"text-align: center;\"><strong>w dniu 4 maja 2026 r.<\/strong><\/p>\n<p style=\"text-align: center;\"><strong>dla studentek i student\u00f3w studi\u00f3w I i II stopnia <\/strong><\/p>\n<p style=\"text-align: center;\"><strong>oraz jednolitych studi\u00f3w magisterskich<\/strong><\/p>\n<p>&nbsp;<\/p>\n<p>W zwi\u0105zku ze zbli\u017caj\u0105c\u0105 si\u0119 \u201emaj\u00f3wk\u0105\u201d i dniami ustawowo wolnymi od pracy tj. 1\u00a0maja (\u015awi\u0119to Pracy) i 3 maja (\u015awi\u0119to Konstytucji 3 maja), na wniosek Samorz\u0105du Studenckiego Uniwersytetu \u015al\u0105skiego w Katowicach, og\u0142aszam <strong>4\u00a0maja 2026 r. <\/strong>dniem rektorskim wolnym od zaj\u0119\u0107 dydaktycznych.<\/p>\n<p><a href=\"https:\/\/us.edu.pl\/wydzial\/wnp\/wp-content\/uploads\/sites\/16\/Bez-kategorii\/rektorskie-sig.pdf\" class=\"mtli_attachment mtli_pdf\" data-mtli=\"mtli_filesize360,47kB\" class=\"mtli_attachment mtli_pdf\" data-mtli=\"mtli_filesize360,47kB\">pe\u0142na tre\u015b\u0107 og\u0142oszenia<\/a><\/p>\n<style type=\"text\/css\">a[data-mtli~=\"mtli_filesize360,47kB\"]:after {content:\" (360,47 kB)\"}<\/style><\/div>\r\n                    <\/div>\r\n                <\/div>[\/vc_column][\/vc_row]<\/p>\n<style type=\"text\/css\">a[data-mtli~=\"mtli_filesize360,47kB\"]:after {content:\" (360,47 kB)\"}<\/style>","protected":false},"excerpt":{"rendered":"<p>[vc_row][vc_column][\/vc_column][\/vc_row] [&#8230;]<\/p>\n<p><a class=\"btn btn-secondary understrap-read-more-link\" href=\"https:\/\/us.edu.pl\/wydzial\/wnp\/komunikaty\/godziny-rektorskie\/\">Read More&#8230;<\/a><\/p>\n","protected":false},"author":115,"featured_media":0,"template":"","meta":{"_expiration-date-status":"","_expiration-date":0,"_expiration-date-type":"","_expiration-date-categories":[],"_expiration-date-options":[]},"acf":[],"_links":{"self":[{"href":"https:\/\/us.edu.pl\/wydzial\/wnp\/wp-json\/wp\/v2\/komunikaty\/165708"}],"collection":[{"href":"https:\/\/us.edu.pl\/wydzial\/wnp\/wp-json\/wp\/v2\/komunikaty"}],"about":[{"href":"https:\/\/us.edu.pl\/wydzial\/wnp\/wp-json\/wp\/v2\/types\/komunikaty"}],"author":[{"embeddable":true,"href":"https:\/\/us.edu.pl\/wydzial\/wnp\/wp-json\/wp\/v2\/users\/115"}],"version-history":[{"count":1,"href":"https:\/\/us.edu.pl\/wydzial\/wnp\/wp-json\/wp\/v2\/komunikaty\/165708\/revisions"}],"predecessor-version":[{"id":165710,"href":"https:\/\/us.edu.pl\/wydzial\/wnp\/wp-json\/wp\/v2\/komunikaty\/165708\/revisions\/165710"}],"wp:attachment":[{"href":"https:\/\/us.edu.pl\/wydzial\/wnp\/wp-json\/wp\/v2\/media?parent=165708"}],"curies":[{"name":"wp","href":"https:\/\/api.w.org\/{rel}","templated":true}]}}

<p>[vc_row][vc_column]
                <div class="text-modules">
                    <div class="container">
                        
                        <div class="text-modules__content"></p>
<p style="text-align: center;"><strong>KOMUNIKAT</strong></p>
<p style="text-align: center;"><strong>Rektora Uniwersytetu Śląskiego w Katowicach</strong></p>
<p style="text-align: center;"><strong>z dnia 27 kwietnia 2026 r.</strong></p>
<p style="text-align: center;"><strong>w sprawie ustalenia godzin rektorskich</strong></p>
<p style="text-align: center;"><strong>w dniu 4 maja 2026 r.</strong></p>
<p style="text-align: center;"><strong>dla studentek i studentów studiów I i II stopnia </strong></p>
<p style="text-align: center;"><strong>oraz jednolitych studiów magisterskich</strong></p>
<p>&nbsp;</p>
<p>W związku ze zbliżającą się „majówką” i dniami ustawowo wolnymi od pracy tj. 1 maja (Święto Pracy) i 3 maja (Święto Konstytucji 3 maja), na wniosek Samorządu Studenckiego Uniwersytetu Śląskiego w Katowicach, ogłaszam <strong>4 maja 2026 r. </strong>dniem rektorskim wolnym od zajęć dydaktycznych.</p>
<p><a href="https://us.edu.pl/wydzial/wnp/wp-content/uploads/sites/16/Bez-kategorii/rektorskie-sig.pdf" class="mtli_attachment mtli_pdf" data-mtli="mtli_filesize360,47kB" class="mtli_attachment mtli_pdf" data-mtli="mtli_filesize360,47kB">pełna treść ogłoszenia</a></p>
<style type="text/css">a[data-mtli~="mtli_filesize360,47kB"]:after {content:" (360,47 kB)"}</style></div>
                    </div>
                </div>[/vc_column][/vc_row]</p>
<style type="text/css">a[data-mtli~="mtli_filesize360,47kB"]:after {content:" (360,47 kB)"}</style>
