{"id":157728,"date":"2023-04-27T16:38:13","date_gmt":"2023-04-27T14:38:13","guid":{"rendered":"https:\/\/us.edu.pl\/wydzial\/wnp\/?page_id=157728"},"modified":"2025-06-18T10:24:03","modified_gmt":"2025-06-18T08:24:03","slug":"ochrona-srodowiska-2","status":"publish","type":"page","link":"https:\/\/us.edu.pl\/wydzial\/wnp\/studia\/kierunki-studiow\/ochrona-srodowiska-2\/","title":{"rendered":"Ochrona \u015brodowiska"},"content":{"rendered":"<p>[vc_row][vc_column]\r\n                <div class=\"text-modules\">\r\n                    <div class=\"container\">\r\n                        <h3 class=\"page-title text__title\">Ochrona \u015brodowiska - studia stacjonarne I i II stopnia<\/h3>\r\n                        <div class=\"text-modules__content\"><p><strong>j\u0119zyk wyk\u0142adowy: polski<\/strong><\/p>\n<\/div>\r\n                    <\/div>\r\n                <\/div>[\/vc_column][\/vc_row][vc_row][vc_column width=&#8221;2\/3&#8243;]\r\n                <div class=\"text-modules\">\r\n                    <div class=\"container\">\r\n                        \r\n                        <div class=\"text-modules__content\"><p>Interdyscyplinarne studia na kierunku Ochrona \u015brodowiska przygotowuj\u0105 absolwenta do pos\u0142ugiwania si\u0119 wiedz\u0105 z biologii, chemii, fizyki, geografii i geologii, umiej\u0119tno\u015bciami zastosowania technik i technologii w pracy zawodowej oraz kompetencjami spo\u0142ecznymi pozwalaj\u0105cymi na prac\u0119 w zespole, samodzielne pog\u0142\u0119bianie wiedzy i prezentowanie jej efekt\u00f3w zainteresowanym stronom. Podczas pierwszych dw\u00f3ch lat studi\u00f3w zaj\u0119cia odbywaj\u0105 si\u0119 wsp\u00f3lnie dla wszystkich s\u0142uchaczy kierunku. S\u0105 to wyk\u0142ady, \u0107wiczenia, laboratoria i konwersatoria z zakresu: biologii, chemii, fizyki, geografii i geologii oraz zaj\u0119cia realizowane, jako zaj\u0119cia terenowe z botaniki, geobotaniki, zoologii, ekologii, geografii i geologii. Na trzecim roku studi\u00f3w student rozpoczyna realizacj\u0119 studi\u00f3w wed\u0142ug jednej z wybranych przez siebie \u015bcie\u017cek dydaktycznych, kt\u00f3re nawi\u0105zuj\u0105 do specjalno\u015bci na studiach magisterskich. Studenci dokonuj\u0105 wyboru problemu badawczego i przygotowuj\u0105 prac\u0119 licencjack\u0105, pod opiek\u0105 promotora.<\/p>\n<p>W programie studi\u00f3w zwraca si\u0119 szczeg\u00f3ln\u0105 uwag\u0119 na przygotowanie praktyczne absolwenta do oczekiwa\u0144 rynku pracy poprzez realizacj\u0119 praktyk zawodowych. Indywidualne zainteresowania student\u00f3w kierunku Ochrona \u015brodowiska, rozwijane s\u0105 w ramach przedmiot\u00f3w do wyboru, proponowanych przez wydzia\u0142y tworz\u0105ce kierunek oraz przez inne jednostki Uniwersytetu \u015al\u0105skiego. Studenci mog\u0105 r\u00f3wnie\u017c poszerza\u0107 swoj\u0105 wiedz\u0119 przez prace w dzia\u0142aj\u0105cych ko\u0142ach naukowych.<\/p>\n<p>Dodatkowo studenci mog\u0105 uczestniczy\u0107 w kursach specjalistycznych, daj\u0105cych mo\u017cliwo\u015b\u0107 uzyskania dodatkowych kompetencji. Studia na kierunku Ochrona \u015brodowiska oferuj\u0105 r\u00f3wnie\u017c szkolenia z zakresu ekonomicznych i prawnych podstaw prowadzenia ma\u0142ej firmy, podnosz\u0105c atrakcyjno\u015b\u0107 absolwenta na rynku pracy.<\/p>\n<\/div>\r\n                    <\/div>\r\n                <\/div>[\/vc_column][vc_column width=&#8221;1\/3&#8243; css=&#8221;.vc_custom_1742986248150{margin-left: 50px !important;background-color: #99dbcf !important;}&#8221;][vc_single_image image=&#8221;158144&#8243; img_size=&#8221;full&#8221;]\r\n                <div class=\"text-modules\">\r\n                    <div class=\"container\">\r\n                        \r\n                        <div class=\"text-modules__content\"><\/p>\n<p style=\"text-align: center;\"><span style=\"font-size: 18pt;\"><a href=\"https:\/\/us.edu.pl\/wydzial\/wnp\/wp-content\/uploads\/sites\/16\/Bez-kategorii\/OCHRONA-SRODOWISKA.pdf\" class=\"mtli_attachment mtli_pdf\" data-mtli=\"mtli_filesize2,10MB\" class=\"mtli_attachment mtli_pdf\" data-mtli=\"mtli_filesize2,10MB\"><strong>PREZENTACJA KIERUNKU<\/strong><\/a><\/span><br \/>\n<img class=\"alignnone size-medium wp-image-162670\" src=\"https:\/\/us.edu.pl\/wydzial\/wnp\/wp-content\/uploads\/sites\/16\/Bez-kategorii\/Ochrona_prezentacja-300x181.jpg\" alt=\"\" width=\"300\" height=\"181\" srcset=\"https:\/\/us.edu.pl\/wydzial\/wnp\/wp-content\/uploads\/sites\/16\/Bez-kategorii\/Ochrona_prezentacja-300x181.jpg 300w, https:\/\/us.edu.pl\/wydzial\/wnp\/wp-content\/uploads\/sites\/16\/Bez-kategorii\/Ochrona_prezentacja-1024x618.jpg 1024w, https:\/\/us.edu.pl\/wydzial\/wnp\/wp-content\/uploads\/sites\/16\/Bez-kategorii\/Ochrona_prezentacja-768x464.jpg 768w, https:\/\/us.edu.pl\/wydzial\/wnp\/wp-content\/uploads\/sites\/16\/Bez-kategorii\/Ochrona_prezentacja-575x347.jpg 575w, https:\/\/us.edu.pl\/wydzial\/wnp\/wp-content\/uploads\/sites\/16\/Bez-kategorii\/Ochrona_prezentacja.jpg 1196w\" sizes=\"(max-width: 300px) 100vw, 300px\" \/><\/p>\n<p>\n<style type=\"text\/css\">a[data-mtli~=\"mtli_filesize2,10MB\"]:after {content:\" (2,10 MB)\"}<\/style><\/div>\r\n                    <\/div>\r\n                <\/div>[\/vc_column][\/vc_row][vc_row][vc_column]\r\n                <div class=\"text-modules\">\r\n                    <div class=\"container\">\r\n                        \r\n                        <div class=\"text-modules__content\"><p>Dzi\u0119ki realizacji programu w systemie punktowym ECTS, mo\u017cliwe jest uczestnictwo student\u00f3w kierunku Ochrona \u015brodowiska w wymianie mi\u0119dzynarodowej i studiach w UE oraz poszukiwania zatrudnienia na zagranicznym rynku pracy. Studentom szczeg\u00f3lnie uzdolnionym umo\u017cliwia si\u0119 studia wed\u0142ug indywidualnego toku kszta\u0142cenia. Student kierunku ochrona \u015brodowiska, aby zrealizowa\u0107 efekty uczenia kierunku i uzyska\u0107 dyplom licencjata jest zobowi\u0105zany do realizacji modu\u0142u dyplomowego, w sk\u0142ad, kt\u00f3rego wchodz\u0105 poni\u017csze modu\u0142y: seminarium licencjackie i pracownia licencjacka. Uko\u0144czenie studi\u00f3w I stopnia i uzyskanie dyplomu licencjata na kierunku Ochrona \u015brodowiska, pozwala na podj\u0119cie pracy w przedsi\u0119biorstwach, firmach konsultingowych, jednostkach administracji publicznej zajmuj\u0105cych si\u0119 problematyk\u0105 ochrony \u015brodowiska oraz instytucjach pa\u0144stwowych i organizacjach realizuj\u0105cych dzia\u0142ania na rzecz ochrony \u015brodowiska i przyrody.<\/p>\n<p>Kierunek ochrona \u015brodowiska w ramach studi\u00f3w II drugiego stopnia obejmuje 4 semestry, zako\u0144czone obron\u0105 pracy magisterskiej. W trakcie jej realizacji student, pod kierunkiem promotora, uczy si\u0119 samodzielnego stawiania pyta\u0144 i rozwi\u0105zywania problem\u00f3w z zakresu oceny stanu, zagro\u017ce\u0144 i ochrony \u015brodowiska przyrodniczego. Projekt magisterski jest projektem badawczym studenta, \u015bci\u015ble powi\u0105zanym z kierunkiem bada\u0144 wybranego przez niego Promotora. We w\u0142a\u015bciwej praktycznej realizacji tego projektu szczeg\u00f3lnie istotna jest rola przedmiot\u00f3w takich jak pracownie dyplomowe, w ramach kt\u00f3rych student prowadzi badania terenowe i\/lub, korzystaj\u0105c z aparatury naukowo-badawczej, przeprowadza analizy w laboratorium, oraz seminaria dyplomowe, kt\u00f3re wyposa\u017caj\u0105 studenta w niezb\u0119dn\u0105 wiedz\u0119 do realizacji projektu magisterskiego. Ich celem jest merytoryczne przygotowanie studenta do prowadzenia bada\u0144 oraz dyskutowania i prezentowania uzyskanych wynik\u00f3w. Ka\u017cdy student kierunku ochrona \u015brodowiska na studiach II stopnia zdobywa wiedz\u0119 z zakresu modelowania zjawisk zachodz\u0105cych w przyrodzie oraz zastosowania metod statystycznych w naukach przyrodniczych, kt\u00f3re s\u0105 wykorzystywane w planowaniu i realizacji projektu magisterskiego z przestrzeganiem zasad bioetyki i etyki \u015brodowiskowej. W ramach kszta\u0142cenia na studiach magisterskich realizowane s\u0105 zagadnienia w praktyczny spos\u00f3b przygotowuj\u0105ce specjalist\u00f3w ds. ochrony \u015brodowiska, obejmuj\u0105ce m.in. problematyk\u0119 gospodarowania odpadami, oceny oddzia\u0142ywania na \u015brodowisko, planowania przestrzennego czy pozyskiwania funduszy na rzecz ochrony \u015brodowiska. Opr\u00f3cz przedmiot\u00f3w obligatoryjnych, stanowi\u0105cych podstaw\u0119 kszta\u0142cenia, oferowane s\u0105 tak\u017ce przedmioty do wyboru, umo\u017cliwiaj\u0105ce indywidualizacj\u0119 toku studi\u00f3w zgodnie z w\u0142asnymi zainteresowaniami oraz z wybran\u0105 specjalno\u015bci\u0105. Studentom szczeg\u00f3lnie uzdolnionym umo\u017cliwia si\u0119 studia wed\u0142ug indywidualnego toku kszta\u0142cenia. Dzi\u0119ki realizacji programu w systemie punktowym ECTS, mo\u017cliwe jest uczestnictwo student\u00f3w kierunku ochrona \u015brodowiska w wymianie mi\u0119dzynarodowej i studiach w UE. Uzyskane kwalifikacje na etapie studi\u00f3w II stopnia na kierunku ochrona \u015brodowiska s\u0105 podstaw\u0105 do zajmowania kierowniczych stanowisk \u015bredniego szczebla w przedsi\u0119biorstwach, firmach konsultingowych i projektowych, urz\u0119dach, organizacjach pozarz\u0105dowych, instytucjach naukowych. Studia II stopnia przygotowuj\u0105 tak\u017ce absolwent\u00f3w do podj\u0119cia studi\u00f3w III stopnia w obszarze pokrewnych dyscyplin nauk przyrodniczych.<\/p>\n<p>Kierunek posiada pozytywn\u0105 ocen\u0119 Polskiej Komisji Akredytacyjnej.<\/p>\n<\/div>\r\n                    <\/div>\r\n                <\/div>[\/vc_column][\/vc_row][vc_row][vc_column]\r\n                <div class='sidebar_moduls sidebar_links color-blue' style='background-color: #EBEBEB'>\r\n                    <h3>Zapisz si\u0119 na studia<\/h3>\r\n                    <ul class='angle-list'>\r\n                    <li><a href=\"https:\/\/irk.us.edu.pl\/pl\/offer\/SW-2025-Z\/programme\/W2-S1OS19\/?from=field:OS\">studia I stopnia - rozpocz\u0119cie rekrutacji od dnia 2 czerwca 2025r.<\/a><\/li><li><a href=\"https:\/\/irk.us.edu.pl\/pl\/offer\/SW-2025-Z\/programme\/W2-S2OS19\/?from=field:OS\">studia II stopnia - rozpocz\u0119cie rekrutacji od dnia 2 czerwca 2025r. <\/a><\/li><li><a href=\"https:\/\/us.edu.pl\/kandydat\/rekrutacja-na-rok-akademicki\/\">Terminy rekrutacji na rok akademicki 2025\/2026<\/a><\/li>\r\n                <\/ul>\r\n            <\/div>[\/vc_column][\/vc_row]<\/p>\n<style type=\"text\/css\">a[data-mtli~=\"mtli_filesize2,10MB\"]:after {content:\" (2,10 MB)\"}<\/style>","protected":false},"excerpt":{"rendered":"<p>[vc_row][vc_column][\/vc_column][\/vc_row][vc_row][vc_column width=&#8221;2\/3&#8243;][\/vc_column][vc_column width=&#8221;1\/3&#8243; css=&#8221;.vc_custom_1742986248150{margin-left: 50px !important;background-color: #99dbcf !important;}&#8221;][vc_single_image image=&#8221;158144&#8243; img_size=&#8221;full&#8221;][\/vc_column][\/vc_row][vc_row][vc_column][\/vc_column][\/vc_row][vc_row][vc_column][\/vc_column][\/vc_row] [&#8230;]<\/p>\n<p><a class=\"btn btn-secondary understrap-read-more-link\" href=\"https:\/\/us.edu.pl\/wydzial\/wnp\/studia\/kierunki-studiow\/ochrona-srodowiska-2\/\">Read More&#8230;<\/a><\/p>\n","protected":false},"author":115,"featured_media":0,"parent":2430,"menu_order":0,"comment_status":"closed","ping_status":"closed","template":"page-templates\/inner-page-with-bookmarks.php","meta":{"_expiration-date-status":"","_expiration-date":0,"_expiration-date-type":"","_expiration-date-categories":[],"_expiration-date-options":[]},"acf":[],"_links":{"self":[{"href":"https:\/\/us.edu.pl\/wydzial\/wnp\/wp-json\/wp\/v2\/pages\/157728"}],"collection":[{"href":"https:\/\/us.edu.pl\/wydzial\/wnp\/wp-json\/wp\/v2\/pages"}],"about":[{"href":"https:\/\/us.edu.pl\/wydzial\/wnp\/wp-json\/wp\/v2\/types\/page"}],"author":[{"embeddable":true,"href":"https:\/\/us.edu.pl\/wydzial\/wnp\/wp-json\/wp\/v2\/users\/115"}],"replies":[{"embeddable":true,"href":"https:\/\/us.edu.pl\/wydzial\/wnp\/wp-json\/wp\/v2\/comments?post=157728"}],"version-history":[{"count":0,"href":"https:\/\/us.edu.pl\/wydzial\/wnp\/wp-json\/wp\/v2\/pages\/157728\/revisions"}],"up":[{"embeddable":true,"href":"https:\/\/us.edu.pl\/wydzial\/wnp\/wp-json\/wp\/v2\/pages\/2430"}],"wp:attachment":[{"href":"https:\/\/us.edu.pl\/wydzial\/wnp\/wp-json\/wp\/v2\/media?parent=157728"}],"curies":[{"name":"wp","href":"https:\/\/api.w.org\/{rel}","templated":true}]}}