{"id":163364,"date":"2025-04-17T08:54:47","date_gmt":"2025-04-17T06:54:47","guid":{"rendered":"https:\/\/us.edu.pl\/wydzial\/wnp\/?page_id=163364"},"modified":"2025-04-17T14:01:25","modified_gmt":"2025-04-17T12:01:25","slug":"cbb-w-strategii-rozwoju-wojewodztwa-slaskiego","status":"publish","type":"page","link":"https:\/\/us.edu.pl\/wydzial\/wnp\/cbb-w-strategii-rozwoju-wojewodztwa-slaskiego\/","title":{"rendered":"CBB w Strategii Rozwoju Wojew\u00f3dztwa \u015al\u0105skiego"},"content":{"rendered":"<p>[vc_row el_class=&#8221;container&#8221;][vc_column]\r\n                <div class=\"text-modules\">\r\n                    <div class=\"container\">\r\n                        \r\n                        <div class=\"text-modules__content\"><p><span style=\"font-size: 18pt; font-family: arial, helvetica, sans-serif;\"><strong>CBB w Strategii Rozwoju Wojew\u00f3dztwa \u015al\u0105skiego<\/strong><\/span><\/p>\n<\/div>\r\n                    <\/div>\r\n                <\/div>[vc_single_image image=&#8221;163254&#8243; img_size=&#8221;full&#8221; alignment=&#8221;center&#8221;][\/vc_column][\/vc_row][vc_row][vc_column]\r\n                <div class=\"text-modules\">\r\n                    <div class=\"container\">\r\n                        \r\n                        <div class=\"text-modules__content\"><p>Budowa Centrum Biotechnologii i Bior\u00f3\u017cnorodno\u015bci jest zgodna z dokumentami strategicznymi dla Wojew\u00f3dztwa \u015al\u0105skiego i bezpo\u015brednio wpisuje si\u0119 w:<\/p>\n<ol>\n<li><strong>Strategi\u0119 Rozwoju Wojew\u00f3dztwa \u015al\u0105skiego ,,\u015al\u0105skie 2030\u201d poprzez realizacj\u0119 takich cel\u00f3w operacyjnych jak:<\/strong><\/li>\n<\/ol>\n<ul>\n<li style=\"list-style-type: none;\">\n<ul>\n<li>atrakcyjny i efektywny system edukacji i nauki \u2013 realizacja projektu przyczyni si\u0119 do poprawy jako\u015bci kszta\u0142cenia \u015bwiadczonego przez U\u015a;<\/li>\n<li>wysoka jako\u015b\u0107 \u015brodowiska \u2013 budowa CBB zak\u0142ada realizacj\u0119 szeregu dzia\u0142a\u0144 wp\u0142ywaj\u0105cych na popraw\u0119 jako\u015bci \u015brodowiska m.in.: monta\u017c instalacji OZE, zr\u00f3wnowa\u017cone wykorzystanie zasob\u00f3w wody, stworzenie botanicznych \u015bcie\u017cek dydaktycznych, rabat i ziele\u0144c\u00f3w;<\/li>\n<li>aktywna wsp\u00f3\u0142praca z otoczeniem i kreowanie silnej marki regionu &#8211; dzi\u0119ki podniesieniu jako\u015bci us\u0142ug dydaktycznych wzmocni si\u0119 marka o\u015brodka akademickiego w Katowicach.<\/li>\n<\/ul>\n<\/li>\n<\/ul>\n<ol start=\"2\">\n<li><strong>Terytorialny Plan Sprawiedliwej Transformacji Wojew\u00f3dztwa \u015al\u0105skiego 2030<\/strong><\/li>\n<\/ol>\n<p style=\"padding-left: 40px;\">Kszta\u0142cenie na najwy\u017cszym poziomie, w szczeg\u00f3lno\u015bci na kierunkach zwi\u0105zanych z zielon\u0105 i cyfrow\u0105 transformacj\u0105 jest jednym z cel\u00f3w Sprawiedliwiej Transformacji dla Wojew\u00f3dztwa \u015al\u0105skiego. Utworzenie CBB umo\u017cliwi \u015bwiadczenie wysokiej jako\u015bci us\u0142ug dydaktycznych zwi\u0105zanych ze szkolnictwem wy\u017cszym, co z kolei przyczyni si\u0119 do wzmocnienia kapita\u0142u ludzkiego, zwi\u0119kszenia szans zatrudnienia mieszka\u0144c\u00f3w podregion\u00f3w g\u00f3rniczych. Projekt stanowi odpowied\u017a na potrzeby zwi\u0105zane z procesami spo\u0142eczno-gospodarczej transformacji regionu. Wsparcie w ramach projektu pozwoli na popraw\u0119 jako\u015bci oraz przeprofilowanie edukacji na rzecz nowoczesnej gospodarki region\u00f3w g\u00f3rniczych.<\/p>\n<ol start=\"3\">\n<li><strong>Regionaln\u0105 Polityk\u0119 Rozwoju Edukacji Wojew\u00f3dztwa \u015al\u0105skiego<\/strong><\/li>\n<\/ol>\n<p style=\"padding-left: 40px;\">Celem tej polityki jest stworzenie atrakcyjnego i efektywnego systemu edukacji i nauki.<\/p>\n<p style=\"padding-left: 40px;\">Utworzenie CBB wpisuje si\u0119 w jej za\u0142o\u017cenia poprzez:<\/p>\n<ul>\n<li style=\"list-style-type: none;\">\n<ul>\n<li>zapobieganie odp\u0142ywowi m\u0142odego, kreatywnego kapita\u0142u ludzkiego z wojew\u00f3dztwa;<\/li>\n<li>zapewnienie dost\u0119pu do kszta\u0142cenia przez ca\u0142e \u017cycie oraz jego promowanie (zgodnie z zasad\u0105 idei life-long learning);<\/li>\n<li>kszta\u0142cenie odpowiadaj\u0105ce na potrzeby rosn\u0105cej grupy os\u00f3b starszych;<\/li>\n<li>kreacj\u0119 atrakcyjnych o\u015brodk\u00f3w edukacyjnych w regionie, b\u0119d\u0105cych \u201emagnesem\u201d dla os\u00f3b spoza wojew\u00f3dztwa \u015bl\u0105skiego.<\/li>\n<\/ul>\n<\/li>\n<\/ul>\n<p>\n<\/div>\r\n                    <\/div>\r\n                <\/div>[\/vc_column][\/vc_row]<\/p>","protected":false},"excerpt":{"rendered":"<p>[vc_row el_class=&#8221;container&#8221;][vc_column][vc_single_image image=&#8221;163254&#8243; img_size=&#8221;full&#8221; alignment=&#8221;center&#8221;][\/vc_column][\/vc_row][vc_row][vc_column][\/vc_column][\/vc_row] [&#8230;]<\/p>\n<p><a class=\"btn btn-secondary understrap-read-more-link\" href=\"https:\/\/us.edu.pl\/wydzial\/wnp\/cbb-w-strategii-rozwoju-wojewodztwa-slaskiego\/\">Read More&#8230;<\/a><\/p>\n","protected":false},"author":115,"featured_media":0,"parent":0,"menu_order":0,"comment_status":"closed","ping_status":"closed","template":"","meta":{"_expiration-date-status":"","_expiration-date":0,"_expiration-date-type":"","_expiration-date-categories":[],"_expiration-date-options":[]},"acf":[],"_links":{"self":[{"href":"https:\/\/us.edu.pl\/wydzial\/wnp\/wp-json\/wp\/v2\/pages\/163364"}],"collection":[{"href":"https:\/\/us.edu.pl\/wydzial\/wnp\/wp-json\/wp\/v2\/pages"}],"about":[{"href":"https:\/\/us.edu.pl\/wydzial\/wnp\/wp-json\/wp\/v2\/types\/page"}],"author":[{"embeddable":true,"href":"https:\/\/us.edu.pl\/wydzial\/wnp\/wp-json\/wp\/v2\/users\/115"}],"replies":[{"embeddable":true,"href":"https:\/\/us.edu.pl\/wydzial\/wnp\/wp-json\/wp\/v2\/comments?post=163364"}],"version-history":[{"count":0,"href":"https:\/\/us.edu.pl\/wydzial\/wnp\/wp-json\/wp\/v2\/pages\/163364\/revisions"}],"wp:attachment":[{"href":"https:\/\/us.edu.pl\/wydzial\/wnp\/wp-json\/wp\/v2\/media?parent=163364"}],"curies":[{"name":"wp","href":"https:\/\/api.w.org\/{rel}","templated":true}]}}