{"id":163434,"date":"2025-04-17T09:08:38","date_gmt":"2025-04-17T07:08:38","guid":{"rendered":"https:\/\/us.edu.pl\/wydzial\/wnp\/?page_id=163434"},"modified":"2025-04-28T12:39:22","modified_gmt":"2025-04-28T10:39:22","slug":"ksztalcenie-w-przyszlym-centrum-biotechnologii-i-bioroznorodnosci","status":"publish","type":"page","link":"https:\/\/us.edu.pl\/wydzial\/wnp\/ksztalcenie-w-przyszlym-centrum-biotechnologii-i-bioroznorodnosci\/","title":{"rendered":"Kszta\u0142cenie w przysz\u0142ym Centrum Biotechnologii i Bior\u00f3\u017cnorodno\u015bci"},"content":{"rendered":"<p>[vc_row][vc_column]\r\n                <div class=\"text-modules\">\r\n                    <div class=\"container\">\r\n                        \r\n                        <div class=\"text-modules__content\"><p><span style=\"font-size: 18pt; font-family: arial, helvetica, sans-serif;\"><strong>Kszta\u0142cenie w przysz\u0142ym Centrum Biotechnologii i Bior\u00f3\u017cnorodno\u015bci <\/strong><\/span><\/p>\n<\/div>\r\n                    <\/div>\r\n                <\/div>[\/vc_column][\/vc_row][vc_row][vc_column]            \r\n                    <div class=\"container\">\r\n                        <div class=\"gallery gallery_4\" data-images-in-row=\"4\">\r\n                            \r\n                            <div class=\"row m-0\">\r\n                                <a data-fancybox-group=\"button\" title=\"\" data-fancybox=\"1446\" href=\"https:\/\/us.edu.pl\/wydzial\/wnp\/wp-content\/uploads\/sites\/16\/Bez-kategorii\/Wizualizacja-zewn04-scaled.jpg\" class=\"gallery__item thumbnail\"\r\n                                    style=\"background-image: url(https:\/\/us.edu.pl\/wydzial\/wnp\/wp-content\/uploads\/sites\/16\/Bez-kategorii\/Wizualizacja-zewn04-1024x513.jpg)\"> <span class=\"d-none\">https:\/\/us.edu.pl\/wydzial\/wnp\/wp-content\/uploads\/sites\/16\/Bez-kategorii\/Wizualizacja-zewn04-scaled.jpg<\/span> <\/a><a data-fancybox-group=\"button\" title=\"\" data-fancybox=\"1446\" href=\"https:\/\/us.edu.pl\/wydzial\/wnp\/wp-content\/uploads\/sites\/16\/Bez-kategorii\/Wizualizacja-zewn03-scaled.jpg\" class=\"gallery__item thumbnail\"\r\n                                    style=\"background-image: url(https:\/\/us.edu.pl\/wydzial\/wnp\/wp-content\/uploads\/sites\/16\/Bez-kategorii\/Wizualizacja-zewn03-1024x536.jpg)\"> <span class=\"d-none\">https:\/\/us.edu.pl\/wydzial\/wnp\/wp-content\/uploads\/sites\/16\/Bez-kategorii\/Wizualizacja-zewn03-scaled.jpg<\/span> <\/a><a data-fancybox-group=\"button\" title=\"\" data-fancybox=\"1446\" href=\"https:\/\/us.edu.pl\/wydzial\/wnp\/wp-content\/uploads\/sites\/16\/Bez-kategorii\/Wizualizacja-z-Muzeum-Slaskiego-scaled.jpg\" class=\"gallery__item thumbnail\"\r\n                                    style=\"background-image: url(https:\/\/us.edu.pl\/wydzial\/wnp\/wp-content\/uploads\/sites\/16\/Bez-kategorii\/Wizualizacja-z-Muzeum-Slaskiego-1024x755.jpg)\"> <span class=\"d-none\">https:\/\/us.edu.pl\/wydzial\/wnp\/wp-content\/uploads\/sites\/16\/Bez-kategorii\/Wizualizacja-z-Muzeum-Slaskiego-scaled.jpg<\/span> <\/a>\r\n                            <\/div>\r\n                    <\/div>\r\n                <\/div>\r\n                <div class=\"text-modules\">\r\n                    <div class=\"container\">\r\n                        \r\n                        <div class=\"text-modules__content\"><p><span style=\"font-size: 8pt;\"><em>Wizualizacje Centrum Biotechnologii i Bior\u00f3\u017cnorodno\u015bci | mat. Pracownia Architektoniczna Czora i Czora | Industria Project<\/em><\/span><\/p>\n<\/div>\r\n                    <\/div>\r\n                <\/div>[\/vc_column][\/vc_row][vc_row][vc_column]\r\n                <div class=\"text-modules\">\r\n                    <div class=\"container\">\r\n                        \r\n                        <div class=\"text-modules__content\"><p>Naszym celem jest, aby absolwenci wykszta\u0142ceni w CBB posiadali specjalistyczn\u0105 wiedz\u0119 i umiej\u0119tno\u015bci, kt\u00f3re b\u0119d\u0105 mogli elastycznie wykorzystywa\u0107 p\u00f3\u017aniej w swojej pracy zawodowej.<\/p>\n<p>&nbsp;<\/p>\n<p>W ofercie dydaktycznej szczeg\u00f3lny nacisk chcemy po\u0142o\u017cy\u0107 na dwa aspekty. Pierwszym jest umiej\u0119tno\u015b\u0107 prowadzenia zaawansowanych analiz \u015brodowiskowych oraz analiz materia\u0142\u00f3w biologicznych na wszystkich poziomach: morfologicznym, fizjologicznym, biochemicznym i genetycznym, a w kontek\u015bcie monitoringu i ochrony przyrody, tak\u017ce na poziomie siedlisk i ca\u0142ych ekosystem\u00f3w.<\/p>\n<p>&nbsp;<\/p>\n<p>Kszta\u0142cenie tych umiej\u0119tno\u015bci dotyczy\u0107 b\u0119dzie szerokiego spektrum szczeg\u00f3\u0142owych zagadnie\u0144, w tym mi\u0119dzy innymi:<\/p>\n<ul>\n<li>metod projektowania preparat\u00f3w mikrobiologicznych ukierunkowanych na usuwanie zanieczyszcze\u0144 z wody i gleby,<\/li>\n<li>analiz wp\u0142ywu nanocz\u0105stek na mikroorganizmy, ro\u015bliny i zwierz\u0119ta,<\/li>\n<li>metody kontroli stresu \u015brodowiskowego za pomoc\u0105 biomarker\u00f3w \u015brodowiskowych, kt\u00f3rymi mog\u0105 by\u0107 populacje mikroorganizm\u00f3w lub tkanki ro\u015blinne i zwierz\u0119ce, kt\u00f3re w szczeg\u00f3lny spos\u00f3b reaguj\u0105 na obecno\u015b\u0107 metali ci\u0119\u017ckich, pestycyd\u00f3w, nanocz\u0105stkek czy farmaceutyk\u00f3w,<\/li>\n<li>nowoczesnych metod wspomagania hodowli, przede wszystkim wa\u017cnych gospodarczo gatunk\u00f3w ro\u015blin w kontek\u015bcie lepszej tolerancji stres\u00f3w lub ograniczonego dost\u0119pu do zwi\u0105zk\u00f3w mineralnych,<\/li>\n<li>analizowania molekularnych podstaw proces\u00f3w wp\u0142ywaj\u0105cych na wykszta\u0142canie wa\u017cnych agronomicznie cech u ro\u015blin uprawnych,<\/li>\n<li>identyfikacji oddzia\u0142ywa\u0144 mi\u0119dzy ro\u015blinami a mikroorganizmami glebowymi oraz \u015brodowiskiem, np. w kontek\u015bcie tworzenia tzw. szczepionek doglebowych, opartych o symbiotyczne mikroorganizmy,<\/li>\n<li>analiz oddzia\u0142ywania gatunk\u00f3w inwazyjnych na r\u00f3\u017cnorodno\u015b\u0107 biologiczn\u0105,<\/li>\n<li>prowadzenia inwentaryzacji i waloryzacji zasob\u00f3w przyrody oraz ochrony r\u00f3\u017cnorodno\u015bci biologicznej, w tym identyfikacji zagro\u017conych gatunk\u00f3w ro\u015blin, zwierz\u0105t i siedlisk przyrodniczych oraz inwazyjnych organizm\u00f3w obcych.<\/li>\n<\/ul>\n<p>Drugi aspekt kszta\u0142cenia w CBB zawi\u0105zany jest z umiej\u0119tno\u015bciami analizy danych, kt\u00f3rych coraz wi\u0119cej generujemy za pomoc\u0105 zaawansowanych narz\u0119dzi badawczych. Chcemy, aby przyszli absolwenci CBB posiadali umiej\u0119tno\u015bci wykorzystywania narz\u0119dzi informatycznych, niezb\u0119dnych do analizy zjawisk przyrodniczych i proces\u00f3w biologicznych, w tym:<\/p>\n<ul>\n<li>modelowania ekosystem\u00f3w;<\/li>\n<li>umiej\u0119tno\u015bci modelowania komputerowego do prognozowania przemian \u015brodowiskowych, kt\u00f3re zachodz\u0105 lub mog\u0105 zaj\u015b\u0107 m.in. pod wp\u0142ywem zmian klimatu;<\/li>\n<li>oddzia\u0142ywania gatunk\u00f3w obcych i inwazyjnych;<\/li>\n<li>modelowania i analizy obrazu w kontek\u015bcie proces\u00f3w rozwojowych organizm\u00f3w \u017cywych;<\/li>\n<li>szeroko rozumianych analiz bioinformatycznych, w analizach genom\u00f3w, transkryptom\u00f3w, proteom\u00f3w czy metabolom\u00f3w oraz danych pochodz\u0105cych z analiz \u015brodowiskowych,<\/li>\n<li>modelowania sieci molekularnych oraz modelowania struktury biocz\u0105stek.<\/li>\n<\/ul>\n<p><strong>Postawione wy\u017cej cele realizowa\u0107 b\u0119dziemy w oparciu o bogat\u0105 ofert\u0119 dydaktyczn\u0105. Znajd\u0105 si\u0119 w niej nast\u0119puj\u0105ce specjalizacje: <\/strong><\/p>\n<ul>\n<li>Bioinformatyka<\/li>\n<li>Biotechnologia ro\u015blin<\/li>\n<li>Biotechnologia \u015brodowiska<\/li>\n<li>Nanobiologia<\/li>\n<li>Biologia eksperymentalna<\/li>\n<li>Biologia zwierz\u0105t i cz\u0142owieka<\/li>\n<li>Biologia og\u00f3lna &#8211; specjalno\u015b\u0107 nauczycielska<\/li>\n<li>Bior\u00f3\u017cnorodno\u015b\u0107 i waloryzacja przyrody<\/li>\n<li>Monitoring i zarz\u0105dzanie \u015brodowiskiem<\/li>\n<li>Geoekologia<\/li>\n<li>Fizykochemiczne metody w ochronie \u015brodowiska<\/li>\n<\/ul>\n<p>Jeste\u015bmy r\u00f3wnie\u017c otwarci na student\u00f3w spoza Polski, st\u0105d w naszej ofercie znajdzie si\u0119 tak\u017ce angloj\u0119zyczny kierunek <em>Biotechnology<\/em>, realizowany w ramach studi\u00f3w drugiego stopnia, w specjalno\u015bciach<em>: Environmental biotechnology<\/em> oraz <em>Plant biotechnology<\/em>.<\/p>\n<\/div>\r\n                    <\/div>\r\n                <\/div>[\/vc_column][\/vc_row]<\/p>","protected":false},"excerpt":{"rendered":"<p>[vc_row][vc_column][\/vc_column][\/vc_row][vc_row][vc_column][\/vc_column][\/vc_row][vc_row][vc_column][\/vc_column][\/vc_row] [&#8230;]<\/p>\n<p><a class=\"btn btn-secondary understrap-read-more-link\" href=\"https:\/\/us.edu.pl\/wydzial\/wnp\/ksztalcenie-w-przyszlym-centrum-biotechnologii-i-bioroznorodnosci\/\">Read More&#8230;<\/a><\/p>\n","protected":false},"author":115,"featured_media":0,"parent":0,"menu_order":0,"comment_status":"closed","ping_status":"closed","template":"","meta":{"_expiration-date-status":"","_expiration-date":0,"_expiration-date-type":"","_expiration-date-categories":[],"_expiration-date-options":[]},"acf":[],"_links":{"self":[{"href":"https:\/\/us.edu.pl\/wydzial\/wnp\/wp-json\/wp\/v2\/pages\/163434"}],"collection":[{"href":"https:\/\/us.edu.pl\/wydzial\/wnp\/wp-json\/wp\/v2\/pages"}],"about":[{"href":"https:\/\/us.edu.pl\/wydzial\/wnp\/wp-json\/wp\/v2\/types\/page"}],"author":[{"embeddable":true,"href":"https:\/\/us.edu.pl\/wydzial\/wnp\/wp-json\/wp\/v2\/users\/115"}],"replies":[{"embeddable":true,"href":"https:\/\/us.edu.pl\/wydzial\/wnp\/wp-json\/wp\/v2\/comments?post=163434"}],"version-history":[{"count":0,"href":"https:\/\/us.edu.pl\/wydzial\/wnp\/wp-json\/wp\/v2\/pages\/163434\/revisions"}],"wp:attachment":[{"href":"https:\/\/us.edu.pl\/wydzial\/wnp\/wp-json\/wp\/v2\/media?parent=163434"}],"curies":[{"name":"wp","href":"https:\/\/api.w.org\/{rel}","templated":true}]}}