{"id":176,"date":"2019-10-11T12:00:13","date_gmt":"2019-10-11T10:00:13","guid":{"rendered":"https:\/\/us.edu.pl\/wydzia\/wnp\/?page_id=176"},"modified":"2023-10-25T09:50:08","modified_gmt":"2023-10-25T07:50:08","slug":"o-wydziale","status":"publish","type":"page","link":"https:\/\/us.edu.pl\/wydzial\/wnp\/wydzial\/o-wydziale\/","title":{"rendered":"o wydziale"},"content":{"rendered":"<p>[vc_row][vc_column css=&#8221;.vc_custom_1579466077234{margin-top: 0px !important;margin-bottom: 0px !important;border-top-width: 0px !important;border-bottom-width: 0px !important;padding-top: 0px !important;padding-bottom: 0px !important;}&#8221;]\r\n                <div class=\"text-modules\">\r\n                    <div class=\"container\">\r\n                        <h3 class=\"page-title text__title\">O Wydziale<\/h3>\r\n                        <div class=\"text-modules__content\"><p><strong>Wydzia\u0142 Nauk Przyrodniczych Uniwersytetu \u015al\u0105skiego<\/strong><\/p>\n<p>W dniu 1 pa\u017adziernika 2019 roku rozpocz\u0105\u0142 dzia\u0142alno\u015b\u0107 Wydzia\u0142 Nauk Przyrodniczych, jako jeden z o\u015bmiu jednostek organizacyjnych Uniwersytetu \u015al\u0105skiego. W sk\u0142ad nowo powsta\u0142ego wydzia\u0142u wesz\u0142y dwie jednostki organizacyjne, kt\u00f3re dot\u0105d funkcjonowa\u0142y pod nazwami \u2013 Wydzia\u0142 Biologii i Ochrony \u015arodowiska oraz Wydzia\u0142 Nauk o Ziemi. Decyzja o powo\u0142aniu nowego wydzia\u0142u ma zwi\u0105zek z przyj\u0119ciem przez Senat Uniwersytetu \u015al\u0105skiego w dniu 28 maja 2019 roku nowego statutu uczelni, kt\u00f3ry jest najwa\u017cniejszym aktem prawnym dostosowuj\u0105cym wewn\u0119trzne regulacje do wymog\u00f3w nowej ustawy <em>Prawo o szkolnictwie wy\u017cszym i nauce<\/em>.<\/p>\n<p>Wydzia\u0142 Nauk Przyrodniczych jest zlokalizowany w Katowicach i w Sosnowcu. W obr\u0119bie jego struktury funkcjonuj\u0105 trzy instytuty naukowe:<\/p>\n<ul>\n<li><a href=\"https:\/\/us.edu.pl\/instytut\/ibbios\/\">Instytut Biologii, Biotechnologii i Ochrony \u015arodowiska<\/a><\/li>\n<li><a href=\"https:\/\/us.edu.pl\/instytut\/inoz\/\">Instytut Nauk o Ziemi<\/a><\/li>\n<li><a href=\"https:\/\/us.edu.pl\/instytut\/igseigp\/\">Instytut Geografii Spo\u0142eczno-Ekonomicznej i Gospodarki Przestrzennej<\/a><\/li>\n<\/ul>\n<p>Usytuowanie geograficzne Wydzia\u0142u, zmiany \u015brodowiskowe oraz post\u0119p technologiczno-naukowy kszta\u0142tuj\u0105 g\u0142\u00f3wne trendy bada\u0144 prowadzonych przez pracownik\u00f3w i student\u00f3w Wydzia\u0142u. Uzyskiwane wyniki bada\u0144 staj\u0105 si\u0119 cz\u0119sto realnym rozwi\u0105zaniem b\u0105d\u017a stanowi\u0105 istotny wk\u0142ad w realizacj\u0119 cel\u00f3w zr\u00f3wnowa\u017conego rozwoju ONZ.<\/p>\n<p>Badania naukowe prowadzone na Wydziale przek\u0142adaj\u0105 si\u0119 na bogat\u0105 ofert\u0119 dydaktyczn\u0105, co jest r\u00f3wnie\u017c r\u00f3wnoznaczne z tym, \u017ce studenci poznaj\u0105 nie tylko podstawy teoretyczne dyscyplin, ale przede wszystkim zaanga\u017cowani s\u0105 w praktyczny wymiar nauk eksperymentalnych. Studiowanie na kierunkach oferowanych przez Wydzia\u0142 zapewnia studentom nie tylko uczestniczenie w ciekawych wyk\u0142adach, praktycznych \u0107wiczeniach, laboratoriach, ale tak\u017ce w licznych zaj\u0119ciach terenowych. Na Wydziale studenci kszta\u0142c\u0105 si\u0119 na kierunkach: Biologia, Biotechnologia, Ochrona \u015brodowiska, Geografia, In\u017cynieria zagro\u017ce\u0144 \u015brodowiskowych, Turystyka, Geologia, Geologia stosowana, Geofizyka.<\/p>\n<p>Szeroko zakrojona wsp\u00f3\u0142praca z otoczeniem zar\u00f3wno w wymiarze krajowym, jak i mi\u0119dzynarodowym umo\u017cliwia rozw\u00f3j i podnoszenie kompetencji zawodowych pracownik\u00f3w i student\u00f3w Wydzia\u0142u. Wsp\u00f3\u0142praca ta zwi\u0119ksza te\u017c widzialno\u015b\u0107 Wydzia\u0142u i postrzeganie pracownik\u00f3w jako istotnych partner\u00f3w w dzia\u0142aniach wymagaj\u0105cych specjalistycznej wiedzy naukowej. Jednym z dowod\u00f3w opisywanej wsp\u00f3\u0142pracy jest fakt, \u017ce obecnie na Wydziale realizowanych jest ponad 100 projekt\u00f3w naukowych w ramach, kt\u00f3rych finansowanie bada\u0144 naukowych zosta\u0142o przyznane w post\u0119powaniach konkursowych m.in. przez Narodowe Centrum Nauki, Narodowe Centrum Bada\u0144 i Rozwoju, a tak\u017ce inne agencje finansuj\u0105ce badania. Wiele spo\u015br\u00f3d tych projekt\u00f3w opiera si\u0119 nie tylko na wsp\u00f3\u0142pracy z o\u015brodkami naukowymi w Polsce, wsp\u00f3\u0142pracy z licz\u0105cymi si\u0119 na rynku przedsi\u0119biorcami, ale tak\u017ce na wsp\u00f3\u0142pracy mi\u0119dzynarodowej z wiod\u0105cymi o\u015brodkami naukowymi. Badania realizowane w projektach naukowych podejmuj\u0105 najnowsze zagadnienia w ramach dyscyplin stanowi\u0105cych zainteresowanie pracownik\u00f3w Wydzia\u0142u. Wyniki przek\u0142adaj\u0105 si\u0119 na patenty i wdro\u017cenia nowoczesnych technologii w zakresie biotechnologii, ochrony \u015brodowiska, geologii. Ponadto pracownicy Wydzia\u0142u realizuj\u0105 i uczestnicz\u0105 w projektach maj\u0105cych na celu udoskonalenie i unowocze\u015bnienie oferty dydaktycznej dla student\u00f3w, a tak\u017ce umo\u017cliwienie studentom podnoszenia kompetencji, jak np. program PO WER.<\/p>\n<p>Spo\u0142eczno\u015b\u0107 Wydzia\u0142u Nauk Przyrodniczych z niezwyk\u0142\u0105 pasj\u0105 realizuje si\u0119 r\u00f3wnie\u017c w ramach dzia\u0142alno\u015bci popularyzacyjnej, zwracaj\u0105c uwag\u0119 spo\u0142ecze\u0144stwa na istotne i aktualne problemy. Pracownicy Wydzia\u0142u Nauk Przyrodniczych cyklicznie organizuj\u0105 wydarzenia dobrze ju\u017c osadzone w \u015bwiadomo\u015bci mieszka\u0144c\u00f3w regionu i ciesz\u0105ce si\u0119 du\u017c\u0105 popularno\u015bci\u0105, jak np. Noc Biolog\u00f3w, Dzie\u0144 Wody, Dzie\u0144 Geografa czy Fascynuj\u0105cy Dzie\u0144 Ro\u015blin.<\/p>\n<\/div>\r\n                    <\/div>\r\n                <\/div>[\/vc_column][\/vc_row][vc_row css=&#8221;.vc_custom_1580994117328{margin-top: 0px !important;margin-bottom: 0px !important;padding-top: 0px !important;padding-bottom: 0px !important;}&#8221;][vc_column width=&#8221;1\/3&#8243;]\r\n                <div class=\"text-modules\">\r\n                    <div class=\"container\">\r\n                        \r\n                        <div class=\"text-modules__content\"><\/p>\n<figure id=\"attachment_1654\" aria-describedby=\"caption-attachment-1654\" style=\"width: 300px\" class=\"wp-caption alignnone\"><img class=\"size-medium wp-image-1654\" src=\"https:\/\/us.edu.pl\/wydzial\/wnp\/wp-content\/uploads\/sites\/16\/2020\/02\/bedzinska-60-300x199.png\" alt=\"wysoki budynek , szklana elewacja, kolory szaro-granatowe wok\u00f3\u0142 du\u017co zieleni\" width=\"300\" height=\"199\" srcset=\"https:\/\/us.edu.pl\/wydzial\/wnp\/wp-content\/uploads\/sites\/16\/2020\/02\/bedzinska-60-300x199.png 300w, https:\/\/us.edu.pl\/wydzial\/wnp\/wp-content\/uploads\/sites\/16\/2020\/02\/bedzinska-60-768x510.png 768w, https:\/\/us.edu.pl\/wydzial\/wnp\/wp-content\/uploads\/sites\/16\/2020\/02\/bedzinska-60-575x382.png 575w, https:\/\/us.edu.pl\/wydzial\/wnp\/wp-content\/uploads\/sites\/16\/2020\/02\/bedzinska-60.png 904w\" sizes=\"(max-width: 300px) 100vw, 300px\" \/><figcaption id=\"caption-attachment-1654\" class=\"wp-caption-text\">Sosnowiec ul. B\u0119dzi\u0144ska 60<\/figcaption><\/figure>\n<p>\n<\/div>\r\n                    <\/div>\r\n                <\/div>[\/vc_column][vc_column width=&#8221;1\/3&#8243;]\r\n                <div class=\"text-modules\">\r\n                    <div class=\"container\">\r\n                        \r\n                        <div class=\"text-modules__content\"><\/p>\n<figure id=\"attachment_1655\" aria-describedby=\"caption-attachment-1655\" style=\"width: 300px\" class=\"wp-caption alignnone\"><img class=\"size-medium wp-image-1655\" src=\"https:\/\/us.edu.pl\/wydzial\/wnp\/wp-content\/uploads\/sites\/16\/2020\/02\/bnkowa9-300x200.png\" alt=\"czteropi\u0119trowy budynek, w kszta\u0142cie prostok\u0105ta, elewacja w kolorach szaro-ceglanych\" width=\"300\" height=\"200\" srcset=\"https:\/\/us.edu.pl\/wydzial\/wnp\/wp-content\/uploads\/sites\/16\/2020\/02\/bnkowa9-300x200.png 300w, https:\/\/us.edu.pl\/wydzial\/wnp\/wp-content\/uploads\/sites\/16\/2020\/02\/bnkowa9-768x512.png 768w, https:\/\/us.edu.pl\/wydzial\/wnp\/wp-content\/uploads\/sites\/16\/2020\/02\/bnkowa9-575x383.png 575w, https:\/\/us.edu.pl\/wydzial\/wnp\/wp-content\/uploads\/sites\/16\/2020\/02\/bnkowa9.png 900w\" sizes=\"(max-width: 300px) 100vw, 300px\" \/><figcaption id=\"caption-attachment-1655\" class=\"wp-caption-text\">Katowice ul. Bankowa 9<\/figcaption><\/figure>\n<p>\n<\/div>\r\n                    <\/div>\r\n                <\/div>[\/vc_column][vc_column width=&#8221;1\/3&#8243;]\r\n                <div class=\"text-modules\">\r\n                    <div class=\"container\">\r\n                        \r\n                        <div class=\"text-modules__content\"><\/p>\n<figure id=\"attachment_1656\" aria-describedby=\"caption-attachment-1656\" style=\"width: 300px\" class=\"wp-caption alignnone\"><img class=\"size-medium wp-image-1656\" src=\"https:\/\/us.edu.pl\/wydzial\/wnp\/wp-content\/uploads\/sites\/16\/2020\/02\/bud_jagiellonska-300x201.jpg\" alt=\"Zabytkowy budynek ze spadzistym dachem pokrytym dach\u00f3wk\u0105\" width=\"300\" height=\"201\" srcset=\"https:\/\/us.edu.pl\/wydzial\/wnp\/wp-content\/uploads\/sites\/16\/2020\/02\/bud_jagiellonska-300x201.jpg 300w, https:\/\/us.edu.pl\/wydzial\/wnp\/wp-content\/uploads\/sites\/16\/2020\/02\/bud_jagiellonska-768x515.jpg 768w, https:\/\/us.edu.pl\/wydzial\/wnp\/wp-content\/uploads\/sites\/16\/2020\/02\/bud_jagiellonska-1024x687.jpg 1024w, https:\/\/us.edu.pl\/wydzial\/wnp\/wp-content\/uploads\/sites\/16\/2020\/02\/bud_jagiellonska-575x386.jpg 575w\" sizes=\"(max-width: 300px) 100vw, 300px\" \/><figcaption id=\"caption-attachment-1656\" class=\"wp-caption-text\">Katowice ul. Jagiello\u0144ska 28<\/figcaption><\/figure>\n<p>\n<\/div>\r\n                    <\/div>\r\n                <\/div>[\/vc_column][\/vc_row]<\/p>","protected":false},"excerpt":{"rendered":"<p>[vc_row][vc_column css=&#8221;.vc_custom_1579466077234{margin-top: 0px !important;margin-bottom: 0px !important;border-top-width: 0px !important;border-bottom-width: 0px !important;padding-top: 0px !important;padding-bottom: 0px !important;}&#8221;][\/vc_column][\/vc_row][vc_row css=&#8221;.vc_custom_1580994117328{margin-top: 0px !important;margin-bottom: 0px !important;padding-top: 0px !important;padding-bottom: 0px !important;}&#8221;][vc_column width=&#8221;1\/3&#8243;][\/vc_column][vc_column width=&#8221;1\/3&#8243;][\/vc_column][vc_column width=&#8221;1\/3&#8243;][\/vc_column][\/vc_row] [&#8230;]<\/p>\n<p><a class=\"btn btn-secondary understrap-read-more-link\" href=\"https:\/\/us.edu.pl\/wydzial\/wnp\/wydzial\/o-wydziale\/\">Read More&#8230;<\/a><\/p>\n","protected":false},"author":1,"featured_media":0,"parent":460,"menu_order":1,"comment_status":"closed","ping_status":"closed","template":"page-templates\/inner-page.php","meta":{"_expiration-date-status":"","_expiration-date":0,"_expiration-date-type":"","_expiration-date-categories":[],"_expiration-date-options":[]},"acf":[],"_links":{"self":[{"href":"https:\/\/us.edu.pl\/wydzial\/wnp\/wp-json\/wp\/v2\/pages\/176"}],"collection":[{"href":"https:\/\/us.edu.pl\/wydzial\/wnp\/wp-json\/wp\/v2\/pages"}],"about":[{"href":"https:\/\/us.edu.pl\/wydzial\/wnp\/wp-json\/wp\/v2\/types\/page"}],"author":[{"embeddable":true,"href":"https:\/\/us.edu.pl\/wydzial\/wnp\/wp-json\/wp\/v2\/users\/1"}],"replies":[{"embeddable":true,"href":"https:\/\/us.edu.pl\/wydzial\/wnp\/wp-json\/wp\/v2\/comments?post=176"}],"version-history":[{"count":0,"href":"https:\/\/us.edu.pl\/wydzial\/wnp\/wp-json\/wp\/v2\/pages\/176\/revisions"}],"up":[{"embeddable":true,"href":"https:\/\/us.edu.pl\/wydzial\/wnp\/wp-json\/wp\/v2\/pages\/460"}],"wp:attachment":[{"href":"https:\/\/us.edu.pl\/wydzial\/wnp\/wp-json\/wp\/v2\/media?parent=176"}],"curies":[{"name":"wp","href":"https:\/\/api.w.org\/{rel}","templated":true}]}}