{"id":3714,"date":"2020-10-05T12:33:24","date_gmt":"2020-10-05T10:33:24","guid":{"rendered":"https:\/\/us.edu.pl\/wydzial\/wnp\/?page_id=3714"},"modified":"2026-04-09T15:01:45","modified_gmt":"2026-04-09T13:01:45","slug":"kierunki-biologiczne","status":"publish","type":"page","link":"https:\/\/us.edu.pl\/wydzial\/wnp\/student\/kierunki-biologiczne\/","title":{"rendered":"kierunki biologiczne"},"content":{"rendered":"<p>[vc_row el_class=&#8221;container&#8221;][vc_column width=&#8221;1\/2&#8243;]\r\n                <div class=\"text-modules\">\r\n                    <div class=\"container\">\r\n                        <h3 class=\"page-title text__title\">Kierunki biologiczne<\/h3>\r\n                        <div class=\"text-modules__content\"><\/div>\r\n                    <\/div>\r\n                <\/div>  <div class=\"announcements-wrap\"> \r\n\t\t\t\t\t\t\t\t\t<div class=\"announcements announcements_1\" style=\"background-color:\">\r\n                                <div class=\"section-title\">Komunikaty<\/div>\r\n                                \r\n                                <style>.boeiux.angle-list > li::before{color:  !important}<\/style><div class=\"d-flex flex-wrap\"><ul class=\"angle-list boeiux\" ><li > <a href = \"https:\/\/us.edu.pl\/wydzial\/wnp\/komunikaty\/bezplatny-webinar-pt-pewnosc-siebie-i-asertywnosc\/\" style=\"color:\"> Bezp\u0142atny webinar pt. \u201ePewno\u015b\u0107 siebie i asertywno\u015b\u0107\u201d <\/a > <\/li > <li > <a href = \"https:\/\/us.edu.pl\/wydzial\/wnp\/komunikaty\/spotkanie-dobra-praktyka-laboratoryjna-z-siecia-badawcza-lukasiewicz\/\" style=\"color:\"> Spotkanie \u2013 Dobra Praktyka Laboratoryjna z Sieci\u0105 Badawcz\u0105 \u0141ukasiewicz <\/a > <\/li > <li > <a href = \"https:\/\/us.edu.pl\/wydzial\/wnp\/komunikaty\/ii-i-iii-letnia-szkola-aquamatyki\/\" style=\"color:\"> II i III Letnia Szko\u0142a Aquamatyki <\/a > <\/li > <li > <a href = \"https:\/\/us.edu.pl\/wydzial\/wnp\/komunikaty\/wydarzenie-bk-spotkanie-informacyjne-dot-programu-legii-akademickiej-z-wojskowym-centrum-rekrutacji-w-katowicach\/\" style=\"color:\"> Wydarzenie BK: Spotkanie informacyjne dot. Programu Legii Akademickiej z Wojskowym Centrum Rekrutacji w Katowicach <\/a > <\/li > <li > <a href = \"https:\/\/us.edu.pl\/wydzial\/wnp\/komunikaty\/4005\/\" style=\"color:\">  <\/a > <\/li > <\/ul><\/div><a href = \"https:\/\/us.edu.pl\/wydzial\/wnp\/komunikaty\/\" class=\"link-button\">Wszystko<\/a>\r\n\t\t\t\t\t\t\t\t\t<\/div>\r\n\t\t\t\t\t\t\t\t<\/div>\r\n                <div class='sidebar_moduls sidebar_one_header' style='color:#FFFFFF;background-color: #002E5A'>\r\n                    <a href='https:\/\/us.edu.pl\/wydzial\/wnp\/student\/kierunki-biologiczne\/plany-zajec\/' class='link'>Plany zaj\u0119\u0107 - semestr letni 2025\/2026<\/a>\r\n                <\/div>\r\n                <div class=\"text-modules\">\r\n                    <div class=\"container\">\r\n                        \r\n                        <div class=\"text-modules__content\"><p><span style=\"font-size: 12pt;\"><strong>DOKUMENTY<\/strong><\/span><\/p>\n<p><span style=\"font-size: 12pt;\"><a href=\"https:\/\/us.edu.pl\/wydzial\/wnp\/wp-content\/uploads\/sites\/16\/Nieprzypisane\/WNP_KB_Regulamin-zaj\u0119\u0107-w-systemie-zdalnym_kierunki-biologiczne.pdf\" class=\"mtli_attachment mtli_pdf\" data-mtli=\"mtli_filesize179,00kB\" class=\"mtli_attachment mtli_pdf\" data-mtli=\"mtli_filesize179,00kB\">Regulamin zaj\u0119\u0107 w systemie zdalnym &#8211; kierunki biologiczne<\/a><\/span><\/p>\n<style type=\"text\/css\">a[data-mtli~=\"mtli_filesize179,00kB\"]:after {content:\" (179,00 kB)\"}<\/style><\/div>\r\n                    <\/div>\r\n                <\/div>[\/vc_column][vc_column width=&#8221;1\/2&#8243;]\r\n                <div class=\"tiles-section\" style=\"background: #EBEBEB\">\r\n                    <div class=\"container\">\r\n                        <div class=\"tiles tiles-3\">\r\n\r\n                            <a href=\"https:\/\/us.edu.pl\/wydzial\/wnp\/student\/kierunki-biologiczne\/4336-2\/\" class=\"tile tile_info\" style=\"background-color: #ffffff;  \">\r\n                                 <div class=\"tile_info__title\">rada dydaktyczna<\/div>\r\n                                \r\n                            <\/a>\r\n\r\n                            <a href=\"https:\/\/us.edu.pl\/wydzial\/wnp\/student\/kierunki-biologiczne\/opiekunowie\/\" class=\"tile tile_info\" style=\"background-color: #ffffff;  \">\r\n                                 <div class=\"tile_info__title\">opiekunowie<\/div>\r\n                                \r\n                            <\/a>\r\n\r\n                            <a href=\"https:\/\/us.edu.pl\/wydzial\/wnp\/student\/kierunki-biologiczne\/konsultacje\/\" class=\"tile tile_info\" style=\"background-color: #ffffff;  \">\r\n                                 <div class=\"tile_info__title\">konsultacje<\/div>\r\n                                \r\n                            <\/a>\r\n\r\n                            <a href=\"https:\/\/us.edu.pl\/wydzial\/wnp\/student\/kierunki-biologiczne\/cwiczenia-terenowe\/\" class=\"tile tile_info\" style=\"background-color: #ffffff;  \">\r\n                                 <div class=\"tile_info__title\">\u0107wiczenia terenowe<\/div>\r\n                                \r\n                            <\/a>\r\n\r\n                            <a href=\"https:\/\/us.edu.pl\/wydzial\/wnp\/student\/kierunki-biologiczne\/praktyki-zawodowe\/\" class=\"tile tile_info\" style=\"background-color: #ffffff;  \">\r\n                                 <div class=\"tile_info__title\">praktyki zawodowe<\/div>\r\n                                \r\n                            <\/a>\r\n\r\n                            <a href=\"https:\/\/us.edu.pl\/wydzial\/wnp\/student\/kierunki-biologiczne\/wymogi-prac-dyplomowych\/\" class=\"tile tile_info\" style=\"background-color: #ffffff;  \">\r\n                                 <div class=\"tile_info__title\">prace dyplomowe<\/div>\r\n                                \r\n                            <\/a>\r\n\r\n                            <a href=\"https:\/\/informator.us.edu.pl\/programmes\/list\/all\/BI\/\" class=\"tile tile_info\" style=\"background-color: #ffffff;  \">\r\n                                 <div class=\"tile_info__title\">karta kierunku<\/div>\r\n                                <div class=\"tile_info__subtitle\">biologia<\/div>\r\n                            <\/a>\r\n\r\n                            <a href=\"https:\/\/informator.us.edu.pl\/programmes\/list\/all\/BT\/\" class=\"tile tile_info\" style=\"background-color: #ffffff;  \">\r\n                                 <div class=\"tile_info__title\">karta kierunku<\/div>\r\n                                <div class=\"tile_info__subtitle\">biotechnologia<\/div>\r\n                            <\/a>\r\n\r\n                            <a href=\"https:\/\/informator.us.edu.pl\/programmes\/list\/all\/BT\/\" class=\"tile tile_info\" style=\"background-color: #ffffff;  \">\r\n                                 <div class=\"tile_info__title\">karta kierunku<\/div>\r\n                                <div class=\"tile_info__subtitle\">biotechnology<\/div>\r\n                            <\/a>\r\n\r\n                            <a href=\"https:\/\/informator.us.edu.pl\/programmes\/list\/all\/OS\/\" class=\"tile tile_info\" style=\"background-color: #ffffff;  \">\r\n                                 <div class=\"tile_info__title\">karta kierunku<\/div>\r\n                                <div class=\"tile_info__subtitle\">ochrona \u015brodowiska<\/div>\r\n                            <\/a><\/div>\r\n                    <\/div>\r\n                <\/div>[\/vc_column][\/vc_row]<\/p>\n<style type=\"text\/css\">a[data-mtli~=\"mtli_filesize179,00kB\"]:after {content:\" (179,00 kB)\"}<\/style>","protected":false},"excerpt":{"rendered":"<p>[vc_row el_class=&#8221;container&#8221;][vc_column width=&#8221;1\/2&#8243;][\/vc_column][vc_column width=&#8221;1\/2&#8243;][\/vc_column][\/vc_row] [&#8230;]<\/p>\n<p><a class=\"btn btn-secondary understrap-read-more-link\" href=\"https:\/\/us.edu.pl\/wydzial\/wnp\/student\/kierunki-biologiczne\/\">Read More&#8230;<\/a><\/p>\n","protected":false},"author":115,"featured_media":0,"parent":3732,"menu_order":1,"comment_status":"closed","ping_status":"closed","template":"","meta":{"_expiration-date-status":"","_expiration-date":0,"_expiration-date-type":"","_expiration-date-categories":[],"_expiration-date-options":[]},"acf":[],"_links":{"self":[{"href":"https:\/\/us.edu.pl\/wydzial\/wnp\/wp-json\/wp\/v2\/pages\/3714"}],"collection":[{"href":"https:\/\/us.edu.pl\/wydzial\/wnp\/wp-json\/wp\/v2\/pages"}],"about":[{"href":"https:\/\/us.edu.pl\/wydzial\/wnp\/wp-json\/wp\/v2\/types\/page"}],"author":[{"embeddable":true,"href":"https:\/\/us.edu.pl\/wydzial\/wnp\/wp-json\/wp\/v2\/users\/115"}],"replies":[{"embeddable":true,"href":"https:\/\/us.edu.pl\/wydzial\/wnp\/wp-json\/wp\/v2\/comments?post=3714"}],"version-history":[{"count":0,"href":"https:\/\/us.edu.pl\/wydzial\/wnp\/wp-json\/wp\/v2\/pages\/3714\/revisions"}],"up":[{"embeddable":true,"href":"https:\/\/us.edu.pl\/wydzial\/wnp\/wp-json\/wp\/v2\/pages\/3732"}],"wp:attachment":[{"href":"https:\/\/us.edu.pl\/wydzial\/wnp\/wp-json\/wp\/v2\/media?parent=3714"}],"curies":[{"name":"wp","href":"https:\/\/api.w.org\/{rel}","templated":true}]}}