{"id":3736,"date":"2020-10-05T13:36:31","date_gmt":"2020-10-05T11:36:31","guid":{"rendered":"https:\/\/us.edu.pl\/wydzial\/wnp\/?page_id=3736"},"modified":"2026-03-26T12:15:54","modified_gmt":"2026-03-26T11:15:54","slug":"kola-naukowe","status":"publish","type":"page","link":"https:\/\/us.edu.pl\/wydzial\/wnp\/student\/kola-naukowe\/","title":{"rendered":"ko\u0142a naukowe"},"content":{"rendered":"<p>[vc_row][vc_column]\r\n                <div class=\"text-modules\">\r\n                    <div class=\"container\">\r\n                        \r\n                        <div class=\"text-modules__content\"><p><strong>Ko\u0142a Naukowe<\/strong><\/p>\n<p><strong>SKN Geograf\u00f3w<\/strong> \u2013 dr Maksymilian Solarski<\/p>\n<p><strong>SKN Geolog\u00f3w<\/strong>&#8211; dr Krzysztof Gaidzik<\/p>\n<p><strong>KN Mineralog\u00f3w \u201eHELIODOR\u201d<\/strong> \u2013 dr Eligiusz Sze\u0142\u0119g<\/p>\n<p><strong>KN Paleontolog\u00f3w \u201ePARADOXIDES\u201d<\/strong> \u2013 dr hab. Micha\u0142 Rakoci\u0144ski, prof. U\u015a<\/p>\n<p><strong>SKNP \u201eDENALI\u201d<\/strong> \u2013 dr Marta Chmielewska<\/p>\n<p><strong>SKN Hydrogeolog\u00f3w \u201eAQUA\u201d<\/strong> \u2013 p.o. dr Kinga \u015al\u00f3sarczyk<\/p>\n<p><strong>SKN-GIS<\/strong> \u2013 dr Agnieszka Piechota<\/p>\n<p><strong>Ko\u0142o Naukowe Zoolog\u00f3w FAUNATYCY<\/strong> &#8211; dr hab. \u0141ukasz Depa prof. U\u015a<\/p>\n<p><strong>Interdyscyplinarne\u00a0Ko\u0142o\u00a0Naukowe\u00a0Przyrodnik\u00f3w\u00a0Planeta<\/strong><br \/>\nopiekun:\u00a0dr\u00a0hab.\u00a0prof.\u00a0U\u015a\u00a0Zbigniew\u00a0Wilczek<br \/>\nSekcja\u00a0Biologii\u00a0\u015arodowiskowej:\u00a0mgr\u00a0Mariusz\u00a0Wierzgo\u0144<br \/>\nSekcja\u00a0Biologii\u00a0Eksperymentalnej:\u00a0dr\u00a0Krzysztof\u00a0Sitko<\/p>\n<p><strong>Ko\u0142o Naukowe Botanik\u00f3w Flora<\/strong>\u00a0\u00a0 dr Teresa Nowak<\/p>\n<\/div>\r\n                    <\/div>\r\n                <\/div>[\/vc_column][\/vc_row]<\/p>","protected":false},"excerpt":{"rendered":"<p>[vc_row][vc_column][\/vc_column][\/vc_row] [&#8230;]<\/p>\n<p><a class=\"btn btn-secondary understrap-read-more-link\" href=\"https:\/\/us.edu.pl\/wydzial\/wnp\/student\/kola-naukowe\/\">Read More&#8230;<\/a><\/p>\n","protected":false},"author":115,"featured_media":0,"parent":3732,"menu_order":7,"comment_status":"closed","ping_status":"closed","template":"page-templates\/inner-page.php","meta":{"_expiration-date-status":"","_expiration-date":0,"_expiration-date-type":"","_expiration-date-categories":[],"_expiration-date-options":[]},"acf":[],"_links":{"self":[{"href":"https:\/\/us.edu.pl\/wydzial\/wnp\/wp-json\/wp\/v2\/pages\/3736"}],"collection":[{"href":"https:\/\/us.edu.pl\/wydzial\/wnp\/wp-json\/wp\/v2\/pages"}],"about":[{"href":"https:\/\/us.edu.pl\/wydzial\/wnp\/wp-json\/wp\/v2\/types\/page"}],"author":[{"embeddable":true,"href":"https:\/\/us.edu.pl\/wydzial\/wnp\/wp-json\/wp\/v2\/users\/115"}],"replies":[{"embeddable":true,"href":"https:\/\/us.edu.pl\/wydzial\/wnp\/wp-json\/wp\/v2\/comments?post=3736"}],"version-history":[{"count":0,"href":"https:\/\/us.edu.pl\/wydzial\/wnp\/wp-json\/wp\/v2\/pages\/3736\/revisions"}],"up":[{"embeddable":true,"href":"https:\/\/us.edu.pl\/wydzial\/wnp\/wp-json\/wp\/v2\/pages\/3732"}],"wp:attachment":[{"href":"https:\/\/us.edu.pl\/wydzial\/wnp\/wp-json\/wp\/v2\/media?parent=3736"}],"curies":[{"name":"wp","href":"https:\/\/api.w.org\/{rel}","templated":true}]}}