{"id":4119,"date":"2020-11-15T20:07:07","date_gmt":"2020-11-15T19:07:07","guid":{"rendered":"https:\/\/us.edu.pl\/wydzial\/wnp\/?page_id=4119"},"modified":"2026-03-26T13:52:25","modified_gmt":"2026-03-26T12:52:25","slug":"pelnomocnicy-dziekana","status":"publish","type":"page","link":"https:\/\/us.edu.pl\/wydzial\/wnp\/wydzial\/pelnomocnicy-dziekana\/","title":{"rendered":"pe\u0142nomocnicy Dziekana"},"content":{"rendered":"<p>[vc_row][vc_column]\r\n                <div class=\"text-modules\">\r\n                    <div class=\"container\">\r\n                        <h3 class=\"page-title text__title\">Pe\u0142nomocnicy Dziekana<\/h3>\r\n                        <div class=\"text-modules__content\"><\/div>\r\n                    <\/div>\r\n                <\/div>[\/vc_column][\/vc_row][vc_row][vc_column]\r\n                <div class=\"text-modules reverse\">\r\n                    <div class=\"container\">\r\n                         \r\n                        <div class=\"row m-0\">\r\n                            <div class=\"text-modules__content\">\r\n                                <strong>Pe\u0142nomocnik ds. wsp\u00f3\u0142pracy mi\u0119dzynarodowej <\/strong><\/p>\n<p><strong>dr hab. Anna Urbisz<\/strong><\/p>\n<p><span lang=\"EN-GB\">tel. (32) 359 1376<\/span><\/p>\n<p>e-mail: <a href=\"mailto:anna.urbisz@us.edu.pl\">anna.urbisz@us.edu.pl<\/a><\/p>\n<div class=\"mt-3\"><\/div>\r\n                            <\/div>\r\n                            \r\n                            \r\n                        <\/div>\r\n                    <\/div>\r\n                <\/div>\r\n                <div class=\"text-modules reverse\">\r\n                    <div class=\"container\">\r\n                         \r\n                        <div class=\"row m-0\">\r\n                            <div class=\"text-modules__content\">\r\n                                <strong>Pe\u0142nomocnik ds. kszta\u0142cenia na odleg\u0142o\u015b\u0107 (kampus w Sosnowcu) \u00a0<\/strong><\/p>\n<p><strong>Pe\u0142nomocnik ds. studenckich (kampus w Sosnowcu)<\/strong><\/p>\n<p><strong>dr hab. S\u0142awomir Pytel, prof. U\u015a<\/strong><\/p>\n<p>tel. 32\u00a036 89\u00a0213<\/p>\n<p>e-mail:\u00a0<a href=\"mailto:slawomir.pytel@us.edu.pl\">slawomir.pytel@us.edu.p<\/a> \r\n                                <div class=\"mt-3\"><\/div>\r\n                            <\/div>\r\n                            \r\n                            \r\n                        <\/div>\r\n                    <\/div>\r\n                <\/div>\r\n                <div class=\"text-modules reverse\">\r\n                    <div class=\"container\">\r\n                         \r\n                        <div class=\"row m-0\">\r\n                            <div class=\"text-modules__content\">\r\n                                <strong>Pe\u0142nomocnik ds. kszta\u0142cenia na odleg\u0142o\u015b\u0107 (kampus w Katowicach)<\/strong><\/p>\n<p><strong>Pe\u0142nomocnik ds. studenckich (kampus w Katowicach)<\/strong><\/p>\n<p><strong>dr Izabela Gre\u0144<\/strong><\/p>\n<p>tel. 32\u00a0200 95 76<\/p>\n<p>e-mail:\u00a0<a href=\"mailto:izabela.gren@us.edu.pl\">izabela.gren@us.edu.pl<\/a> \r\n                                <div class=\"mt-3\"><\/div>\r\n                            <\/div>\r\n                            \r\n                            \r\n                        <\/div>\r\n                    <\/div>\r\n                <\/div>\r\n                <div class=\"text-modules reverse\">\r\n                    <div class=\"container\">\r\n                         \r\n                        <div class=\"row m-0\">\r\n                            <div class=\"text-modules__content\">\r\n                                <strong>Pe\u0142nomocnik ds. jako\u015bci kszta\u0142cenia i akredytacji<\/strong><\/p>\n<p><strong>dr hab. <\/strong><strong>Danuta Smo\u0142ka-Danielowska, prof. U\u015a<\/strong><\/p>\n<p>tel. 32\u00a036 89\u00a0454<\/p>\n<p>e-mail:\u00a0<a href=\"mailto:danuta.smolka-danielowska@us.edu.pl\">danuta.smolka-danielowska@us.edu.pl<\/a> \r\n                                <div class=\"mt-3\"><\/div>\r\n                            <\/div>\r\n                            \r\n                            \r\n                        <\/div>\r\n                    <\/div>\r\n                <\/div>\r\n                <div class=\"text-modules reverse\">\r\n                    <div class=\"container\">\r\n                         \r\n                        <div class=\"row m-0\">\r\n                            <div class=\"text-modules__content\">\r\n                                <strong>Pe\u0142nomocnik ds. widzialno\u015bci kierunk\u00f3w studi\u00f3w<\/strong><\/p>\n<p><strong>dr Marta Chmielewska<\/strong><\/p>\n<p>tel. 32 3689379<\/p>\n<p>e-mail: <a href=\"mailto:marta.chmielewska@us.edu.pl\">marta.chmielewska@us.edu.pl<\/a><\/p>\n<div class=\"mt-3\"><\/div>\r\n                            <\/div>\r\n                            \r\n                            \r\n                        <\/div>\r\n                    <\/div>\r\n                <\/div>[\/vc_column][\/vc_row][vc_row][vc_column]\r\n                <div class=\"text-modules \">\r\n                    <div class=\"container\">\r\n                         \r\n                        <div class=\"row m-0\">\r\n                            <div class=\"text-modules__content\">\r\n                                <strong>Pe\u0142nomocnik ds. BHP (kampus w Sosnowcu)<\/strong><\/p>\n<p><b>mgr in\u017c. Gra\u017cyna Rusin<\/b><\/p>\n<p>tel. 32 36 89 441<\/p>\n<p>e-mail:\u00a0<a href=\"mailto:martyna.rzetala@us.edu.pl\">grazyna.rusin@us.edu.pl<\/a> \r\n                                <div class=\"mt-3\"><\/div>\r\n                            <\/div>\r\n                            \r\n                            \r\n                        <\/div>\r\n                    <\/div>\r\n                <\/div>[\/vc_column][\/vc_row]<\/p>","protected":false},"excerpt":{"rendered":"<p>[vc_row][vc_column][\/vc_column][\/vc_row][vc_row][vc_column][\/vc_column][\/vc_row][vc_row][vc_column][\/vc_column][\/vc_row] [&#8230;]<\/p>\n<p><a class=\"btn btn-secondary understrap-read-more-link\" href=\"https:\/\/us.edu.pl\/wydzial\/wnp\/wydzial\/pelnomocnicy-dziekana\/\">Read More&#8230;<\/a><\/p>\n","protected":false},"author":115,"featured_media":0,"parent":460,"menu_order":6,"comment_status":"closed","ping_status":"closed","template":"page-templates\/inner-page.php","meta":{"_expiration-date-status":"","_expiration-date":0,"_expiration-date-type":"","_expiration-date-categories":[],"_expiration-date-options":[]},"acf":[],"_links":{"self":[{"href":"https:\/\/us.edu.pl\/wydzial\/wnp\/wp-json\/wp\/v2\/pages\/4119"}],"collection":[{"href":"https:\/\/us.edu.pl\/wydzial\/wnp\/wp-json\/wp\/v2\/pages"}],"about":[{"href":"https:\/\/us.edu.pl\/wydzial\/wnp\/wp-json\/wp\/v2\/types\/page"}],"author":[{"embeddable":true,"href":"https:\/\/us.edu.pl\/wydzial\/wnp\/wp-json\/wp\/v2\/users\/115"}],"replies":[{"embeddable":true,"href":"https:\/\/us.edu.pl\/wydzial\/wnp\/wp-json\/wp\/v2\/comments?post=4119"}],"version-history":[{"count":0,"href":"https:\/\/us.edu.pl\/wydzial\/wnp\/wp-json\/wp\/v2\/pages\/4119\/revisions"}],"up":[{"embeddable":true,"href":"https:\/\/us.edu.pl\/wydzial\/wnp\/wp-json\/wp\/v2\/pages\/460"}],"wp:attachment":[{"href":"https:\/\/us.edu.pl\/wydzial\/wnp\/wp-json\/wp\/v2\/media?parent=4119"}],"curies":[{"name":"wp","href":"https:\/\/api.w.org\/{rel}","templated":true}]}}