{"id":6291,"date":"2022-03-07T22:19:04","date_gmt":"2022-03-07T21:19:04","guid":{"rendered":"https:\/\/us.edu.pl\/wydzial\/wnp\/?page_id=6291"},"modified":"2023-12-18T13:05:17","modified_gmt":"2023-12-18T12:05:17","slug":"ceepus-2","status":"publish","type":"page","link":"https:\/\/us.edu.pl\/wydzial\/wnp\/nauka\/wymiana-akademicka\/ceepus-2\/","title":{"rendered":"ceepus"},"content":{"rendered":"<p>[vc_row][vc_column]\r\n                <div class=\"text-modules reverse\">\r\n                    <div class=\"container\">\r\n                        <h3 class=\"section-title section-title_border-bottom\">CEEPUS<\/h3> \r\n                        <div class=\"row m-0\">\r\n                            <div class=\"text-modules__content\">\r\n                                <strong>Dla kogo:<\/strong>\u00a0studenci, doktoranci, nauczyciele akademiccy.<\/p>\n<div class=\"mt-3\"><\/div>\r\n                            <\/div>\r\n                            \r\n                            <div class=\"text-modules__img\"><img src=\"https:\/\/us.edu.pl\/wydzial\/wnp\/wp-content\/uploads\/sites\/16\/Bez-kategorii\/Logo_EUROGeoSci.jpg\" alt=\"img\"><\/div>\r\n                        <\/div>\r\n                    <\/div>\r\n                <\/div>\r\n                <div class=\"text-modules\">\r\n                    <div class=\"container\">\r\n                        \r\n                        <div class=\"text-modules__content\"><p><strong>Informacje: <\/strong>CEEPUS to \u015arodkowoeuropejski Program Wymiany Uniwersyteckiej (Central European Exchange Program for University Studies). Program ten jest pierwszym programem wsp\u00f3\u0142pracy wielostronnej w dziedzinie edukacji kraj\u00f3w Europy \u015arodkowej, ustanowionym na podstawie umowy mi\u0119dzynarodowej (<a href=\"https:\/\/www.ceepus.info\/\">https:\/\/www.ceepus.info\/<\/a>, \u00a0<a href=\"https:\/\/nawa.gov.pl\/naukowcy\/ceepus\">https:\/\/nawa.gov.pl\/naukowcy\/ceepus<\/a>).<\/p>\n<p>Celem Programu CEEPUS jest wspieranie wymiany akademickiej w zakresie kszta\u0142cenia oraz doskonalenia zawodowego student\u00f3w, doktorant\u00f3w i nauczycieli akademickich. Poprzez finansowanie mobilno\u015bci akademickich, program umo\u017cliwia intensyfikacj\u0119 kontakt\u00f3w mi\u0119dzy szko\u0142ami wy\u017cszymi kraj\u00f3w b\u0119d\u0105cych stronami porozumienia.<\/p>\n<p><strong>Jak aplikowa\u0107<\/strong>: Program CEEPUS umo\u017cliwia wymian\u0119 student\u00f3w, doktorant\u00f3w\u00a0 \u00a0 i nauczycieli akademickich pomi\u0119dzy uniwersytetami partnerskimi (w ramach istniej\u0105cej w instytucie sieci uczelni partnerskich &#8211; CEEPUS Network) oraz jako Freemover.<\/p>\n<p><strong>CEEPUS Network<\/strong><\/p>\n<p>Osoby zainteresowane wyjazdem w ramach sieci uczelni partnerskich powinny zg\u0142osi\u0107 ch\u0119\u0107 wyjazdu koordynatorowi Programu CEEPUS w INoZ do 30 listopada roku kalendarzowego poprzedzaj\u0105cego rok akademicki, w kt\u00f3rym planowany jest wyjazd (przyk\u0142adowo, je\u015bli wyjazd planowany jest w roku akademickim 2024\/25, ch\u0119\u0107 wyjazdu nale\u017cy zg\u0142osi\u0107 przed 30 listopada 2023 roku).<\/p>\n<p>Instytut Nauk o Ziemi U\u015a jest cz\u0142onkiem sieci <strong>Earth-Science Studies in Central and South-Eastern Europe <\/strong>\u00a0&#8211; RS-0038-00-2425 (EURO Geo-Sci), obejmuj\u0105cej nast\u0119puj\u0105ce uczelnie partnerskie (<a href=\"https:\/\/ceepus.rgf.bg.ac.rs\/?page_id=64\">https:\/\/ceepus.rgf.bg.ac.rs\/?page_id=64<\/a>):<\/p>\n<ul>\n<li style=\"text-align: left;\">University of Belgrade, Faculty of Mining and Geology, Division of Geology, Serbia \u2013 koordynator sieci;<\/li>\n<li style=\"text-align: left;\">Polytechnic University of Tirana, Faculty of Geology and Mining, Albania;<\/li>\n<li style=\"text-align: left;\">University of Innsbruck, Faculty of Geo- and Atmospheric Sciences, Austria;<\/li>\n<li style=\"text-align: left;\">Paris Lodron University of Salzburg, Department of Environment and Biodiversity, Austria;<\/li>\n<li style=\"text-align: left;\">Montanuniversit\u00e4t Leoben, Department of Applied Geosciences and Geophysics, Austria;<\/li>\n<li style=\"text-align: left;\">University of Vienna, Faculty of Earth Sciences, Geography and Astronomy, Austria;<\/li>\n<li style=\"text-align: left;\">University of Tuzla, Faculty of Mining, Geology and Civil Engineering, Bo\u015bnia i Hercegowina;<\/li>\n<li style=\"text-align: left;\">University of Zagreb, Faculty of Science, Chorwacja;<\/li>\n<li style=\"text-align: left;\">University of Zagreb, Faculty of Mining, Geology and Petroleum Engineering, Chorwacja;<\/li>\n<li style=\"text-align: left;\">Masaryk University in Brno, Department of Geological Sciences, Czechy;<\/li>\n<li style=\"text-align: left;\">Babes-Bolyai University Cluj-Napoca, Department of Mineralogy, Rumunia;<\/li>\n<li style=\"text-align: left;\">Alexandru Ioan Cuza University of Iasi, Department Geology and Geochemistry, Rumunia;<\/li>\n<li style=\"text-align: left;\">Comenius University in Bratislava, Department of Mineralogy and Petrology, S\u0142owacja;<\/li>\n<li style=\"text-align: left;\">Technical University in Ko\u0161ice, Institute of Geosciences, S\u0142owacja;<\/li>\n<li style=\"text-align: left;\">University of Ljubljana, Faculty of Natural Sciences and Engineering, Department of Geology, S\u0142owenia;<\/li>\n<li style=\"text-align: left;\">E\u00f6tv\u00f6s Lorand University Budapest, Institute of Geology, W\u0119gry.<\/li>\n<\/ul>\n<p><strong>Freemover<\/strong><\/p>\n<p>Stypendia Freemover przeznaczone s\u0105 dla student\u00f3w, doktorant\u00f3w oraz pracownik\u00f3w naukowych \u00a0\u00a0\u00a0z kraj\u00f3w cz\u0142onkowskich programu CEEPUS (Albania, Austria, Bu\u0142garia, Chorwacja, Czarnog\u00f3ra, Czechy, Macedonia, Mo\u0142dawia, Rumunia, Polska, S\u0142owacja, S\u0142owenia, Serbia, W\u0119gry, Bo\u015bnia i Hercegowina oraz Kosowo \u2013 Uniwersytet w Prisztinie), kt\u00f3rych jednostki macierzyste (instytuty) nie nale\u017c\u0105 do \u017cadnej sieci (CEEPUS Network) lub nie nale\u017c\u0105 do sieci, z kt\u00f3rej oferty chce skorzysta\u0107 osoba aplikuj\u0105ca. Stypendia te s\u0105 przyznawane wy\u0142\u0105cznie na semestr letni.<\/p>\n<p><a href=\"https:\/\/nawa.gov.pl\/images\/CEEPUS\/2018-Oferta-Freemover-CEEPUS-NAWA.pdf\" class=\"mtli_attachment mtli_pdf\" class=\"mtli_attachment mtli_pdf\">https:\/\/nawa.gov.pl\/images\/CEEPUS\/2018-Oferta-Freemover-CEEPUS-NAWA.pdf<\/a><\/p>\n<p><strong>Typy mobilno\u015bci ze wzgl\u0119du na d\u0142ugo\u015b\u0107 pobytu:<\/strong><\/p>\n<p>1)\u00a0 wyjazdy na studia cz\u0119\u015bciowe: studenci (3-10 miesi\u0119cy), doktoranci (3-10 miesi\u0119cy z mo\u017cliwo\u015bci\u0105 przed\u0142u\u017cenia);<\/p>\n<p>2)\u00a0 wyjazdy kr\u00f3tkoterminowe: studenci i doktoranci (21 &#8211; 30 dni, np. szko\u0142y letnie, intensywne kursy);<\/p>\n<p>3)\u00a0 wyjazdy w celu prowadzenia zaj\u0119\u0107: nauczyciele akademiccy (5-30 dni, 6 godzin zaj\u0119\u0107 akademickich\/tydzie\u0144).<\/p>\n<p><a href=\"https:\/\/nawa.gov.pl\/images\/CEEPUS\/2021-02-08-Zasady-Realizacji-CEEPUS-NAWA-2021-PUB.PDF\" class=\"mtli_attachment mtli_pdf\" class=\"mtli_attachment mtli_pdf\">https:\/\/nawa.gov.pl\/images\/CEEPUS\/2021-02-08-Zasady-Realizacji-CEEPUS-NAWA-2021-PUB.PDF<\/a><\/p>\n<p><strong>Stypendium<\/strong><\/p>\n<p>Stypendium jest wyp\u0142acane przez kraj przyjmuj\u0105cy. Aktualn\u0105 wysoko\u015b\u0107 stypendium mo\u017cna sprawdzi\u0107 na stronie <a href=\"http:\/\/www.ceepus.info\">www.ceepus.info<\/a>.<\/p>\n<p>ZACH\u0118CAMY DO UDZIA\u0141U W PROGRAMIE !!!<\/p>\n<p>Szczeg\u00f3\u0142owych informacji udziela koordynator Programu CEEPUS w INoZ:<\/p>\n<p>dr hab. Jolanta Burda, prof. U\u015a (<a href=\"mailto:jolanta.burda@us.edu.pl\">jolanta.burda@us.edu.pl<\/a>)<\/p>\n<\/div>\r\n                    <\/div>\r\n                <\/div>[\/vc_column][\/vc_row]<\/p>","protected":false},"excerpt":{"rendered":"<p>[vc_row][vc_column][\/vc_column][\/vc_row] [&#8230;]<\/p>\n<p><a class=\"btn btn-secondary understrap-read-more-link\" href=\"https:\/\/us.edu.pl\/wydzial\/wnp\/nauka\/wymiana-akademicka\/ceepus-2\/\">Read More&#8230;<\/a><\/p>\n","protected":false},"author":115,"featured_media":0,"parent":6275,"menu_order":0,"comment_status":"closed","ping_status":"closed","template":"page-templates\/inner-page.php","meta":{"_expiration-date-status":"","_expiration-date":0,"_expiration-date-type":"","_expiration-date-categories":[],"_expiration-date-options":[]},"acf":[],"_links":{"self":[{"href":"https:\/\/us.edu.pl\/wydzial\/wnp\/wp-json\/wp\/v2\/pages\/6291"}],"collection":[{"href":"https:\/\/us.edu.pl\/wydzial\/wnp\/wp-json\/wp\/v2\/pages"}],"about":[{"href":"https:\/\/us.edu.pl\/wydzial\/wnp\/wp-json\/wp\/v2\/types\/page"}],"author":[{"embeddable":true,"href":"https:\/\/us.edu.pl\/wydzial\/wnp\/wp-json\/wp\/v2\/users\/115"}],"replies":[{"embeddable":true,"href":"https:\/\/us.edu.pl\/wydzial\/wnp\/wp-json\/wp\/v2\/comments?post=6291"}],"version-history":[{"count":0,"href":"https:\/\/us.edu.pl\/wydzial\/wnp\/wp-json\/wp\/v2\/pages\/6291\/revisions"}],"up":[{"embeddable":true,"href":"https:\/\/us.edu.pl\/wydzial\/wnp\/wp-json\/wp\/v2\/pages\/6275"}],"wp:attachment":[{"href":"https:\/\/us.edu.pl\/wydzial\/wnp\/wp-json\/wp\/v2\/media?parent=6291"}],"curies":[{"name":"wp","href":"https:\/\/api.w.org\/{rel}","templated":true}]}}