{"id":181957,"date":"2025-09-18T08:38:10","date_gmt":"2025-09-18T06:38:10","guid":{"rendered":"https:\/\/us.edu.pl\/wydzial\/wns\/?post_type=komunikaty&#038;p=181957"},"modified":"2025-09-18T08:38:10","modified_gmt":"2025-09-18T06:38:10","slug":"3-pazdziernika-br-dniem-rektorskim-dla-studentek-i-studentow-pierwszego-roku-studiow-pierwszego-i-drugiego-stopnia-oraz-jednolitych-studiow-magisterskich","status":"publish","type":"komunikaty","link":"https:\/\/us.edu.pl\/wydzial\/wns\/komunikaty\/3-pazdziernika-br-dniem-rektorskim-dla-studentek-i-studentow-pierwszego-roku-studiow-pierwszego-i-drugiego-stopnia-oraz-jednolitych-studiow-magisterskich\/","title":{"rendered":"3 pa\u017adziernika br. dniem rektorskim dla studentek i student\u00f3w pierwszego roku, studi\u00f3w pierwszego i drugiego stopnia oraz jednolitych studi\u00f3w magisterskich"},"content":{"rendered":"<p>[vc_row][vc_column]\r\n                <div class=\"text-modules\">\r\n                    <div class=\"container\">\r\n                        \r\n                        <div class=\"text-modules__content\"><p>W zwi\u0105zku z organizacj\u0105 DNIA ADAPTACYJNEGO 2025 na wniosek Samorz\u0105du Studenckiego Uniwersytetu \u015al\u0105skiego w Katowicach oraz Centrum Obs\u0142ugi Student\u00f3w dzie\u0144 <strong>3 pa\u017adziernika 2025 r.<\/strong> (pi\u0105tek) og\u0142oszony zosta\u0142 dniem rektorskim dla studentek i student\u00f3w pierwszego roku, studi\u00f3w pierwszego i drugiego stopnia oraz jednolitych studi\u00f3w magisterskich.<\/p>\n<p><a href=\"https:\/\/us.edu.pl\/wydzial\/wns\/wp-content\/uploads\/sites\/17\/Bez-kategorii\/komunikat_dzien-adapt_10_25.pdf\" class=\"mtli_attachment mtli_pdf\" data-mtli=\"mtli_filesize580,06kB\" class=\"mtli_attachment mtli_pdf\" data-mtli=\"mtli_filesize580,06kB\">Komunikat<\/a><\/p>\n<p>&nbsp;<\/p>\n<p>W tym dniu zamiast zaj\u0119\u0107 dydaktycznych organizowana b\u0119dzie gra terenowa, spotkania z ko\u0142ami naukowymi i organizacjami studenckimi oraz grill organizowany przez samorz\u0105d.<\/p>\n<p>\n<style type=\"text\/css\">a[data-mtli~=\"mtli_filesize580,06kB\"]:after {content:\" (580,06 kB)\"}<\/style><\/div>\r\n                    <\/div>\r\n                <\/div>[\/vc_column][\/vc_row]<\/p>\n<style type=\"text\/css\">a[data-mtli~=\"mtli_filesize580,06kB\"]:after {content:\" (580,06 kB)\"}<\/style>","protected":false},"excerpt":{"rendered":"<p>[vc_row][vc_column][\/vc_column][\/vc_row] [&#8230;]<\/p>\n<p><a class=\"btn btn-secondary understrap-read-more-link\" href=\"https:\/\/us.edu.pl\/wydzial\/wns\/komunikaty\/3-pazdziernika-br-dniem-rektorskim-dla-studentek-i-studentow-pierwszego-roku-studiow-pierwszego-i-drugiego-stopnia-oraz-jednolitych-studiow-magisterskich\/\">Read More&#8230;<\/a><\/p>\n","protected":false},"author":133,"featured_media":0,"template":"","meta":{"_expiration-date-status":"","_expiration-date":0,"_expiration-date-type":"","_expiration-date-categories":[],"_expiration-date-options":[]},"acf":[],"_links":{"self":[{"href":"https:\/\/us.edu.pl\/wydzial\/wns\/wp-json\/wp\/v2\/komunikaty\/181957"}],"collection":[{"href":"https:\/\/us.edu.pl\/wydzial\/wns\/wp-json\/wp\/v2\/komunikaty"}],"about":[{"href":"https:\/\/us.edu.pl\/wydzial\/wns\/wp-json\/wp\/v2\/types\/komunikaty"}],"author":[{"embeddable":true,"href":"https:\/\/us.edu.pl\/wydzial\/wns\/wp-json\/wp\/v2\/users\/133"}],"version-history":[{"count":1,"href":"https:\/\/us.edu.pl\/wydzial\/wns\/wp-json\/wp\/v2\/komunikaty\/181957\/revisions"}],"predecessor-version":[{"id":181959,"href":"https:\/\/us.edu.pl\/wydzial\/wns\/wp-json\/wp\/v2\/komunikaty\/181957\/revisions\/181959"}],"wp:attachment":[{"href":"https:\/\/us.edu.pl\/wydzial\/wns\/wp-json\/wp\/v2\/media?parent=181957"}],"curies":[{"name":"wp","href":"https:\/\/api.w.org\/{rel}","templated":true}]}}

3 października br. dniem rektorskim dla studentek i studentów pierwszego roku, studiów pierwszego i drugiego stopnia oraz jednolitych studiów magisterskich

<p>[vc_row][vc_column]
                <div class="text-modules">
                    <div class="container">
                        
                        <div class="text-modules__content"><p>W związku z organizacją DNIA ADAPTACYJNEGO 2025 na wniosek Samorządu Studenckiego Uniwersytetu Śląskiego w Katowicach oraz Centrum Obsługi Studentów dzień <strong>3 października 2025 r.</strong> (piątek) ogłoszony został dniem rektorskim dla studentek i studentów pierwszego roku, studiów pierwszego i drugiego stopnia oraz jednolitych studiów magisterskich.</p>
<p><a href="https://us.edu.pl/wydzial/wns/wp-content/uploads/sites/17/Bez-kategorii/komunikat_dzien-adapt_10_25.pdf" class="mtli_attachment mtli_pdf" data-mtli="mtli_filesize580,06kB" class="mtli_attachment mtli_pdf" data-mtli="mtli_filesize580,06kB">Komunikat</a></p>
<p>&nbsp;</p>
<p>W tym dniu zamiast zajęć dydaktycznych organizowana będzie gra terenowa, spotkania z kołami naukowymi i organizacjami studenckimi oraz grill organizowany przez samorząd.</p>
<p>
<style type="text/css">a[data-mtli~="mtli_filesize580,06kB"]:after {content:" (580,06 kB)"}</style></div>
                    </div>
                </div>[/vc_column][/vc_row]</p>
<style type="text/css">a[data-mtli~="mtli_filesize580,06kB"]:after {content:" (580,06 kB)"}</style>
