{"id":2635,"date":"2020-04-21T13:49:03","date_gmt":"2020-04-21T11:49:03","guid":{"rendered":"https:\/\/us.edu.pl\/wydzial\/wns\/?post_type=komunikaty&#038;p=2635"},"modified":"2020-04-21T13:49:03","modified_gmt":"2020-04-21T11:49:03","slug":"nabor-na-szkolenie-z-zakresu-racjonalnej-terapii-zachowania-rtz-dla-studentow-iv-i-v-roku-psychologii-studia-stacjonarne","status":"publish","type":"komunikaty","link":"https:\/\/us.edu.pl\/wydzial\/wns\/komunikaty\/nabor-na-szkolenie-z-zakresu-racjonalnej-terapii-zachowania-rtz-dla-studentow-iv-i-v-roku-psychologii-studia-stacjonarne\/","title":{"rendered":"Nab\u00f3r na szkolenie z zakresu Racjonalnej Terapii Zachowania (RTZ) dla student\u00f3w IV i V roku Psychologii (studia stacjonarne)"},"content":{"rendered":"<p>[vc_row][vc_column][\/vc_column][\/vc_row][vc_row][vc_column]\r\n                <div class=\"text-modules\">\r\n                    <div class=\"container\">\r\n                        \r\n                        <div class=\"text-modules__content\"><p>Koordynator Wydzia\u0142owy\u00a0og\u0142asza nab\u00f3r na szkolenie z zakresu Racjonalnej Terapii Zachowania\u00a0dla student\u00f3w IV i V roku Psychologii w trybie stacjonarnym na Uniwersytecie \u015al\u0105skim w Katowicach. Szkolenie odb\u0119dzie si\u0119 w\u00a0<strong>dniach 15-18 maja\u00a02020<\/strong>\u00a0<strong>roku<\/strong>. Szkolenie zostanie zrealizowane w formie zdalnej (webinarium).<\/p>\n<p>Szczeg\u00f3\u0142owe informacje na stronie: <a href=\"https:\/\/www.zintegrowane.us.edu.pl\/pl\/edycja-1\/student\/wydzial-nauk-spolecznych\/aktualnosci\/nabor-na-szkolenie-z-zakresu-racjonalnej\">https:\/\/www.zintegrowane.us.edu.pl\/pl\/edycja-1\/student\/wydzial-nauk-spolecznych\/aktualnosci\/nabor-na-szkolenie-z-zakresu-racjonalnej<\/a><\/p>\n<\/div>\r\n                    <\/div>\r\n                <\/div>[\/vc_column][\/vc_row]<\/p>","protected":false},"excerpt":{"rendered":"<p>[vc_row][vc_column][\/vc_column][\/vc_row][vc_row][vc_column][\/vc_column][\/vc_row] [&#8230;]<\/p>\n<p><a class=\"btn btn-secondary understrap-read-more-link\" href=\"https:\/\/us.edu.pl\/wydzial\/wns\/komunikaty\/nabor-na-szkolenie-z-zakresu-racjonalnej-terapii-zachowania-rtz-dla-studentow-iv-i-v-roku-psychologii-studia-stacjonarne\/\">Read More&#8230;<\/a><\/p>\n","protected":false},"author":134,"featured_media":0,"template":"","meta":{"_expiration-date-status":"saved","_expiration-date":0,"_expiration-date-type":"","_expiration-date-categories":[],"_expiration-date-options":[]},"acf":[],"_links":{"self":[{"href":"https:\/\/us.edu.pl\/wydzial\/wns\/wp-json\/wp\/v2\/komunikaty\/2635"}],"collection":[{"href":"https:\/\/us.edu.pl\/wydzial\/wns\/wp-json\/wp\/v2\/komunikaty"}],"about":[{"href":"https:\/\/us.edu.pl\/wydzial\/wns\/wp-json\/wp\/v2\/types\/komunikaty"}],"author":[{"embeddable":true,"href":"https:\/\/us.edu.pl\/wydzial\/wns\/wp-json\/wp\/v2\/users\/134"}],"version-history":[{"count":1,"href":"https:\/\/us.edu.pl\/wydzial\/wns\/wp-json\/wp\/v2\/komunikaty\/2635\/revisions"}],"predecessor-version":[{"id":2636,"href":"https:\/\/us.edu.pl\/wydzial\/wns\/wp-json\/wp\/v2\/komunikaty\/2635\/revisions\/2636"}],"wp:attachment":[{"href":"https:\/\/us.edu.pl\/wydzial\/wns\/wp-json\/wp\/v2\/media?parent=2635"}],"curies":[{"name":"wp","href":"https:\/\/api.w.org\/{rel}","templated":true}]}}

Nabór na szkolenie z zakresu Racjonalnej Terapii Zachowania (RTZ) dla studentów IV i V roku Psychologii (studia stacjonarne)

<p>[vc_row][vc_column][/vc_column][/vc_row][vc_row][vc_column]
                <div class="text-modules">
                    <div class="container">
                        
                        <div class="text-modules__content"><p>Koordynator Wydziałowy ogłasza nabór na szkolenie z zakresu Racjonalnej Terapii Zachowania dla studentów IV i V roku Psychologii w trybie stacjonarnym na Uniwersytecie Śląskim w Katowicach. Szkolenie odbędzie się w <strong>dniach 15-18 maja 2020</strong> <strong>roku</strong>. Szkolenie zostanie zrealizowane w formie zdalnej (webinarium).</p>
<p>Szczegółowe informacje na stronie: <a href="https://www.zintegrowane.us.edu.pl/pl/edycja-1/student/wydzial-nauk-spolecznych/aktualnosci/nabor-na-szkolenie-z-zakresu-racjonalnej">https://www.zintegrowane.us.edu.pl/pl/edycja-1/student/wydzial-nauk-spolecznych/aktualnosci/nabor-na-szkolenie-z-zakresu-racjonalnej</a></p>
</div>
                    </div>
                </div>[/vc_column][/vc_row]</p>
