{"id":5108,"date":"2021-04-22T07:06:28","date_gmt":"2021-04-22T05:06:28","guid":{"rendered":"https:\/\/us.edu.pl\/wydzial\/wns\/?post_type=komunikaty&#038;p=5108"},"modified":"2021-04-22T07:06:28","modified_gmt":"2021-04-22T05:06:28","slug":"4-maja-2021-r-dniem-wolnym-od-zajec-dydaktycznych-w-uniwersytecie-slaskim-w-katowicach","status":"publish","type":"komunikaty","link":"https:\/\/us.edu.pl\/wydzial\/wns\/komunikaty\/4-maja-2021-r-dniem-wolnym-od-zajec-dydaktycznych-w-uniwersytecie-slaskim-w-katowicach\/","title":{"rendered":"4 maja 2021 r. dniem wolnym od zaj\u0119\u0107 dydaktycznych w Uniwersytecie \u015al\u0105skim w Katowicach"},"content":{"rendered":"<p>[vc_row][vc_column]\r\n                <div class=\"text-modules\">\r\n                    <div class=\"container\">\r\n                        \r\n                        <div class=\"text-modules__content\"><p>KOMUNIKAT<\/p>\n<p>Rektora Uniwersytetu \u015al\u0105skiego w Katowicach z dnia 21 kwietnia 2021 r. w<br \/>\nsprawie ustalenia 4 maja 2021 r. dniem wolnym od zaj\u0119\u0107 dydaktycznych w<br \/>\nUniwersytecie \u015al\u0105skim w Katowicach.<\/p>\n<p>Na wniosek Samorz\u0105du Studenckiego ustalam 4 maja 2021 r. dniem wolnym od<br \/>\nzaj\u0119\u0107 dydaktycznych w Uniwersytecie \u015al\u0105skim w Katowicach.<\/p>\n<p>Z up. Rektora<br \/>\ndr Katarzyna Trynda, prof. U\u015a<br \/>\nProrektor ds. kszta\u0142cenia i student\u00f3w<\/p>\n<\/div>\r\n                    <\/div>\r\n                <\/div>[\/vc_column][\/vc_row]<\/p>","protected":false},"excerpt":{"rendered":"<p>[vc_row][vc_column][\/vc_column][\/vc_row] [&#8230;]<\/p>\n<p><a class=\"btn btn-secondary understrap-read-more-link\" href=\"https:\/\/us.edu.pl\/wydzial\/wns\/komunikaty\/4-maja-2021-r-dniem-wolnym-od-zajec-dydaktycznych-w-uniwersytecie-slaskim-w-katowicach\/\">Read More&#8230;<\/a><\/p>\n","protected":false},"author":133,"featured_media":0,"template":"","meta":{"_expiration-date-status":"saved","_expiration-date":0,"_expiration-date-type":"","_expiration-date-categories":[],"_expiration-date-options":[]},"acf":[],"_links":{"self":[{"href":"https:\/\/us.edu.pl\/wydzial\/wns\/wp-json\/wp\/v2\/komunikaty\/5108"}],"collection":[{"href":"https:\/\/us.edu.pl\/wydzial\/wns\/wp-json\/wp\/v2\/komunikaty"}],"about":[{"href":"https:\/\/us.edu.pl\/wydzial\/wns\/wp-json\/wp\/v2\/types\/komunikaty"}],"author":[{"embeddable":true,"href":"https:\/\/us.edu.pl\/wydzial\/wns\/wp-json\/wp\/v2\/users\/133"}],"version-history":[{"count":2,"href":"https:\/\/us.edu.pl\/wydzial\/wns\/wp-json\/wp\/v2\/komunikaty\/5108\/revisions"}],"predecessor-version":[{"id":5110,"href":"https:\/\/us.edu.pl\/wydzial\/wns\/wp-json\/wp\/v2\/komunikaty\/5108\/revisions\/5110"}],"wp:attachment":[{"href":"https:\/\/us.edu.pl\/wydzial\/wns\/wp-json\/wp\/v2\/media?parent=5108"}],"curies":[{"name":"wp","href":"https:\/\/api.w.org\/{rel}","templated":true}]}}

4 maja 2021 r. dniem wolnym od zajęć dydaktycznych w Uniwersytecie Śląskim w Katowicach

<p>[vc_row][vc_column]
                <div class="text-modules">
                    <div class="container">
                        
                        <div class="text-modules__content"><p>KOMUNIKAT</p>
<p>Rektora Uniwersytetu Śląskiego w Katowicach z dnia 21 kwietnia 2021 r. w<br />
sprawie ustalenia 4 maja 2021 r. dniem wolnym od zajęć dydaktycznych w<br />
Uniwersytecie Śląskim w Katowicach.</p>
<p>Na wniosek Samorządu Studenckiego ustalam 4 maja 2021 r. dniem wolnym od<br />
zajęć dydaktycznych w Uniwersytecie Śląskim w Katowicach.</p>
<p>Z up. Rektora<br />
dr Katarzyna Trynda, prof. UŚ<br />
Prorektor ds. kształcenia i studentów</p>
</div>
                    </div>
                </div>[/vc_column][/vc_row]</p>
