{"id":155990,"date":"2022-07-20T10:19:57","date_gmt":"2022-07-20T08:19:57","guid":{"rendered":"https:\/\/us.edu.pl\/wydzial\/wns\/?page_id=155990"},"modified":"2025-06-16T12:22:08","modified_gmt":"2025-06-16T10:22:08","slug":"arteterapia","status":"publish","type":"page","link":"https:\/\/us.edu.pl\/wydzial\/wns\/arteterapia\/","title":{"rendered":"Arteterapia"},"content":{"rendered":"<p>[vc_row][vc_column]\r\n                <div class=\"text-modules reverse\">\r\n                    <div class=\"container\">\r\n                        <h3 class=\"section-title section-title_border-bottom\">Arteterapia - studia stacjonarne I stopnia<\/h3> <h3 class=\"subtitle text-modules__subtitle\">j\u0119zyk wyk\u0142adowy: polski<\/h3>\r\n                        <div class=\"row m-0\">\r\n                            <div class=\"text-modules__content\">\r\n                                <strong>Interesuje Ci\u0119 jak mo\u017cna wykorzysta\u0107 sztuk\u0119, by pomaga\u0107 innym?<br \/>\n<\/strong>Arteterapia to wykorzystanie sztuki do pomocy w terapii os\u00f3b z r\u00f3\u017cnymi niepe\u0142nosprawno\u015bciami, zaburzeniami w funkcjonowaniu spo\u0142ecznym, emocjonalnym, psychicznym czy edukacyjnym, wymagaj\u0105cymi wsparcia.<\/p>\n<p><strong>Jak\u0105 wiedz\u0119 zdob\u0119dziesz?<\/strong><br \/>\nNa studiach dowiesz si\u0119, jak za pomoc\u0105 muzyki, rysunku, rze\u017aby, performance\u2019u, literatury czy ta\u0144ca prowadzi\u0107 rewalidacj\u0119, rehabilitacj\u0119 i reedukacj\u0119. Zdob\u0119dziesz uprawnienia pedagogiczne i podstawowe kompetencje psychoterapeutyczne. Nab\u0119dziesz wiedz\u0119 z pedagogiki specjalnej, psychopatologii i psychologii klinicznej. Dzi\u0119ki temu b\u0119dziesz wiedzia\u0142, jak pracowa\u0107 z pacjentem, wychowankiem czy pensjonariuszem w czasie arteterapii, odpowiednio dobieraj\u0105c metody dzia\u0142a\u0144 do os\u00f3b przejawiaj\u0105cych okre\u015blone zaburzenia czy dysfunkcje.<\/p>\n<p><strong>B\u0119dziesz potrafi\u0142\/a tak\u017ce tworzy\u0107 autorskie, interdyscyplinarne projekty arteterapeutyczne.<\/strong><\/p>\n<p>Dzi\u0119ki temu zdob\u0119dziesz prac\u0119 w:<\/p>\n<ul>\n<li>oddzia\u0142ach szpitalnych,<\/li>\n<li>sanatoriach,<\/li>\n<li>o\u015brodkach wsparcia dziennego,<\/li>\n<li>domach opieki spo\u0142ecznej,<\/li>\n<li>\u015bwietlicach socjoterapeutycznych,<\/li>\n<li>warsztatach terapii zaj\u0119ciowej,<\/li>\n<li>o\u015brodkach integracyjnych i innych plac\u00f3wkach prowadz\u0105cych arteterapi\u0119.<\/li>\n<\/ul>\n<div class=\"mt-3\"><\/div>\r\n                            <\/div>\r\n                            \r\n                            <div class=\"text-modules__img\"><img src=\"https:\/\/us.edu.pl\/wydzial\/wns\/wp-content\/uploads\/sites\/17\/Bez-kategorii\/WNS_Arteterapia_I-1024x1024.png\" alt=\"img\"><\/div>\r\n                        <\/div>\r\n                    <\/div>\r\n                <\/div>[\/vc_column][\/vc_row][vc_row css=&#8221;.vc_custom_1652684520526{padding-right: 20px !important;padding-left: 20px !important;background-color: #f2f2f2 !important;}&#8221;][vc_column css=&#8221;.vc_custom_1652684540318{padding-right: 0px !important;padding-left: 0px !important;}&#8221;]\r\n                <div class=\"text-modules\">\r\n                    <div class=\"container\">\r\n                        \r\n                        <div class=\"text-modules__content\"><\/p>\n<h3><strong>Zapisz si\u0119 na studia<\/strong><\/h3>\n<p><em><span style=\"font-size: 10pt; color: #339966;\"><strong>(rekrutacja rozpoczyna si\u0119 2 czerwca)<\/strong><\/span><\/em><\/p>\n<\/div>\r\n                    <\/div>\r\n                <\/div>[vc_btn title=&#8221;Arteterapia&#8221; style=&#8221;outline-custom&#8221; outline_custom_color=&#8221;#002e5a&#8221; outline_custom_hover_background=&#8221;#002e5a&#8221; outline_custom_hover_text=&#8221;#ffffff&#8221; shape=&#8221;square&#8221; size=&#8221;lg&#8221; el_class=&#8221;link&#8221; link=&#8221;url:https%3A%2F%2Firk.us.edu.pl%2Fpl%2Foffer%2FSW-2025-Z%2Fprogramme%2FW3-S1AR19%2F%3Ffrom%3Dfield%3AAR%23Kryteria_kwalifikacji&#8221;][\/vc_column][\/vc_row][vc_row disable_element=&#8221;yes&#8221; css=&#8221;.vc_custom_1652684454894{background-color: #f2f2f2 !important;}&#8221;][vc_column]\r\n                <div class='sidebar_moduls sidebar_one_header' style='color:#002E5A;background-color: #EBEBEB'>\r\n                    <a href='https:\/\/us.edu.pl' class='link'>przejdE: do internetowej rejestracji dla kandydatC3w<\/a>\r\n                <\/div>\r\n                <div class='sidebar_moduls sidebar_button' style=\"background-color: #EBEBEB; color: #002E5A\">\r\n                    <h3>Zapisz siD na studia<\/h3>\r\n                    <div class='link-button-wrap'><a style=\"background-color: #002E5A!important; color: #FFFFFF!important\" href='https:\/\/irk.us.edu.pl' class='link-button'>przejdE: do internetowej rejestracji dla kandydatC3w<\/a><\/div>\r\n                <\/div>[\/vc_column][\/vc_row][vc_row][vc_column][vc_column_text][\/vc_column_text][\/vc_column][\/vc_row]<\/p>","protected":false},"excerpt":{"rendered":"<p>[vc_row][vc_column][\/vc_column][\/vc_row][vc_row css=&#8221;.vc_custom_1652684520526{padding-right: 20px !important;padding-left: 20px !important;background-color: #f2f2f2 !important;}&#8221;][vc_column css=&#8221;.vc_custom_1652684540318{padding-right: 0px !important;padding-left: 0px !important;}&#8221;][vc_btn title=&#8221;Arteterapia&#8221; style=&#8221;outline-custom&#8221; outline_custom_color=&#8221;#002e5a&#8221; outline_custom_hover_background=&#8221;#002e5a&#8221; outline_custom_hover_text=&#8221;#ffffff&#8221; shape=&#8221;square&#8221; size=&#8221;lg&#8221; el_class=&#8221;link&#8221; link=&#8221;url:https%3A%2F%2Firk.us.edu.pl%2Fpl%2Foffer%2FSW-2025-Z%2Fprogramme%2FW3-S1AR19%2F%3Ffrom%3Dfield%3AAR%23Kryteria_kwalifikacji&#8221;][\/vc_column][\/vc_row][vc_row disable_element=&#8221;yes&#8221; css=&#8221;.vc_custom_1652684454894{background-color: #f2f2f2 !important;}&#8221;][vc_column][\/vc_column][\/vc_row][vc_row][vc_column][vc_column_text][\/vc_column_text][\/vc_column][\/vc_row] [&#8230;]<\/p>\n<p><a class=\"btn btn-secondary understrap-read-more-link\" href=\"https:\/\/us.edu.pl\/wydzial\/wns\/arteterapia\/\">Read More&#8230;<\/a><\/p>\n","protected":false},"author":134,"featured_media":0,"parent":0,"menu_order":0,"comment_status":"closed","ping_status":"closed","template":"page-templates\/page-with-sidebar-and-bookmarks.php","meta":{"_expiration-date-status":"","_expiration-date":0,"_expiration-date-type":"","_expiration-date-categories":[],"_expiration-date-options":[]},"acf":[],"_links":{"self":[{"href":"https:\/\/us.edu.pl\/wydzial\/wns\/wp-json\/wp\/v2\/pages\/155990"}],"collection":[{"href":"https:\/\/us.edu.pl\/wydzial\/wns\/wp-json\/wp\/v2\/pages"}],"about":[{"href":"https:\/\/us.edu.pl\/wydzial\/wns\/wp-json\/wp\/v2\/types\/page"}],"author":[{"embeddable":true,"href":"https:\/\/us.edu.pl\/wydzial\/wns\/wp-json\/wp\/v2\/users\/134"}],"replies":[{"embeddable":true,"href":"https:\/\/us.edu.pl\/wydzial\/wns\/wp-json\/wp\/v2\/comments?post=155990"}],"version-history":[{"count":12,"href":"https:\/\/us.edu.pl\/wydzial\/wns\/wp-json\/wp\/v2\/pages\/155990\/revisions"}],"predecessor-version":[{"id":180672,"href":"https:\/\/us.edu.pl\/wydzial\/wns\/wp-json\/wp\/v2\/pages\/155990\/revisions\/180672"}],"wp:attachment":[{"href":"https:\/\/us.edu.pl\/wydzial\/wns\/wp-json\/wp\/v2\/media?parent=155990"}],"curies":[{"name":"wp","href":"https:\/\/api.w.org\/{rel}","templated":true}]}}

<p>[vc_row][vc_column]
                <div class="text-modules reverse">
                    <div class="container">
                        <h3 class="section-title section-title_border-bottom">Arteterapia - studia stacjonarne I stopnia</h3> <h3 class="subtitle text-modules__subtitle">język wykładowy: polski</h3>
                        <div class="row m-0">
                            <div class="text-modules__content">
                                <strong>Interesuje Cię jak można wykorzystać sztukę, by pomagać innym?<br />
</strong>Arteterapia to wykorzystanie sztuki do pomocy w terapii osób z różnymi niepełnosprawnościami, zaburzeniami w funkcjonowaniu społecznym, emocjonalnym, psychicznym czy edukacyjnym, wymagającymi wsparcia.</p>
<p><strong>Jaką wiedzę zdobędziesz?</strong><br />
Na studiach dowiesz się, jak za pomocą muzyki, rysunku, rzeźby, performance’u, literatury czy tańca prowadzić rewalidację, rehabilitację i reedukację. Zdobędziesz uprawnienia pedagogiczne i podstawowe kompetencje psychoterapeutyczne. Nabędziesz wiedzę z pedagogiki specjalnej, psychopatologii i psychologii klinicznej. Dzięki temu będziesz wiedział, jak pracować z pacjentem, wychowankiem czy pensjonariuszem w czasie arteterapii, odpowiednio dobierając metody działań do osób przejawiających określone zaburzenia czy dysfunkcje.</p>
<p><strong>Będziesz potrafił/a także tworzyć autorskie, interdyscyplinarne projekty arteterapeutyczne.</strong></p>
<p>Dzięki temu zdobędziesz pracę w:</p>
<ul>
<li>oddziałach szpitalnych,</li>
<li>sanatoriach,</li>
<li>ośrodkach wsparcia dziennego,</li>
<li>domach opieki społecznej,</li>
<li>świetlicach socjoterapeutycznych,</li>
<li>warsztatach terapii zajęciowej,</li>
<li>ośrodkach integracyjnych i innych placówkach prowadzących arteterapię.</li>
</ul>
<div class="mt-3"></div>
                            </div>
                            
                            <div class="text-modules__img"><img src="https://us.edu.pl/wydzial/wns/wp-content/uploads/sites/17/Bez-kategorii/WNS_Arteterapia_I-1024x1024.png" alt="img"></div>
                        </div>
                    </div>
                </div>[/vc_column][/vc_row][vc_row css=&#8221;.vc_custom_1652684520526{padding-right: 20px !important;padding-left: 20px !important;background-color: #f2f2f2 !important;}&#8221;][vc_column css=&#8221;.vc_custom_1652684540318{padding-right: 0px !important;padding-left: 0px !important;}&#8221;]
                <div class="text-modules">
                    <div class="container">
                        
                        <div class="text-modules__content"></p>
<h3><strong>Zapisz się na studia</strong></h3>
<p><em><span style="font-size: 10pt; color: #339966;"><strong>(rekrutacja rozpoczyna się 2 czerwca)</strong></span></em></p>
</div>
                    </div>
                </div>[vc_btn title=&#8221;Arteterapia&#8221; style=&#8221;outline-custom&#8221; outline_custom_color=&#8221;#002e5a&#8221; outline_custom_hover_background=&#8221;#002e5a&#8221; outline_custom_hover_text=&#8221;#ffffff&#8221; shape=&#8221;square&#8221; size=&#8221;lg&#8221; el_class=&#8221;link&#8221; link=&#8221;url:https%3A%2F%2Firk.us.edu.pl%2Fpl%2Foffer%2FSW-2025-Z%2Fprogramme%2FW3-S1AR19%2F%3Ffrom%3Dfield%3AAR%23Kryteria_kwalifikacji&#8221;][/vc_column][/vc_row][vc_row disable_element=&#8221;yes&#8221; css=&#8221;.vc_custom_1652684454894{background-color: #f2f2f2 !important;}&#8221;][vc_column]
                <div class='sidebar_moduls sidebar_one_header' style='color:#002E5A;background-color: #EBEBEB'>
                    <a href='https://us.edu.pl' class='link'>przejdE: do internetowej rejestracji dla kandydatC3w</a>
                </div>
                <div class='sidebar_moduls sidebar_button' style="background-color: #EBEBEB; color: #002E5A">
                    <h3>Zapisz siD na studia</h3>
                    <div class='link-button-wrap'><a style="background-color: #002E5A!important; color: #FFFFFF!important" href='https://irk.us.edu.pl' class='link-button'>przejdE: do internetowej rejestracji dla kandydatC3w</a></div>
                </div>[/vc_column][/vc_row][vc_row][vc_column][vc_column_text][/vc_column_text][/vc_column][/vc_row]</p>
