{"id":156719,"date":"2022-07-07T14:16:18","date_gmt":"2022-07-07T12:16:18","guid":{"rendered":"https:\/\/us.edu.pl\/wydzial\/wns\/?page_id=156719"},"modified":"2025-06-16T13:00:35","modified_gmt":"2025-06-16T11:00:35","slug":"socjologia-2","status":"publish","type":"page","link":"https:\/\/us.edu.pl\/wydzial\/wns\/socjologia-2\/","title":{"rendered":"Socjologia &#8211; studia I i II stopnia, stacjonarne i niestacjonarne"},"content":{"rendered":"<p>[vc_row][vc_column]\r\n                <div class=\"text-modules reverse\">\r\n                    <div class=\"container\">\r\n                        <h3 class=\"section-title section-title_border-bottom\">Socjologia - studia I i II stopnia, stacjonarne i niestacjonarne<\/h3> \r\n                        <div class=\"row m-0\">\r\n                            <div class=\"text-modules__content\">\r\n                                Studia socjologiczne na Wydziale Nauk Spo\u0142ecznych Uniwersytetu \u015al\u0105skiego prowadzone s\u0105 na\u00a0<strong>I\u00a0<\/strong>oraz<strong>\u00a0II stopniu<\/strong>\u00a0w trybie\u00a0<strong>stacjonarnym<\/strong>, jak i\u00a0<strong>niestacjonarnym<\/strong>.<\/p>\n<p>Dzi\u0119ki studiom na tym kierunku zdob\u0119dziesz pog\u0142\u0119bion\u0105 wiedz\u0119 na temat\u00a0<strong>otaczaj\u0105cego \u015bwiata<\/strong>, pozwalaj\u0105c\u0105 na diagnozowanie i\u00a0<strong>rozumienie zjawisk<\/strong>,\u00a0<strong>problem\u00f3w oraz proces\u00f3w spo\u0142ecznych<\/strong>\u00a0oraz uzyskasz umiej\u0119tno\u015b\u0107 zdobywania, gromadzenia, analizowania tej wiedzy. Jako student studi\u00f3w I stopnia b\u0119dziesz mia\u0142 mo\u017cliwo\u015b\u0107 wyboru <strong>dw\u00f3ch spo\u015br\u00f3d sze\u015bciu<\/strong> oferowanych <strong>\u015bcie\u017cek specjalno\u015bciowych<\/strong>. Na studiach II stopnia wybierzesz jedn\u0105 z dw\u00f3ch <strong>specjalno\u015bci<\/strong>.<\/p>\n<p>Socjologia to idealny kierunek dla Ciebie, je\u015bli interesuje Ci\u0119 nauka badaj\u0105ca szeroko rozumiane\u00a0<strong>funkcjonowanie spo\u0142ecze\u0144stwa<\/strong>. Dowiesz si\u0119 w jaki spos\u00f3b tworz\u0105 si\u0119 grupy spo\u0142eczne, jak funkcjonuj\u0105 wsp\u00f3lnoty, co charakteryzuje relacje mi\u0119dzyludzkie. Naszych absolwent\u00f3w charakteryzuje m.in. pasja poznawania, rozwini\u0119ty warsztat badawczy, kreatywne my\u015blenie, umiej\u0119tno\u015b\u0107 analizowania i diagnozowania problem\u00f3w spo\u0142ecznych oraz efektywnego \u00a0komunikowania si\u0119 z otoczeniem.<\/p>\n<p>Jako\u00a0<strong>absolwent<\/strong>\u00a0naszego kierunku, zostaniesz przygotowany do pracy m.in. w instytucjach administracji publicznej, instytucjach kultury, o\u015brodkach bada\u0144 opinii spo\u0142ecznej, instytucjach zajmuj\u0105cych si\u0119 polityk\u0105 spo\u0142eczn\u0105 oraz na stanowiskach specjalistycznych w systemie zarz\u0105dzania, selekcji i rekrutacji, rozwoju kadr.<\/p>\n<p>Kierunek socjologia prowadzony w Uniwersytecie \u015al\u0105skim w Katowicach w roku 2023 uzyska\u0142 pozytywn\u0105 ocen\u0119 programow\u0105 Polskiej Komisji Akredytacyjnej, a w 2024 roku zosta\u0142<strong> wyr\u00f3\u017cniony <em>Certyfikatem Doskona\u0142o\u015bci Kszta\u0142cenia \u2013 doskona\u0142o\u015b\u0107 w kszta\u0142ceniu na kierunku<\/em>, <\/strong>przyznanym przez Prezydium Polskiej Komisji Akredytacyjnej.<strong> Certyfikat stanowi potwierdzenie najwy\u017cszej jako\u015bci kszta\u0142cenia na studiach pierwszego i drugiego stopnia na kierunku socjologia.<\/strong> \r\n                                <div class=\"mt-3\"><\/div>\r\n                            <\/div>\r\n                            \r\n                            <div class=\"text-modules__img\"><img src=\"https:\/\/us.edu.pl\/wydzial\/wns\/wp-content\/uploads\/sites\/17\/Bez-kategorii\/WNS_Socjologia-1024x1024.png\" alt=\"img\"><\/div>\r\n                        <\/div>\r\n                    <\/div>\r\n                <\/div>[\/vc_column][vc_column][\/vc_column][\/vc_row][vc_row css=&#8221;.vc_custom_1652684520526{padding-right: 20px !important;padding-left: 20px !important;background-color: #f2f2f2 !important;}&#8221;][vc_column css=&#8221;.vc_custom_1652684540318{padding-right: 0px !important;padding-left: 0px !important;}&#8221;]\r\n                <div class=\"text-modules\">\r\n                    <div class=\"container\">\r\n                        \r\n                        <div class=\"text-modules__content\"><\/p>\n<h3><strong>Zapisz si\u0119 na studia<\/strong><\/h3>\n<p><em><span style=\"font-size: 10pt; color: #339966;\"><strong>(rekrutacja rozpoczyna si\u0119 2 czerwca)<\/strong><\/span><\/em><\/p>\n<\/div>\r\n                    <\/div>\r\n                <\/div>[vc_btn title=&#8221;studia I stopnia stacjonarne&#8221; style=&#8221;outline-custom&#8221; outline_custom_color=&#8221;#002e5a&#8221; outline_custom_hover_background=&#8221;#002e5a&#8221; outline_custom_hover_text=&#8221;#ffffff&#8221; shape=&#8221;square&#8221; size=&#8221;lg&#8221; el_class=&#8221;link&#8221; link=&#8221;url:https%3A%2F%2Firk.us.edu.pl%2Fpl%2Foffer%2FSW-2025-Z%2Fprogramme%2FW3-S1SO19%2F%3Ffrom%3Dfield%3ASO|target:_blank&#8221;][vc_btn title=&#8221;studia I stopnia niestacjonarne&#8221; style=&#8221;outline-custom&#8221; outline_custom_color=&#8221;#002e5a&#8221; outline_custom_hover_background=&#8221;#002e5a&#8221; outline_custom_hover_text=&#8221;#ffffff&#8221; shape=&#8221;square&#8221; size=&#8221;lg&#8221; el_class=&#8221;link&#8221; link=&#8221;url:https%3A%2F%2Firk.us.edu.pl%2Fpl%2Foffer%2FSW-2025-Z%2Fprogramme%2FW3-N1SO19%2F%3Ffrom%3Dfield%3ASO|target:_blank&#8221;][vc_btn title=&#8221;studia II stopnia stacjonarne&#8221; style=&#8221;outline-custom&#8221; outline_custom_color=&#8221;#002e5a&#8221; outline_custom_hover_background=&#8221;#002e5a&#8221; outline_custom_hover_text=&#8221;#ffffff&#8221; shape=&#8221;square&#8221; size=&#8221;lg&#8221; el_class=&#8221;link&#8221; link=&#8221;url:https%3A%2F%2Firk.us.edu.pl%2Fpl%2Foffer%2FSW-2025-Z%2Fprogramme%2FW3-S2SO19%2F%3Ffrom%3Dfield%3ASO|target:_blank&#8221;][vc_btn title=&#8221;studia II stopnia niestacjonarne&#8221; style=&#8221;outline-custom&#8221; outline_custom_color=&#8221;#002e5a&#8221; outline_custom_hover_background=&#8221;#002e5a&#8221; outline_custom_hover_text=&#8221;#ffffff&#8221; shape=&#8221;square&#8221; size=&#8221;lg&#8221; el_class=&#8221;link&#8221; link=&#8221;url:https%3A%2F%2Firk.us.edu.pl%2Fpl%2Foffer%2FSW-2025-Z%2Fprogramme%2FW3-N2SO19%2F%3Ffrom%3Dfield%3ASO|target:_blank&#8221;][\/vc_column][\/vc_row][vc_row disable_element=&#8221;yes&#8221; css=&#8221;.vc_custom_1652684454894{background-color: #f2f2f2 !important;}&#8221;][vc_column]\r\n                <div class='sidebar_moduls sidebar_one_header' style='color:#002E5A;background-color: #EBEBEB'>\r\n                    <a href='https:\/\/us.edu.pl' class='link'>przejdE: do internetowej rejestracji dla kandydatC3w<\/a>\r\n                <\/div>\r\n                <div class='sidebar_moduls sidebar_button' style=\"background-color: #EBEBEB; color: #002E5A\">\r\n                    <h3>Zapisz siD na studia<\/h3>\r\n                    <div class='link-button-wrap'><a style=\"background-color: #002E5A!important; color: #FFFFFF!important\" href='https:\/\/irk.us.edu.pl' class='link-button'>przejdE: do internetowej rejestracji dla kandydatC3w<\/a><\/div>\r\n                <\/div>[\/vc_column][\/vc_row]<\/p>","protected":false},"excerpt":{"rendered":"<p>[vc_row][vc_column][\/vc_column][vc_column][\/vc_column][\/vc_row][vc_row css=&#8221;.vc_custom_1652684520526{padding-right: 20px !important;padding-left: 20px !important;background-color: #f2f2f2 !important;}&#8221;][vc_column css=&#8221;.vc_custom_1652684540318{padding-right: 0px !important;padding-left: 0px !important;}&#8221;][vc_btn title=&#8221;studia I stopnia stacjonarne&#8221; style=&#8221;outline-custom&#8221; outline_custom_color=&#8221;#002e5a&#8221; outline_custom_hover_background=&#8221;#002e5a&#8221; outline_custom_hover_text=&#8221;#ffffff&#8221; shape=&#8221;square&#8221; size=&#8221;lg&#8221; el_class=&#8221;link&#8221; link=&#8221;url:https%3A%2F%2Firk.us.edu.pl%2Fpl%2Foffer%2FSW-2025-Z%2Fprogramme%2FW3-S1SO19%2F%3Ffrom%3Dfield%3ASO|target:_blank&#8221;][vc_btn title=&#8221;studia I stopnia niestacjonarne&#8221; style=&#8221;outline-custom&#8221; outline_custom_color=&#8221;#002e5a&#8221; outline_custom_hover_background=&#8221;#002e5a&#8221; outline_custom_hover_text=&#8221;#ffffff&#8221; shape=&#8221;square&#8221; size=&#8221;lg&#8221; el_class=&#8221;link&#8221; link=&#8221;url:https%3A%2F%2Firk.us.edu.pl%2Fpl%2Foffer%2FSW-2025-Z%2Fprogramme%2FW3-N1SO19%2F%3Ffrom%3Dfield%3ASO|target:_blank&#8221;][vc_btn title=&#8221;studia II stopnia stacjonarne&#8221; style=&#8221;outline-custom&#8221; outline_custom_color=&#8221;#002e5a&#8221; outline_custom_hover_background=&#8221;#002e5a&#8221; outline_custom_hover_text=&#8221;#ffffff&#8221; shape=&#8221;square&#8221; size=&#8221;lg&#8221; el_class=&#8221;link&#8221; link=&#8221;url:https%3A%2F%2Firk.us.edu.pl%2Fpl%2Foffer%2FSW-2025-Z%2Fprogramme%2FW3-S2SO19%2F%3Ffrom%3Dfield%3ASO|target:_blank&#8221;][vc_btn title=&#8221;studia II stopnia niestacjonarne&#8221; style=&#8221;outline-custom&#8221; outline_custom_color=&#8221;#002e5a&#8221; [&#8230;]<\/p>\n<p><a class=\"btn btn-secondary understrap-read-more-link\" href=\"https:\/\/us.edu.pl\/wydzial\/wns\/socjologia-2\/\">Read More&#8230;<\/a><\/p>\n","protected":false},"author":2547,"featured_media":156746,"parent":0,"menu_order":0,"comment_status":"closed","ping_status":"closed","template":"page-templates\/page-with-sidebar-and-bookmarks.php","meta":{"_expiration-date-status":"","_expiration-date":0,"_expiration-date-type":"","_expiration-date-categories":[],"_expiration-date-options":[]},"acf":[],"_links":{"self":[{"href":"https:\/\/us.edu.pl\/wydzial\/wns\/wp-json\/wp\/v2\/pages\/156719"}],"collection":[{"href":"https:\/\/us.edu.pl\/wydzial\/wns\/wp-json\/wp\/v2\/pages"}],"about":[{"href":"https:\/\/us.edu.pl\/wydzial\/wns\/wp-json\/wp\/v2\/types\/page"}],"author":[{"embeddable":true,"href":"https:\/\/us.edu.pl\/wydzial\/wns\/wp-json\/wp\/v2\/users\/2547"}],"replies":[{"embeddable":true,"href":"https:\/\/us.edu.pl\/wydzial\/wns\/wp-json\/wp\/v2\/comments?post=156719"}],"version-history":[{"count":10,"href":"https:\/\/us.edu.pl\/wydzial\/wns\/wp-json\/wp\/v2\/pages\/156719\/revisions"}],"predecessor-version":[{"id":180959,"href":"https:\/\/us.edu.pl\/wydzial\/wns\/wp-json\/wp\/v2\/pages\/156719\/revisions\/180959"}],"wp:featuredmedia":[{"embeddable":true,"href":"https:\/\/us.edu.pl\/wydzial\/wns\/wp-json\/wp\/v2\/media\/156746"}],"wp:attachment":[{"href":"https:\/\/us.edu.pl\/wydzial\/wns\/wp-json\/wp\/v2\/media?parent=156719"}],"curies":[{"name":"wp","href":"https:\/\/api.w.org\/{rel}","templated":true}]}}