{"id":156846,"date":"2022-07-13T11:18:36","date_gmt":"2022-07-13T09:18:36","guid":{"rendered":"https:\/\/us.edu.pl\/wydzial\/wns\/?page_id=156846"},"modified":"2026-02-26T10:41:27","modified_gmt":"2026-02-26T09:41:27","slug":"psychologia-2","status":"publish","type":"page","link":"https:\/\/us.edu.pl\/wydzial\/wns\/psychologia-2\/","title":{"rendered":"Psychologia &#8211; studia stacjonarne, jednolite magisterskie"},"content":{"rendered":"<p>[vc_row][vc_column]\r\n                <div class=\"text-modules reverse\">\r\n                    <div class=\"container\">\r\n                        <h3 class=\"section-title section-title_border-bottom\">Psychologia - studia stacjonarne, jednolite magisterskie<\/h3> <h3 class=\"subtitle text-modules__subtitle\">j\u0119zyk wyk\u0142adowy: polski<\/h3>\r\n                        <div class=\"row m-0\">\r\n                            <div class=\"text-modules__content\">\r\n                                <strong>Ciekawi\u0105 Ci\u0119 ludzkie zachowania<\/strong> oraz to, z czego wynikaj\u0105?<br \/>\nDzi\u0119ki studiom psychologicznym poznasz pod\u0142o\u017ce psychiczne zachowa\u0144,<br \/>\nich uwarunkowania biologiczne, spo\u0142eczne, a tak\u017ce dowiesz si\u0119<br \/>\no mechanizmach, kt\u00f3re pozwalaj\u0105 te zachowania <strong>wyja\u015bni\u0107.<\/strong><\/p>\n<p><strong>\u00a0<\/strong><strong>Jak\u0105 wiedz\u0119 zdob\u0119dziesz<\/strong>?<\/p>\n<ul>\n<li>Przede wszystkim t\u0119 z zakresu psychologii og\u00f3lnej, psychologii spo\u0142ecznej, psychologii rozwoju cz\u0142owieka, psychopatologii oraz z zakresu innych subdyscyplin psychologii stosowanej takich jak m.in. psychologia \u015bledcza i s\u0105dowa;<\/li>\n<li>Wiedz\u0119 z przedmiot\u00f3w uzupe\u0142niaj\u0105cych, takich jak: filozofia i biologiczne mechanizmy zachowania;<\/li>\n<li>Ponadto masz mo\u017cliwo\u015b\u0107 indywidualnego wyboru przedmiot\u00f3w, kt\u00f3re odnosz\u0105 si\u0119 do np. nowych trend\u00f3w i kierunk\u00f3w w psychologii, a tak\u017ce wyb\u00f3r innych dziedzin i dyscyplin.<\/li>\n<\/ul>\n<p><b>U nas teoria spotyka si\u0119 z praktyk\u0105!<\/b>\u00a0Studiuj\u0105c u nas zdob\u0119dziesz solidne przygotowanie warsztatowe, umo\u017cliwiaj\u0105ce zaplanowanie i przeprowadzenie w\u0142asnych bada\u0144 oraz procesu diagnozy psychologicznej.\u00a0Bliskie\u00a0b\u0119d\u0105 Ci takie umiej\u0119tno\u015bci, jak rozpoznawanie indywidualnych i spo\u0142ecznych zjawisk psychologicznych, a tak\u017ce niesienie pomocy innym oraz planowanie interwencji psychologicznej. B\u0119dziesz mie\u0107 r\u00f3wnie\u017c mo\u017cliwo\u015b\u0107 zdobycia przygotowania pedagogicznego pozwalaj\u0105cego na podj\u0119cie pracy jako nauczyciel psycholog w plac\u00f3wkach edukacyjnych. Co bardzo wa\u017cne, program studi\u00f3w na naszym kierunku zosta\u0142 dostosowany do standard\u00f3w Europejskiego Certyfikatu Psychologa, umo\u017cliwiaj\u0105cego wpis do Europejskiego Rejestru Psycholog\u00f3w.<\/p>\n<p>Po drugim roku zrealizujesz u nas <strong>dwie wybrane \u015bcie\u017cki psychologii stosowanej<\/strong> oraz we\u017amiesz udzia\u0142 w praktykach.<\/p>\n<p>Dzi\u0119ki studiom psychologicznym<strong> zrozumiesz ludzkie zachowania<\/strong>. Zdob\u0119dziesz tak\u017ce przygotowanie do niezwykle cennej umiej\u0119tno\u015bci, jak\u0105 jest <strong>niesienie pomocy innym.<\/strong> \r\n                                <div class=\"mt-3\"><\/div>\r\n                            <\/div>\r\n                            \r\n                            <div class=\"text-modules__img\"><img src=\"https:\/\/us.edu.pl\/wydzial\/wns\/wp-content\/uploads\/sites\/17\/Bez-kategorii\/Obszar-roboczy-1-kopia-34-1024x1024.png\" alt=\"img\"><\/div>\r\n                        <\/div>\r\n                    <\/div>\r\n                <\/div>[\/vc_column][vc_column][\/vc_column][\/vc_row][vc_row css=&#8221;.vc_custom_1652684520526{padding-right: 20px !important;padding-left: 20px !important;background-color: #f2f2f2 !important;}&#8221;][vc_column css=&#8221;.vc_custom_1652684540318{padding-right: 0px !important;padding-left: 0px !important;}&#8221;]\r\n                <div class=\"text-modules\">\r\n                    <div class=\"container\">\r\n                        \r\n                        <div class=\"text-modules__content\"><\/p>\n<h3><strong>Zapisz si\u0119 na studia<\/strong><\/h3>\n<p><em><span style=\"font-size: 10pt; color: #339966;\"><strong>(rekrutacja rozpoczyna si\u0119 2 czerwca)<\/strong><\/span><\/em><\/p>\n<\/div>\r\n                    <\/div>\r\n                <\/div>[vc_btn title=&#8221;studia jednolite magisterskie stacjonarne&#8221; style=&#8221;outline-custom&#8221; outline_custom_color=&#8221;#002e5a&#8221; outline_custom_hover_background=&#8221;#002e5a&#8221; outline_custom_hover_text=&#8221;#ffffff&#8221; shape=&#8221;square&#8221; size=&#8221;lg&#8221; el_class=&#8221;link&#8221; link=&#8221;url:https%3A%2F%2Firk.us.edu.pl%2Fpl%2Foffer%2FSW-2025-Z%2Fprogramme%2FW3-SMPS19%2F%3Ffrom%3Dfield%3APS|target:_blank&#8221;][\/vc_column][\/vc_row][vc_row disable_element=&#8221;yes&#8221; css=&#8221;.vc_custom_1652684454894{background-color: #f2f2f2 !important;}&#8221;][vc_column]\r\n                <div class='sidebar_moduls sidebar_one_header' style='color:#002E5A;background-color: #EBEBEB'>\r\n                    <a href='https:\/\/us.edu.pl' class='link'>przejdE: do internetowej rejestracji dla kandydatC3w<\/a>\r\n                <\/div>\r\n                <div class='sidebar_moduls sidebar_button' style=\"background-color: #EBEBEB; color: #002E5A\">\r\n                    <h3>Zapisz siD na studia<\/h3>\r\n                    <div class='link-button-wrap'><a style=\"background-color: #002E5A!important; color: #FFFFFF!important\" href='https:\/\/irk.us.edu.pl' class='link-button'>przejdE: do internetowej rejestracji dla kandydatC3w<\/a><\/div>\r\n                <\/div>[\/vc_column][\/vc_row]<\/p>","protected":false},"excerpt":{"rendered":"<p>[vc_row][vc_column][\/vc_column][vc_column][\/vc_column][\/vc_row][vc_row css=&#8221;.vc_custom_1652684520526{padding-right: 20px !important;padding-left: 20px !important;background-color: #f2f2f2 !important;}&#8221;][vc_column css=&#8221;.vc_custom_1652684540318{padding-right: 0px !important;padding-left: 0px !important;}&#8221;][vc_btn title=&#8221;studia jednolite magisterskie stacjonarne&#8221; style=&#8221;outline-custom&#8221; outline_custom_color=&#8221;#002e5a&#8221; outline_custom_hover_background=&#8221;#002e5a&#8221; outline_custom_hover_text=&#8221;#ffffff&#8221; shape=&#8221;square&#8221; size=&#8221;lg&#8221; el_class=&#8221;link&#8221; link=&#8221;url:https%3A%2F%2Firk.us.edu.pl%2Fpl%2Foffer%2FSW-2025-Z%2Fprogramme%2FW3-SMPS19%2F%3Ffrom%3Dfield%3APS|target:_blank&#8221;][\/vc_column][\/vc_row][vc_row disable_element=&#8221;yes&#8221; css=&#8221;.vc_custom_1652684454894{background-color: #f2f2f2 !important;}&#8221;][vc_column][\/vc_column][\/vc_row] [&#8230;]<\/p>\n<p><a class=\"btn btn-secondary understrap-read-more-link\" href=\"https:\/\/us.edu.pl\/wydzial\/wns\/psychologia-2\/\">Read More&#8230;<\/a><\/p>\n","protected":false},"author":2547,"featured_media":157080,"parent":0,"menu_order":0,"comment_status":"closed","ping_status":"closed","template":"page-templates\/page-with-sidebar-and-bookmarks.php","meta":{"_expiration-date-status":"","_expiration-date":0,"_expiration-date-type":"","_expiration-date-categories":[],"_expiration-date-options":[]},"acf":[],"_links":{"self":[{"href":"https:\/\/us.edu.pl\/wydzial\/wns\/wp-json\/wp\/v2\/pages\/156846"}],"collection":[{"href":"https:\/\/us.edu.pl\/wydzial\/wns\/wp-json\/wp\/v2\/pages"}],"about":[{"href":"https:\/\/us.edu.pl\/wydzial\/wns\/wp-json\/wp\/v2\/types\/page"}],"author":[{"embeddable":true,"href":"https:\/\/us.edu.pl\/wydzial\/wns\/wp-json\/wp\/v2\/users\/2547"}],"replies":[{"embeddable":true,"href":"https:\/\/us.edu.pl\/wydzial\/wns\/wp-json\/wp\/v2\/comments?post=156846"}],"version-history":[{"count":11,"href":"https:\/\/us.edu.pl\/wydzial\/wns\/wp-json\/wp\/v2\/pages\/156846\/revisions"}],"predecessor-version":[{"id":184879,"href":"https:\/\/us.edu.pl\/wydzial\/wns\/wp-json\/wp\/v2\/pages\/156846\/revisions\/184879"}],"wp:featuredmedia":[{"embeddable":true,"href":"https:\/\/us.edu.pl\/wydzial\/wns\/wp-json\/wp\/v2\/media\/157080"}],"wp:attachment":[{"href":"https:\/\/us.edu.pl\/wydzial\/wns\/wp-json\/wp\/v2\/media?parent=156846"}],"curies":[{"name":"wp","href":"https:\/\/api.w.org\/{rel}","templated":true}]}}