{"id":157075,"date":"2022-07-19T11:59:05","date_gmt":"2022-07-19T09:59:05","guid":{"rendered":"https:\/\/us.edu.pl\/wydzial\/wns\/?page_id=157075"},"modified":"2025-07-17T12:03:33","modified_gmt":"2025-07-17T10:03:33","slug":"pedagogika-przedszkolna-i-wczesnoszkolna","status":"publish","type":"page","link":"https:\/\/us.edu.pl\/wydzial\/wns\/pedagogika-przedszkolna-i-wczesnoszkolna\/","title":{"rendered":"Pedagogika przedszkolna i wczesnoszkolna"},"content":{"rendered":"<p>[vc_row][vc_column]\r\n                <div class=\"text-modules \">\r\n                    <div class=\"container\">\r\n                        <h3 class=\"section-title section-title_border-bottom\">Pedagogika przedszkolna i wczesnoszkolna - studia stacjonarne i niestacjonarne jednolite magisterskie<\/h3> \r\n                        <div class=\"row m-0\">\r\n                            <div class=\"text-modules__content\">\r\n                                Pasjonuje Ci\u0119 praca z dzie\u0107mi? Nasz kierunek studi\u00f3w przygotowuje student\u00f3w do samodzielnego, refleksyjnego, krytycznego i tw\u00f3rczego funkcjonowania w obszarze szeroko rozumianej edukacji przedszkolnej i wczesnoszkolnej. Dzieci s\u0105 nasz\u0105 przysz\u0142o\u015bci\u0105. A Ty mo\u017cesz przyczyni\u0107 si\u0119 do lepszej przysz\u0142o\u015bci.<\/p>\n<p>W ramach studi\u00f3w oferujemy szerokie przygotowanie pedagogiczne i nauczycielskie, uj\u0119te w nast\u0119puj\u0105ce bloki: psychologia; pedagogika og\u00f3lna; nauki humanistyczne i spo\u0142eczne; pedagogika og\u00f3lna; pedeutologia; media i technologie; zdrowie; projekty i badania; blok wst\u0119pny; blok polski; matematyka; nauki spo\u0142eczno-przyrodnicze; technika i informatyka; sztuka; blok diagnostyczno-terapeutyczny; prakseologiczny &#8211; wychowanie przedszkolne; prakseologiczny &#8211; edukacja wczesnoszkolna; j\u0119zyk obcy; praca z dzieckiem w \u015brodowisku zr\u00f3\u017cnicowanym kulturowo; przedmioty do wyboru oraz praktyka pedagogiczna.<\/p>\n<p>Studia przygotuj\u0105 Ci\u0119 do:<\/p>\n<p>&#8211; pracy z dzie\u0107mi w spos\u00f3b aktywny i innowacyjny,<\/p>\n<p>&#8211; indywidualizacji procesu nauczania<\/p>\n<p>&#8211; przekazywania z\u0142o\u017conej wiedzy w spos\u00f3b kompleksowy.<\/p>\n<p>Staniesz si\u0119 ekspertem w dziedzinie rozwoju dziecka, opiekunem, przyjacielem, a przede wszystkim &#8211; \u015bwietnym nauczycielem!<\/p>\n<p>Studiuj pedagogik\u0119 przedszkoln\u0105 i wczesnoszkoln\u0105 na Uniwersytecie \u015al\u0105skim i zdob\u0105d\u017a zaw\u00f3d, kt\u00f3ry stanie si\u0119 Twoj\u0105 pasj\u0105. \r\n                                <div class=\"mt-3\"><\/div>\r\n                            <\/div>\r\n                            \r\n                            \r\n                        <\/div>\r\n                    <\/div>\r\n                <\/div>[\/vc_column][\/vc_row]<\/p>","protected":false},"excerpt":{"rendered":"<p>[vc_row][vc_column][\/vc_column][\/vc_row] [&#8230;]<\/p>\n<p><a class=\"btn btn-secondary understrap-read-more-link\" href=\"https:\/\/us.edu.pl\/wydzial\/wns\/pedagogika-przedszkolna-i-wczesnoszkolna\/\">Read More&#8230;<\/a><\/p>\n","protected":false},"author":2907,"featured_media":0,"parent":0,"menu_order":0,"comment_status":"closed","ping_status":"closed","template":"page-templates\/page-with-sidebar-and-bookmarks.php","meta":{"_expiration-date-status":"","_expiration-date":0,"_expiration-date-type":"","_expiration-date-categories":[],"_expiration-date-options":[]},"acf":[],"_links":{"self":[{"href":"https:\/\/us.edu.pl\/wydzial\/wns\/wp-json\/wp\/v2\/pages\/157075"}],"collection":[{"href":"https:\/\/us.edu.pl\/wydzial\/wns\/wp-json\/wp\/v2\/pages"}],"about":[{"href":"https:\/\/us.edu.pl\/wydzial\/wns\/wp-json\/wp\/v2\/types\/page"}],"author":[{"embeddable":true,"href":"https:\/\/us.edu.pl\/wydzial\/wns\/wp-json\/wp\/v2\/users\/2907"}],"replies":[{"embeddable":true,"href":"https:\/\/us.edu.pl\/wydzial\/wns\/wp-json\/wp\/v2\/comments?post=157075"}],"version-history":[{"count":10,"href":"https:\/\/us.edu.pl\/wydzial\/wns\/wp-json\/wp\/v2\/pages\/157075\/revisions"}],"predecessor-version":[{"id":181454,"href":"https:\/\/us.edu.pl\/wydzial\/wns\/wp-json\/wp\/v2\/pages\/157075\/revisions\/181454"}],"wp:attachment":[{"href":"https:\/\/us.edu.pl\/wydzial\/wns\/wp-json\/wp\/v2\/media?parent=157075"}],"curies":[{"name":"wp","href":"https:\/\/api.w.org\/{rel}","templated":true}]}}