{"id":157199,"date":"2022-07-14T09:27:27","date_gmt":"2022-07-14T07:27:27","guid":{"rendered":"https:\/\/us.edu.pl\/wydzial\/wns\/?page_id=157199"},"modified":"2025-06-16T12:57:46","modified_gmt":"2025-06-16T10:57:46","slug":"praca-socjalna-2","status":"publish","type":"page","link":"https:\/\/us.edu.pl\/wydzial\/wns\/praca-socjalna-2\/","title":{"rendered":"Praca socjalna"},"content":{"rendered":"<p>[vc_row][vc_column]\r\n                <div class=\"text-modules reverse\">\r\n                    <div class=\"container\">\r\n                        <h3 class=\"section-title section-title_border-bottom\">Praca socjalna - studia I i II stopnia, stacjonarne i niestacjonarne<\/h3> \r\n                        <div class=\"row m-0\">\r\n                            <div class=\"text-modules__content\">\r\n                                Praca socjalna to kierunek studi\u00f3w na Wydziale Nauk Spo\u0142ecznych Uniwersytetu \u015al\u0105skiego prowadzony na <strong>pierwszym <\/strong>oraz<strong> drugim stopniu<\/strong> zar\u00f3wno w trybie <strong>stacjonarnym<\/strong>, jak i <strong>niestacjonarnym<\/strong>. Kierunek ten szczeg\u00f3lne powi\u0105zany jest z takimi naukami jak: socjologia, psychologia, pedagogika, a tak\u017ce nauki prawne.<\/p>\n<p>Praca socjalna to kierunek dla Ciebie, je\u015bli wi\u0105\u017cesz swoj\u0105 przysz\u0142o\u015b\u0107 z niesieniem pomocy ludziom, kt\u00f3rzy tego potrzebuj\u0105. Na studiach drugiego stopnia jest mo\u017cliwo\u015b\u0107 wybrania <strong>specjalno\u015bci<\/strong>, kt\u00f3ra najbardziej odpowiada Twoim zainteresowaniom.<\/p>\n<p>Podstawowym celem kszta\u0142cenia na kierunku praca socjalna jest przygotowanie do profesjonalnego wykonywania zawodu pracownika socjalnego zar\u00f3wno<br \/>\nw wymiarze instytucjonalnej pomocy spo\u0142ecznej, jak i w obszarze szeroko poj\u0119tych s\u0142u\u017cb spo\u0142ecznych. Dlatego w procesie kszta\u0142cenia rozwiniesz <strong>praktyczne umiej\u0119tno\u015bci<\/strong>, budowane szczeg\u00f3lnie w trakcie <strong>warsztat\u00f3w<\/strong> oraz <strong>zaj\u0119\u0107 praktycznych<\/strong> (praktyki, projekty), kt\u00f3re umo\u017cliwi\u0105 Ci bezpo\u015bredni kontakt z profesj\u0105 i jej zadaniami. Tre\u015bci kszta\u0142cenia przygotuj\u0105 Ci\u0119 do pe\u0142nienia roli pracownika socjalnego, jako \u015bwiadomego, wra\u017cliwego uczestnika \u017cycia spo\u0142ecznego, obserwatora i badacza, cz\u0142owieka o tw\u00f3rczej postawie, ciekawego nowych mo\u017cliwo\u015bci i gotowego do ci\u0105g\u0142ego rozwoju.<\/p>\n<p>Jako\u00a0<strong>absolwent<\/strong>, zdob\u0119dziesz przygotowanie do bezpo\u015bredniej pracy z osobami, rodzinami, grupami i spo\u0142eczno\u015bciami lokalnymi. Mo\u017cesz podj\u0105\u0107 prac\u0119 w szeroko rozumianej pomocy spo\u0142ecznej, w organizacjach pozarz\u0105dowych, a tak\u017ce w administracji rz\u0105dowej i samorz\u0105dowej odpowiedzialnej za realizacj\u0119 zada\u0144 polityki spo\u0142ecznej.<\/p>\n<p>Kierunek praca socjalna prowadzony w Uniwersytecie \u015al\u0105skim w Katowicach w roku 2023 uzyska\u0142 pozytywn\u0105 ocen\u0119 programow\u0105 Polskiej Komisji Akredytacyjnej. \r\n                                <div class=\"mt-3\"><\/div>\r\n                            <\/div>\r\n                            \r\n                            <div class=\"text-modules__img\"><img src=\"https:\/\/us.edu.pl\/wydzial\/wns\/wp-content\/uploads\/sites\/17\/Bez-kategorii\/WNS_Praca-socjalna-I_II-obraz-1024x1024.png\" alt=\"img\"><\/div>\r\n                        <\/div>\r\n                    <\/div>\r\n                <\/div>[\/vc_column][vc_column][\/vc_column][\/vc_row][vc_row css=&#8221;.vc_custom_1652684520526{padding-right: 20px !important;padding-left: 20px !important;background-color: #f2f2f2 !important;}&#8221;][vc_column css=&#8221;.vc_custom_1652684540318{padding-right: 0px !important;padding-left: 0px !important;}&#8221;]\r\n                <div class=\"text-modules\">\r\n                    <div class=\"container\">\r\n                        \r\n                        <div class=\"text-modules__content\"><\/p>\n<h3><strong>Zapisz si\u0119 na studia<\/strong><\/h3>\n<p><em><span style=\"font-size: 10pt; color: #339966;\"><strong>(rekrutacja rozpoczyna si\u0119 2 czerwca)<\/strong><\/span><\/em><\/p>\n<\/div>\r\n                    <\/div>\r\n                <\/div>[vc_btn title=&#8221;studia I stopnia stacjonarne&#8221; style=&#8221;outline-custom&#8221; outline_custom_color=&#8221;#002e5a&#8221; outline_custom_hover_background=&#8221;#002e5a&#8221; outline_custom_hover_text=&#8221;#ffffff&#8221; shape=&#8221;square&#8221; size=&#8221;lg&#8221; el_class=&#8221;link&#8221; link=&#8221;url:https%3A%2F%2Firk.us.edu.pl%2Fpl%2Foffer%2FSW-2025-Z%2Fprogramme%2FW3-S1SP19%2F%3Ffrom%3Dfield%3ASP|target:_blank&#8221;][vc_btn title=&#8221;studia I stopnia niestacjonarne&#8221; style=&#8221;outline-custom&#8221; outline_custom_color=&#8221;#002e5a&#8221; outline_custom_hover_background=&#8221;#002e5a&#8221; outline_custom_hover_text=&#8221;#ffffff&#8221; shape=&#8221;square&#8221; size=&#8221;lg&#8221; el_class=&#8221;link&#8221; link=&#8221;url:https%3A%2F%2Firk.us.edu.pl%2Fpl%2Foffer%2FSW-2025-Z%2Fprogramme%2FW3-N1SP19%2F%3Ffrom%3Dfield%3ASP|target:_blank&#8221;][vc_btn title=&#8221;studia II stopnia stacjonarne&#8221; style=&#8221;outline-custom&#8221; outline_custom_color=&#8221;#002e5a&#8221; outline_custom_hover_background=&#8221;#002e5a&#8221; outline_custom_hover_text=&#8221;#ffffff&#8221; shape=&#8221;square&#8221; size=&#8221;lg&#8221; el_class=&#8221;link&#8221; link=&#8221;url:https%3A%2F%2Firk.us.edu.pl%2Fpl%2Foffer%2FSW-2025-Z%2Fprogramme%2FW3-S2SP19%2F%3Ffrom%3Dfield%3ASP|target:_blank&#8221;][vc_btn title=&#8221;studia II stopnia niestacjonarne&#8221; style=&#8221;outline-custom&#8221; outline_custom_color=&#8221;#002e5a&#8221; outline_custom_hover_background=&#8221;#002e5a&#8221; outline_custom_hover_text=&#8221;#ffffff&#8221; shape=&#8221;square&#8221; size=&#8221;lg&#8221; el_class=&#8221;link&#8221; link=&#8221;url:https%3A%2F%2Firk.us.edu.pl%2Fpl%2Foffer%2FSW-2025-Z%2Fprogramme%2FW3-N2SP19%2F%3Ffrom%3Dfield%3ASP|target:_blank&#8221;][\/vc_column][\/vc_row][vc_row disable_element=&#8221;yes&#8221; css=&#8221;.vc_custom_1652684454894{background-color: #f2f2f2 !important;}&#8221;][vc_column]\r\n                <div class='sidebar_moduls sidebar_one_header' style='color:#002E5A;background-color: #EBEBEB'>\r\n                    <a href='https:\/\/us.edu.pl' class='link'>przejdE: do internetowej rejestracji dla kandydatC3w<\/a>\r\n                <\/div>\r\n                <div class='sidebar_moduls sidebar_button' style=\"background-color: #EBEBEB; color: #002E5A\">\r\n                    <h3>Zapisz siD na studia<\/h3>\r\n                    <div class='link-button-wrap'><a style=\"background-color: #002E5A!important; color: #FFFFFF!important\" href='https:\/\/irk.us.edu.pl' class='link-button'>przejdE: do internetowej rejestracji dla kandydatC3w<\/a><\/div>\r\n                <\/div>[\/vc_column][\/vc_row]<\/p>","protected":false},"excerpt":{"rendered":"<p>[vc_row][vc_column][\/vc_column][vc_column][\/vc_column][\/vc_row][vc_row css=&#8221;.vc_custom_1652684520526{padding-right: 20px !important;padding-left: 20px !important;background-color: #f2f2f2 !important;}&#8221;][vc_column css=&#8221;.vc_custom_1652684540318{padding-right: 0px !important;padding-left: 0px !important;}&#8221;][vc_btn title=&#8221;studia I stopnia stacjonarne&#8221; style=&#8221;outline-custom&#8221; outline_custom_color=&#8221;#002e5a&#8221; outline_custom_hover_background=&#8221;#002e5a&#8221; outline_custom_hover_text=&#8221;#ffffff&#8221; shape=&#8221;square&#8221; size=&#8221;lg&#8221; el_class=&#8221;link&#8221; link=&#8221;url:https%3A%2F%2Firk.us.edu.pl%2Fpl%2Foffer%2FSW-2025-Z%2Fprogramme%2FW3-S1SP19%2F%3Ffrom%3Dfield%3ASP|target:_blank&#8221;][vc_btn title=&#8221;studia I stopnia niestacjonarne&#8221; style=&#8221;outline-custom&#8221; outline_custom_color=&#8221;#002e5a&#8221; outline_custom_hover_background=&#8221;#002e5a&#8221; outline_custom_hover_text=&#8221;#ffffff&#8221; shape=&#8221;square&#8221; size=&#8221;lg&#8221; el_class=&#8221;link&#8221; link=&#8221;url:https%3A%2F%2Firk.us.edu.pl%2Fpl%2Foffer%2FSW-2025-Z%2Fprogramme%2FW3-N1SP19%2F%3Ffrom%3Dfield%3ASP|target:_blank&#8221;][vc_btn title=&#8221;studia II stopnia stacjonarne&#8221; style=&#8221;outline-custom&#8221; outline_custom_color=&#8221;#002e5a&#8221; outline_custom_hover_background=&#8221;#002e5a&#8221; outline_custom_hover_text=&#8221;#ffffff&#8221; shape=&#8221;square&#8221; size=&#8221;lg&#8221; el_class=&#8221;link&#8221; link=&#8221;url:https%3A%2F%2Firk.us.edu.pl%2Fpl%2Foffer%2FSW-2025-Z%2Fprogramme%2FW3-S2SP19%2F%3Ffrom%3Dfield%3ASP|target:_blank&#8221;][vc_btn title=&#8221;studia II stopnia niestacjonarne&#8221; style=&#8221;outline-custom&#8221; outline_custom_color=&#8221;#002e5a&#8221; [&#8230;]<\/p>\n<p><a class=\"btn btn-secondary understrap-read-more-link\" href=\"https:\/\/us.edu.pl\/wydzial\/wns\/praca-socjalna-2\/\">Read More&#8230;<\/a><\/p>\n","protected":false},"author":2547,"featured_media":157245,"parent":0,"menu_order":0,"comment_status":"closed","ping_status":"closed","template":"page-templates\/page-with-sidebar-and-bookmarks.php","meta":{"_expiration-date-status":"","_expiration-date":0,"_expiration-date-type":"","_expiration-date-categories":[],"_expiration-date-options":[]},"acf":[],"_links":{"self":[{"href":"https:\/\/us.edu.pl\/wydzial\/wns\/wp-json\/wp\/v2\/pages\/157199"}],"collection":[{"href":"https:\/\/us.edu.pl\/wydzial\/wns\/wp-json\/wp\/v2\/pages"}],"about":[{"href":"https:\/\/us.edu.pl\/wydzial\/wns\/wp-json\/wp\/v2\/types\/page"}],"author":[{"embeddable":true,"href":"https:\/\/us.edu.pl\/wydzial\/wns\/wp-json\/wp\/v2\/users\/2547"}],"replies":[{"embeddable":true,"href":"https:\/\/us.edu.pl\/wydzial\/wns\/wp-json\/wp\/v2\/comments?post=157199"}],"version-history":[{"count":11,"href":"https:\/\/us.edu.pl\/wydzial\/wns\/wp-json\/wp\/v2\/pages\/157199\/revisions"}],"predecessor-version":[{"id":180907,"href":"https:\/\/us.edu.pl\/wydzial\/wns\/wp-json\/wp\/v2\/pages\/157199\/revisions\/180907"}],"wp:featuredmedia":[{"embeddable":true,"href":"https:\/\/us.edu.pl\/wydzial\/wns\/wp-json\/wp\/v2\/media\/157245"}],"wp:attachment":[{"href":"https:\/\/us.edu.pl\/wydzial\/wns\/wp-json\/wp\/v2\/media?parent=157199"}],"curies":[{"name":"wp","href":"https:\/\/api.w.org\/{rel}","templated":true}]}}